000
CXUS53 KDMX 050303
CF6MIW
PRELIMINARY LOCAL CLIMATOLOGICAL DATA (WS FORM: F-6)
STATION: MARSHALLTOWN IA
MONTH: FEBRUARY
YEAR: 2022
LATITUDE: 42 6 N
LONGITUDE: 92 55 W
TEMPERATURE IN F: :PCPN: SNOW: WIND :SUNSHINE: SKY :PK WND
================================================================================
1 2 3 4 5 6A 6B 7 8 9 10 11 12 13 14 15 16 17 18
12Z AVG MX 2MIN
DY MAX MIN AVG DEP HDD CDD WTR SNW DPTH SPD SPD DIR MIN PSBL S-S WX SPD DR
================================================================================
1 40 10 25 5 40 0 0.00 0.0 M 15.7 26 320 M M 2 32 310
2 10 2 6 -14 59 0 0.00 0.0 M 18.2 28 350 M M 5 33 350
3 8 -8 0 -20 65 0 0.00 0.0 M 12.2 21 350 M M 0 26 360
4 16 -11 3 -17 62 0 M M M 12.4 33 320 M M 2 40 300
5 35 -7 14 -6 51 0 0.00 0.0 M 12.8 29 170 M M 2 40 170
6 34 6 20 0 45 0 0.00 0.0 M 13.8 29 320 M M 3 36 330
7 24 -2 11 -10 54 0 0.00 0.0 M 7.4 13 130 M M 5 16 160
8 41 14 28 7 37 0 0.00 0.0 M 8.1 18 290 M M 2 24 290
9 39 27 33 12 32 0 M M M 16.7 31 310 M M 8 38 310
10 38 19 29 7 36 0 0.10 0.0 M 16.0 26 200 M M 9 36 200
11 40 4 22 0 43 0 M M M 23.3 38 310 M M 6 48 310
12 14 -2 6 -16 59 0 M M M 9.9 24 320 M M 4 8 30 320
13 13 5 9 -13 56 0 M M M 8.9 20 350 M M 6 18 26 360
14 29 10 20 -3 45 0 0.00 0.0 M 7.5 20 350 M M 7 24 340
15 44 13 29 6 36 0 0.00 0.0 M 15.0 28 140 M M 0 39 130
16 45 23 34 11 31 0 0.00 0.0 M 15.6 29 350 M M 6 8 36 350
17 22 5 14 -10 51 0 0.00 0.0 M 17.1 29 350 M M 4 36 350
18 48 4 26 2 39 0 M M M 20.0 36 330 M M 2 1 46 330
19 27 5 16 -8 49 0 0.00 0.0 M 13.7 30 330 M M 0 38 340
20 58 22 40 15 25 0 0.00 0.0 M 14.0 29 240 M M 0 40 230
21 47 28 38 13 27 0 0.00 0.0 M 15.8 28 90 M M 4 1 34 100
22 28 2 15 -11 50 0 M M M 22.0 32 320 M M 10 168 40 330
23 16 0 8 -18 57 0 0.00 0.0 M 13.3 23 320 M M 5 29 300
24 21 7 14 -12 51 0 M M M 11.0 16 10 M M 9 12 21 50
25 16 -4 6 -21 59 0 0.00 0.0 M 7.6 15 330 M M 2 18 19 330
26 36 0 18 -9 47 0 0.00 0.0 M 10.8 21 230 M M 0 18 25 230
27 42 13 28 0 37 0 0.00 0.0 M 7.5 15 240 M M 0 18 230
28 59 25 42 14 23 0 0.00 0.0 M 8.6 17 260 M M 1 8 20 250
================================================================================
SM 890 210 1266 0 0.10 0.0 374.9 M 104
================================================================================
AV 31.8 7.5 13.4 FASTST M M 4 MAX(MPH)
MISC ----> 38 310 48 310
================================================================================
NOTES:
# LAST OF SEVERAL OCCURRENCES
COLUMN 17 PEAK WIND IN M.P.H.
PRELIMINARY LOCAL CLIMATOLOGICAL DATA (WS FORM: F-6) , PAGE 2
STATION: MARSHALLTOWN IA
MONTH: FEBRUARY
YEAR: 2022
LATITUDE: 42 6 N
LONGITUDE: 92 55 W
[TEMPERATURE DATA] [PRECIPITATION DATA] SYMBOLS USED IN COLUMN 16
AVERAGE MONTHLY: 19.6 TOTAL FOR MONTH: 0.10 1 = FOG OR MIST
DPTR FM NORMAL: -3.6 DPTR FM NORMAL: -0.41 2 = FOG REDUCING VISIBILITY
HIGHEST: 59 ON 28 GRTST 24HR 0.10 ON 10-10 TO 1/4 MILE OR LESS
LOWEST: -11 ON 4 3 = THUNDER
SNOW, ICE PELLETS, HAIL 4 = ICE PELLETS
TOTAL MONTH: 0.0 INCH 5 = HAIL
GRTST 24HR 0.0 6 = FREEZING RAIN OR DRIZZLE
GRTST DEPTH: M ON M 7 = DUSTSTORM OR SANDSTORM:
VSBY 1/2 MILE OR LESS
8 = SMOKE OR HAZE
[NO. OF DAYS WITH] [WEATHER - DAYS WITH] 9 = BLOWING SNOW
X = TORNADO
MAX 32 OR BELOW: 13 0.01 INCH OR MORE: 1
MAX 90 OR ABOVE: 0 0.10 INCH OR MORE: 1
MIN 32 OR BELOW: 28 0.50 INCH OR MORE: 0
MIN 0 OR BELOW: 8 1.00 INCH OR MORE: 0
[HDD (BASE 65) ]
TOTAL THIS MO. 1266 CLEAR (SCALE 0-3) 13
DPTR FM NORMAL 96 PTCLDY (SCALE 4-7) 11
TOTAL FM JUL 1 5069 CLOUDY (SCALE 8-10) 4
DPTR FM NORMAL -281
[CDD (BASE 65) ]
TOTAL THIS MO. 0
DPTR FM NORMAL 0 [PRESSURE DATA]
TOTAL FM JAN 1 0 HIGHEST SLP 30.70 ON 23
DPTR FM NORMAL 0 LOWEST SLP 29.48 ON 11
[REMARKS]
#FINAL-02-22#