000
CXUS53 KEAX 010836
CF6MKC
PRELIMINARY LOCAL CLIMATOLOGICAL DATA (WS FORM: F-6)
STATION: DOWNTOWN KANSAS CITY MO
MONTH: FEBRUARY
YEAR: 2024
LATITUDE: 39 7 N
LONGITUDE: 94 36 W
TEMPERATURE IN F: :PCPN: SNOW: WIND :SUNSHINE: SKY :PK WND
================================================================================
1 2 3 4 5 6A 6B 7 8 9 10 11 12 13 14 15 16 17 18
12Z AVG MX 2MIN
DY MAX MIN AVG DEP HDD CDD WTR SNW DPTH SPD SPD DIR MIN PSBL S-S WX SPD DR
================================================================================
1 65 45 55 23 10 0 0.00 M M 5.0 14 200 M M 2 19 210
2 70 43 57 25 8 0 0.00 M M 7.4 17 100 M M 1 1 25 120
3 57 42 50 18 15 0 T M M 8.9 14 70 M M 9 18 21 70
4 49 39 44 11 21 0 0.08 M M 8.1 15 60 M M 7 1 21 80
5 58 32 45 12 20 0 0.00 M M 2.6 9 300 M M 0 13 300
6 62 29 46 13 19 0 0.00 M M 2.6 10 140 M M 0 18 14 130
7 64 48 56 23 9 0 0.00 M M 9.3 18 180 M M 0 27 190
8 68 43 56 22 9 0 0.00 M M 14.6 33 200 M M 1 48 200
9 61 37 49 15 16 0 0.00 M M 4.2 14 340 M M 0 18 350
10 47 31 39 5 26 0 0.00 M M 7.6 15 20 M M 0 22 360
11 45 31 38 4 27 0 0.00 M M 5.6 12 340 M M 1 17 10
12 54 25 40 5 25 0 0.00 M M 3.3 17 310 M M 0 25 300
13 65 30 48 13 17 0 0.00 M M 6.3 22 240 M M 2 30 230
14 67 33 50 15 15 0 T M M 7.6 21 170 M M 1 30 170
15 58 36 47 11 18 0 0.00 M M 9.8 22 340 M M 4 31 320
16 40 20 30 -6 35 0 0.04 M M 12.9 22 320 M M 9 1 31 320
17 34 10 22 -14 43 0 0.00 M M 9.8 21 330 M M 0 29 340
18 54 26 40 3 25 0 0.00 M M 6.6 15 240 M M 0 21 260
19 57 28 43 6 22 0 0.00 M M 4.5 22 200 M M 0 30 200
20 69 29 49 12 16 0 0.00 M M 5.3 16 220 M M 0 24 230
21 71 38 55 17 10 0 0.00 M M 3.8 13 140 M M 0 18 150
22 68 43 56 18 9 0 0.00 M M 8.7 22 350 M M 1 28 360
23 66 35 51 13 14 0 0.00 M M 9.3 25 300 M M 1 39 300
24 62 31 47 8 18 0 0.00 M M 8.3 16 200 M M 0 22 190
25 74 38 56 17 9 0 0.00 M M 4.3 16 210 M M 0 21 230
26 80 39 60 20 5 0 0.00 M M 6.9 25 220 M M 0 34 220
27 76 22 49 9 16 0 0.01 M M 11.8 30 330 M M 1 44 290
28 38 15 27 -13 38 0 0.00 M M 8.6 23 310 M M 0 34 280
29 59 29 44 4 21 0 0.00 M M 10.8 22 210 M M 0 30 200
================================================================================
SM 1738 947 536 0 0.13 M 214.5 M 40
================================================================================
AV 59.9 32.7 7.4 FASTST M M 1 MAX(MPH)
MISC ----> 33 200 48 200
================================================================================
NOTES:
# LAST OF SEVERAL OCCURRENCES
COLUMN 17 PEAK WIND IN M.P.H.
PRELIMINARY LOCAL CLIMATOLOGICAL DATA (WS FORM: F-6) , PAGE 2
STATION: DOWNTOWN KANSAS CITY MO
MONTH: FEBRUARY
YEAR: 2024
LATITUDE: 39 7 N
LONGITUDE: 94 36 W
[TEMPERATURE DATA] [PRECIPITATION DATA] SYMBOLS USED IN COLUMN 16
AVERAGE MONTHLY: 46.3 TOTAL FOR MONTH: 0.13 1 = FOG OR MIST
DPTR FM NORMAL: 10.5 DPTR FM NORMAL: -1.40 2 = FOG REDUCING VISIBILITY
HIGHEST: 80 ON 26 GRTST 24HR 0.08 ON 4- 4 TO 1/4 MILE OR LESS
LOWEST: 10 ON 17 3 = THUNDER
SNOW, ICE PELLETS, HAIL 4 = ICE PELLETS
TOTAL MONTH: M 5 = HAIL
GRTST 24HR M ON M 6 = FREEZING RAIN OR DRIZZLE
GRTST DEPTH: M ON M 7 = DUSTSTORM OR SANDSTORM:
VSBY 1/2 MILE OR LESS
8 = SMOKE OR HAZE
[NO. OF DAYS WITH] [WEATHER - DAYS WITH] 9 = BLOWING SNOW
X = TORNADO
MAX 32 OR BELOW: 0 0.01 INCH OR MORE: 3
MAX 90 OR ABOVE: 0 0.10 INCH OR MORE: 0
MIN 32 OR BELOW: 15 0.50 INCH OR MORE: 0
MIN 0 OR BELOW: 0 1.00 INCH OR MORE: 0
[HDD (BASE 65) ]
TOTAL THIS MO. 536 CLEAR (SCALE 0-3) 25
DPTR FM NORMAL -283 PTCLDY (SCALE 4-7) 2
TOTAL FM JUL 1 3150 CLOUDY (SCALE 8-10) 2
DPTR FM NORMAL -563
[CDD (BASE 65) ]
TOTAL THIS MO. 0
DPTR FM NORMAL 0 [PRESSURE DATA]
TOTAL FM JAN 1 0 HIGHEST SLP 30.51 ON 17
DPTR FM NORMAL 0 LOWEST SLP 29.27 ON 27
[REMARKS]
#FINAL-02-24#