000
CDUS43 KMKX 240712
CLIMKE


CLIMATE REPORT
NATIONAL WEATHER SERVICE IN MILWAUKEE
110 AM CST MON NOV 24 2014


...................................

...THE MILWAUKEE WI CLIMATE SUMMARY FOR NOVEMBER 23 2014...

CLIMATE NORMAL PERIOD 1981 TO 2010
CLIMATE RECORD PERIOD 1871 TO 2014


WEATHER ITEM   OBSERVED TIME   RECORD YEAR NORMAL DEPARTURE LAST
                VALUE   (LST)  VALUE       VALUE  FROM      YEAR
                                                  NORMAL
..................................................................
TEMPERATURE (F)
 YESTERDAY
  MAXIMUM         50    118 PM  65    1931  42      8       28
  MINIMUM         46   1159 PM  -4    1950  29     17       14
  AVERAGE         48                        35     13       21

PRECIPITATION (IN)
  YESTERDAY        0.74          0.99 1983   0.09   0.65     0.00
  MONTH TO DATE    1.44                      2.10  -0.66     2.95
  SINCE SEP 1      5.39                      7.93  -2.54     8.08
  SINCE JAN 1     30.68                     32.11  -1.43    38.21

SNOWFALL (IN)
  YESTERDAY        0.0           2.2  2005   0.2   -0.2      0.0
  MONTH TO DATE    2.1                       1.3    0.8      1.2
  SINCE SEP 1      2.2                       1.6    0.6      1.2
  SINCE JUL 1      2.2                       1.6    0.6      1.2
  SNOW DEPTH       0

DEGREE DAYS
 HEATING
  YESTERDAY       17                        30    -13       44
  MONTH TO DATE  713                       560    153      558
  SINCE SEP 1   1289                      1119    170     1076
  SINCE JUL 1   1315                      1145    170     1098

 COOLING
  YESTERDAY        0                         0      0        0
  MONTH TO DATE    0                         0      0        0
  SINCE SEP 1     63                        76    -13      111
  SINCE JAN 1    464                       641   -177      688
..................................................................


WIND (MPH)
  HIGHEST WIND SPEED    17   HIGHEST WIND DIRECTION     S (200)
  HIGHEST GUST SPEED    23   HIGHEST GUST DIRECTION     S (190)
  AVERAGE WIND SPEED     9.4


SKY COVER
  POSSIBLE SUNSHINE  MM
  AVERAGE SKY COVER 1.0


WEATHER CONDITIONS
 THE FOLLOWING WEATHER WAS RECORDED YESTERDAY.
  RAIN
  LIGHT RAIN
  FOG
  FOG W/VISIBILITY <= 1/4 MILE


RELATIVE HUMIDITY (PERCENT)
 HIGHEST    93           600 AM
 LOWEST     74           900 AM
 AVERAGE    84

..........................................................


THE MILWAUKEE WI CLIMATE NORMALS FOR TODAY
                         NORMAL    RECORD    YEAR
 MAXIMUM TEMPERATURE (F)   42        65      1931
 MINIMUM TEMPERATURE (F)   28        -5      1950


SUNRISE AND SUNSET
NOVEMBER 24 2014......SUNRISE   655 AM CST   SUNSET   421 PM CST
NOVEMBER 25 2014......SUNRISE   656 AM CST   SUNSET   421 PM CST


-  INDICATES NEGATIVE NUMBERS.
R  INDICATES RECORD WAS SET OR TIED.
MM INDICATES DATA IS MISSING.
T  INDICATES TRACE AMOUNT.




$$
