000
CDUS43 KMKX 270042
CLIMKE


CLIMATE REPORT
NATIONAL WEATHER SERVICE IN MILWAUKEE
741 PM CDT SUN JUN 26 2016


...................................

...THE MILWAUKEE WI CLIMATE SUMMARY FOR JUNE 26 2016...
VALID TODAY AS OF 0700 PM LOCAL TIME.

CLIMATE NORMAL PERIOD 1981 TO 2010
CLIMATE RECORD PERIOD 1871 TO 2016


WEATHER ITEM   OBSERVED TIME   RECORD YEAR NORMAL DEPARTURE LAST
                VALUE   (LST)  VALUE       VALUE  FROM      YEAR
                                                  NORMAL
..................................................................
TEMPERATURE (F)
 TODAY
  MAXIMUM         89    412 PM  97    1931  79     10       65
  MINIMUM         70    709 AM  46    1884  61      9       55
  AVERAGE         80                        70     10       60

PRECIPITATION (IN)
  TODAY            0.80          2.03 1968   0.13   0.67     0.00
  MONTH TO DATE    2.63                      3.37  -0.74     2.49
  SINCE JUN 1      2.63                      3.37  -0.74     2.49
  SINCE JAN 1     11.45                     16.01  -4.56    12.69

SNOWFALL (IN)
  TODAY            0.0           0.0    MM   0.0    0.0      0.0
  MONTH TO DATE    0.0                       0.0    0.0      0.0
  SINCE JUN 1      0.0                       0.0    0.0      0.0
  SINCE JUL 1     39.1                      46.9   -7.8     43.0
  SNOW DEPTH       0

DEGREE DAYS
 HEATING
  TODAY            0                         1     -1        5
  MONTH TO DATE   25                        80    -55       99
  SINCE JUN 1     25                        80    -55       99
  SINCE JUL 1   5905                      6890   -985     7194

 COOLING
  TODAY           15                         6      9        0
  MONTH TO DATE  137                        95     42       71
  SINCE JUN 1    137                        95     42       71
  SINCE JAN 1    182                       125     57       97
..................................................................


WIND (MPH)
  HIGHEST WIND SPEED    28   HIGHEST WIND DIRECTION     W (290)
  HIGHEST GUST SPEED    39   HIGHEST GUST DIRECTION     W (290)
  AVERAGE WIND SPEED    10.9


SKY COVER
  POSSIBLE SUNSHINE  MM
  AVERAGE SKY COVER 0.7


WEATHER CONDITIONS
 THE FOLLOWING WEATHER WAS RECORDED TODAY.
  THUNDERSTORM
  RAIN
  LIGHT RAIN
  FOG


RELATIVE HUMIDITY (PERCENT)
 HIGHEST    93           800 AM
 LOWEST     26           200 PM
 AVERAGE    60

..........................................................


THE MILWAUKEE WI CLIMATE NORMALS FOR TOMORROW
                         NORMAL    RECORD    YEAR
 MAXIMUM TEMPERATURE (F)   79       101      1933
 MINIMUM TEMPERATURE (F)   61        47      1981


SUNRISE AND SUNSET
JUNE 26 2016..........SUNRISE   514 AM CDT   SUNSET   835 PM CDT
JUNE 27 2016..........SUNRISE   515 AM CDT   SUNSET   835 PM CDT


-  INDICATES NEGATIVE NUMBERS.
R  INDICATES RECORD WAS SET OR TIED.
MM INDICATES DATA IS MISSING.
T  INDICATES TRACE AMOUNT.




$$
