000
CDUS43 KMKX 290647
CLIMKE


CLIMATE REPORT
NATIONAL WEATHER SERVICE IN MILWAUKEE
147 AM CDT SUN MAR 29 2015


...................................

...THE MILWAUKEE WI CLIMATE SUMMARY FOR MARCH 28 2015...

CLIMATE NORMAL PERIOD 1981 TO 2010
CLIMATE RECORD PERIOD 1871 TO 2015


WEATHER ITEM   OBSERVED TIME   RECORD YEAR NORMAL DEPARTURE LAST
                VALUE   (LST)  VALUE       VALUE  FROM      YEAR
                                                  NORMAL
..................................................................
TEMPERATURE (F)
 YESTERDAY
  MAXIMUM         34    332 PM  76    1905  47    -13       50
  MINIMUM         18    556 AM   4    1923  31    -13       32
  AVERAGE         26                        39    -13       41

PRECIPITATION (IN)
  YESTERDAY        0.00          1.39 1896   0.09  -0.09     0.15
  MONTH TO DATE    0.80                      1.99  -1.19     1.12
  SINCE MAR 1      0.80                      1.99  -1.19     1.12
  SINCE JAN 1      2.52                      5.40  -2.88     3.86

SNOWFALL (IN)
  YESTERDAY        0.0           9.3  1931   0.2   -0.2      0.1
  MONTH TO DATE    4.9                       6.6   -1.7      6.3
  SINCE MAR 1      4.9                       6.6   -1.7      6.3
  SINCE JUL 1     43.0                      44.4   -1.4     63.1
  SNOW DEPTH       0

DEGREE DAYS
 HEATING
  YESTERDAY       39                        26     13       24
  MONTH TO DATE  864                       854     10     1031
  SINCE MAR 1    864                       854     10     1031
  SINCE JUL 1   6196                      5834    362     6687

 COOLING
  YESTERDAY        0                         0      0        0
  MONTH TO DATE    0                         0      0        0
  SINCE MAR 1      0                         0      0        0
  SINCE JAN 1      0                         0      0        0
..................................................................


WIND (MPH)
  HIGHEST WIND SPEED    18   HIGHEST WIND DIRECTION    SE (140)
  HIGHEST GUST SPEED    21   HIGHEST GUST DIRECTION    SE (140)
  AVERAGE WIND SPEED     7.4


SKY COVER
  POSSIBLE SUNSHINE  MM
  AVERAGE SKY COVER 0.2


WEATHER CONDITIONS
 THE FOLLOWING WEATHER WAS RECORDED YESTERDAY.
  NO SIGNIFICANT WEATHER WAS OBSERVED.


RELATIVE HUMIDITY (PERCENT)
 HIGHEST    73           700 AM
 LOWEST     38           300 PM
 AVERAGE    56

..........................................................


THE MILWAUKEE WI CLIMATE NORMALS FOR TODAY
                         NORMAL    RECORD    YEAR
 MAXIMUM TEMPERATURE (F)   47        82      1986
 MINIMUM TEMPERATURE (F)   32         4      1887


SUNRISE AND SUNSET
MARCH 29 2015.........SUNRISE   639 AM CDT   SUNSET   714 PM CDT
MARCH 30 2015.........SUNRISE   638 AM CDT   SUNSET   715 PM CDT


-  INDICATES NEGATIVE NUMBERS.
R  INDICATES RECORD WAS SET OR TIED.
MM INDICATES DATA IS MISSING.
T  INDICATES TRACE AMOUNT.




$$
