000
CDUS43 KMKX 272142
CLIMKE


CLIMATE REPORT
NATIONAL WEATHER SERVICE IN MILWAUKEE
442 PM CDT WED AUG 27 2014


...................................

...THE MILWAUKEE WI CLIMATE SUMMARY FOR AUGUST 27 2014...
VALID TODAY AS OF 0400 PM LOCAL TIME.

CLIMATE NORMAL PERIOD 1981 TO 2010
CLIMATE RECORD PERIOD 1871 TO 2014


WEATHER ITEM   OBSERVED TIME   RECORD YEAR NORMAL DEPARTURE LAST
                VALUE   (LST)  VALUE       VALUE  FROM      YEAR
                                                  NORMAL
..................................................................
TEMPERATURE (F)
 TODAY
  MAXIMUM         73   1150 AM  99    1973  77     -4       95
  MINIMUM         62    504 AM  48    1876  62      0       73
  AVERAGE         68                        70     -2       84

PRECIPITATION (IN)
  TODAY            0.00          1.63 1877   0.12  -0.12     0.00
  MONTH TO DATE    5.01                      3.49   1.52     3.27
  SINCE JUN 1     13.66                     11.06   2.60    10.62
  SINCE JAN 1     24.61                     23.70   0.91    30.13

SNOWFALL (IN)
  TODAY            0.0           0.0    MM   0.0    0.0      0.0
  MONTH TO DATE    0.0                       0.0    0.0      0.0
  SINCE JUN 1      0.0                       0.0    0.0      0.0
  SINCE JUL 1      0.0                       0.0    0.0      0.0
  SNOW DEPTH       0

DEGREE DAYS
 HEATING
  TODAY            0                         1     -1        0
  MONTH TO DATE    5                         6     -1        8
  SINCE JUN 1    100                       101     -1      109
  SINCE JUL 1     26                        17      9       22

 COOLING
  TODAY            3                         5     -2       19
  MONTH TO DATE  140                       174    -34      157
  SINCE JUN 1    357                       516   -159      497
  SINCE JAN 1    375                       546   -171      536
..................................................................


WIND (MPH)
  HIGHEST WIND SPEED    15   HIGHEST WIND DIRECTION    NE (50)
  HIGHEST GUST SPEED    20   HIGHEST GUST DIRECTION    NE (50)
  AVERAGE WIND SPEED     6.6


SKY COVER
  POSSIBLE SUNSHINE  MM
  AVERAGE SKY COVER 0.6


WEATHER CONDITIONS
 THE FOLLOWING WEATHER WAS RECORDED TODAY.
  NO SIGNIFICANT WEATHER WAS OBSERVED.


RELATIVE HUMIDITY (PERCENT)
 HIGHEST    84           600 AM
 LOWEST     73          1200 AM
 AVERAGE    79

..........................................................


THE MILWAUKEE WI CLIMATE NORMALS FOR TOMORROW
                         NORMAL    RECORD    YEAR
 MAXIMUM TEMPERATURE (F)   77        97      1926
 MINIMUM TEMPERATURE (F)   62        45      1965


SUNRISE AND SUNSET
AUGUST 27 2014........SUNRISE   611 AM CDT   SUNSET   735 PM CDT
AUGUST 28 2014........SUNRISE   612 AM CDT   SUNSET   733 PM CDT


-  INDICATES NEGATIVE NUMBERS.
R  INDICATES RECORD WAS SET OR TIED.
MM INDICATES DATA IS MISSING.
T  INDICATES TRACE AMOUNT.




$$
