000
CDUS43 KMKX 230703
CLIMKE


CLIMATE REPORT
NATIONAL WEATHER SERVICE IN MILWAUKEE
201 AM CDT TUE MAY 23 2017


...................................

...THE MILWAUKEE WI CLIMATE SUMMARY FOR MAY 22 2017...

CLIMATE NORMAL PERIOD 1981 TO 2010
CLIMATE RECORD PERIOD 1871 TO 2017


WEATHER ITEM   OBSERVED TIME   RECORD YEAR NORMAL DEPARTURE LAST
                VALUE   (LST)  VALUE       VALUE  FROM      YEAR
                                                  NORMAL
..................................................................
TEMPERATURE (F)
 YESTERDAY
  MAXIMUM         67    454 PM  91    1925  67      0       71
  MINIMUM         50    549 AM  33    1963  48      2       54
  AVERAGE         59                        58      1       63

PRECIPITATION (IN)
  YESTERDAY        T             2.15 1991   0.12  -0.12     0.00
  MONTH TO DATE    1.63                      2.35  -0.72     1.83
  SINCE MAR 1     11.58                      8.18   3.40     6.97
  SINCE JAN 1     15.59                     11.59   4.00     8.28

SNOWFALL (IN)
  YESTERDAY        0.0           T    1963   0.0    0.0      0.0
  MONTH TO DATE    0.0                       0.1   -0.1       T
  SINCE MAR 1     13.6                       9.1    4.5     10.0
  SINCE JUL 1     37.6                      46.9   -9.3     39.1
  SNOW DEPTH       0

DEGREE DAYS
 HEATING
  YESTERDAY        6                         9     -3        2
  MONTH TO DATE  273                       250     23      262
  SINCE MAR 1   1578                      1767   -189     1659
  SINCE JUL 1   5577                      6747  -1170     5878

 COOLING
  YESTERDAY        0                         1     -1        0
  MONTH TO DATE   15                        12      3        0
  SINCE MAR 1     18                        17      1        0
  SINCE JAN 1     18                        17      1        0
..................................................................


WIND (MPH)
  HIGHEST WIND SPEED    24   HIGHEST WIND DIRECTION     W (250)
  HIGHEST GUST SPEED    31   HIGHEST GUST DIRECTION    SW (230)
  AVERAGE WIND SPEED    11.0


SKY COVER
  POSSIBLE SUNSHINE  MM
  AVERAGE SKY COVER 0.6


WEATHER CONDITIONS
 THE FOLLOWING WEATHER WAS RECORDED YESTERDAY.
  LIGHT RAIN
  HAZE


RELATIVE HUMIDITY (PERCENT)
 HIGHEST    74          1200 AM
 LOWEST     45          1100 AM
 AVERAGE    60

..........................................................


THE MILWAUKEE WI CLIMATE NORMALS FOR TODAY
                         NORMAL    RECORD    YEAR
 MAXIMUM TEMPERATURE (F)   67        87      1977
                                             1964
                                             1921
 MINIMUM TEMPERATURE (F)   49        30      1963
                                             1961


SUNRISE AND SUNSET
MAY 23 2017...........SUNRISE   521 AM CDT   SUNSET   816 PM CDT
MAY 24 2017...........SUNRISE   520 AM CDT   SUNSET   817 PM CDT


-  INDICATES NEGATIVE NUMBERS.
R  INDICATES RECORD WAS SET OR TIED.
MM INDICATES DATA IS MISSING.
T  INDICATES TRACE AMOUNT.




$$
