000
CXUS53 KMKX 020317
CLMMKE
CLIMATE REPORT
NATIONAL WEATHER SERVICE MILWAUKEE/SULLIVAN WI
1017 PM CDT SAT JUL 01 2023
...................................
...THE MILWAUKEE WI CLIMATE SUMMARY FOR THE MONTH OF JUNE 2023...
CLIMATE NORMAL PERIOD 1991 TO 2020
CLIMATE RECORD PERIOD 1871 TO 2023
WEATHER OBSERVED NORMAL DEPART LAST YEAR`S
VALUE DATE(S) VALUE FROM VALUE DATE(S)
NORMAL
................................................................
TEMPERATURE (F)
RECORD
HIGH 104 06/01/1934
LOW 33 06/04/1945
HIGHEST 91 06/30 91 0 100 06/21
LOWEST 46 06/12 44 2 49 06/09
AVG. MAXIMUM 76.4 76.8 -0.4 79.6
AVG. MINIMUM 58.3 58.4 -0.1 60.1
MEAN 67.3 67.6 -0.3 69.8
DAYS MAX >= 90 1 2.2 -1.2 6
DAYS MAX <= 32 0 0.0 0.0 0
DAYS MIN <= 32 0 0.0 0.0 0
DAYS MIN <= 0 0 0.0 0.0 0
PRECIPITATION (INCHES)
RECORD
MAXIMUM 12.27 2008
MINIMUM 0.61 1921
TOTALS 1.82 4.38 -2.56 3.16
DAILY AVG. 0.06 0.15 -0.09 0.11
DAYS >= .01 6 11.1 -5.1 9
DAYS >= .10 4 7.3 -3.3 4
DAYS >= .50 2 3.0 -1.0 3
DAYS >= 1.00 0 1.1 -1.1 1
GREATEST
24 HR. TOTAL 0.82 06/13 TO 06/13 1.33
DEGREE DAYS
HEATING TOTAL 44 64 -20 34
SINCE 7/1 5795 6452 -657 MM
COOLING TOTAL 122 142 -20 188
SINCE 1/1 158 181 -23 MM
................................................................
WIND (MPH)
AVERAGE WIND SPEED 8.1
HIGHEST WIND SPEED/DIRECTION 38/120 DATE 06/25
HIGHEST GUST SPEED/DIRECTION 46/110 DATE 06/25
SKY COVER
POSSIBLE SUNSHINE (PERCENT) MM
AVERAGE SKY COVER 0.49
NUMBER OF DAYS FAIR 11
NUMBER OF DAYS PC 14
NUMBER OF DAYS CLOUDY 5
AVERAGE RH (PERCENT) 64
WEATHER CONDITIONS. NUMBER OF DAYS WITH
THUNDERSTORM 2 MIXED PRECIP 0
HEAVY RAIN 1 RAIN 3
LIGHT RAIN 6 FREEZING RAIN 0
LT FREEZING RAIN 0 HAIL 0
HEAVY SNOW 0 SNOW 0
LIGHT SNOW 0 SLEET 0
FOG 9 FOG W/VIS <= 1/4 MILE 0
HAZE 13
- INDICATES NEGATIVE NUMBERS.
R INDICATES RECORD WAS SET OR TIED.
MM INDICATES DATA IS MISSING.
T INDICATES TRACE AMOUNT.
$$