000
CXUS54 KFWD 010730
CF6MKN
PRELIMINARY LOCAL CLIMATOLOGICAL DATA (WS FORM: F-6)
STATION: COMANCHE
MONTH: AUGUST
YEAR: 2023
LATITUDE: 31 55 N
LONGITUDE: 98 36 W
TEMPERATURE IN F: :PCPN: SNOW: WIND :SUNSHINE: SKY :PK WND
================================================================================
1 2 3 4 5 6A 6B 7 8 9 10 11 12 13 14 15 16 17 18
12Z AVG MX 2MIN
DY MAX MIN AVG DEP HDD CDD WTR SNW DPTH SPD SPD DIR MIN PSBL S-S WX SPD DR
================================================================================
1 112 80 96 M 0 31 0.00 M M 9.0 16 170 M M 1 8 23 170
2 111 82 97 M 0 32 0.00 M M 9.8 14 140 M M 0 8 23 160
3 110 78 94 M 0 29 0.00 M M 10.4 15 190 M M 0 8 22 190
4 112 80 96 M 0 31 0.00 M M 8.2 14 190 M M 1 8 22 210
5 113 82 98 M 0 33 0.00 M M 9.3 15 210 M M 0 22 200
6 111 80 96 M 0 31 0.00 M M 9.9 16 200 M M 0 23 200
7 113 82 98 M 0 33 0.00 M M 9.5 20 200 M M 0 25 190
8 112 82 97 M 0 32 0.00 M M 10.9 16 150 M M 0 24 220
9 112 81 97 M 0 32 0.00 M M 11.7 16 210 M M 0 3 28 210
10 113 81 97 M 0 32 0.00 M M 7.5 14 140 M M 0 28 280
11 113 84 99 M 0 34 0.00 M M 11.3 17 190 M M 0 29 190
12 112 81 97 M 0 32 0.00 M M 12.3 18 190 M M 0 24 190
13 110 80 95 M 0 30 0.00 M M 10.7 16 180 M M 0 23 200
14 103 79 91 M 0 26 0.00 M M 9.8 15 30 M M 1 23 200
15 101 71 86 M 0 21 0.00 M M 6.0 14 60 M M 2 20 50
16 108 68 88 M 0 23 0.00 M M 4.0 10 120 M M 0 M M
17 116 77 97 M 0 32 0.00 M M 7.7 16 250 M M 0 20 230
18 114 82 98 M 0 33 0.00 M M 8.5 15 250 M M 0 24 250
19 111 78 95 M 0 30 0.00 M M 9.4 15 110 M M 0 20 110
20 113 77 95 M 0 30 0.00 M M 4.7 10 80 M M 1 8 18 80
21 109 78 94 M 0 29 0.00 M M 6.1 15 130 M M 0 8 30 130
22 106 77 92 M 0 27 0.00 M M 4.9 15 110 M M 1 22 90
23 105 74 90 M 0 25 0.00 M M 7.0 16 140 M M 0 24 140
24 109 78 94 M 0 29 0.00 M M 4.5 9 250 M M 1 M M
25 114 78 96 M 0 31 0.00 M M 5.1 10 260 M M 1 16 130
26 111 80 96 M 0 31 0.00 M M 5.5 22 50 M M 1 30 50
27 100 78 89 M 0 24 0.00 M M 6.5 24 350 M M 0 8 30 350
28 98 74 86 M 0 21 0.00 M M 6.3 14 30 M M 1 21 350
29 100 68 84 M 0 19 0.00 M M 5.4 16 40 M M 0 23 50
30 100 73 87 M 0 22 0.00 M M 5.2 13 340 M M 1 8 20 350
31 106 67 87 M 0 22 0.00 M M 4.2 14 40 M M 0 8 18 40
================================================================================
SM 3378 2410 0 887 0.00 M 241.2 M 12
================================================================================
AV109.0 77.7 7.8 FASTST M M 0 MAX(MPH)
MISC ----> 24 350 # 30 50
================================================================================
NOTES:
# LAST OF SEVERAL OCCURRENCES
COLUMN 17 PEAK WIND IN M.P.H.
PRELIMINARY LOCAL CLIMATOLOGICAL DATA (WS FORM: F-6) , PAGE 2
STATION: COMANCHE
MONTH: AUGUST
YEAR: 2023
LATITUDE: 31 55 N
LONGITUDE: 98 36 W
[TEMPERATURE DATA] [PRECIPITATION DATA] SYMBOLS USED IN COLUMN 16
AVERAGE MONTHLY: 93.4 TOTAL FOR MONTH: 0.00 1 = FOG OR MIST
DPTR FM NORMAL: 0.0 DPTR FM NORMAL: -2.59 2 = FOG REDUCING VISIBILITY
HIGHEST: 116 ON 17 GRTST 24HR 0.00 ON 1- 1 TO 1/4 MILE OR LESS
LOWEST: 67 ON 31 3 = THUNDER
SNOW, ICE PELLETS, HAIL 4 = ICE PELLETS
TOTAL MONTH: M 5 = HAIL
GRTST 24HR M ON M 6 = FREEZING RAIN OR DRIZZLE
GRTST DEPTH: M ON M 7 = DUSTSTORM OR SANDSTORM:
VSBY 1/2 MILE OR LESS
8 = SMOKE OR HAZE
[NO. OF DAYS WITH] [WEATHER - DAYS WITH] 9 = BLOWING SNOW
X = TORNADO
MAX 32 OR BELOW: 0 0.01 INCH OR MORE: 0
MAX 90 OR ABOVE: 31 0.10 INCH OR MORE: 0
MIN 32 OR BELOW: 0 0.50 INCH OR MORE: 0
MIN 0 OR BELOW: 0 1.00 INCH OR MORE: 0
[HDD (BASE 65) ]
TOTAL THIS MO. 0 CLEAR (SCALE 0-3) 31
DPTR FM NORMAL M PTCLDY (SCALE 4-7) 0
TOTAL FM JUL 1 0 CLOUDY (SCALE 8-10) 0
DPTR FM NORMAL M
[CDD (BASE 65) ]
TOTAL THIS MO. 887
DPTR FM NORMAL M [PRESSURE DATA]
TOTAL FM JAN 1 2840 HIGHEST SLP M ON M
DPTR FM NORMAL M LOWEST SLP M ON M
[REMARKS]
#FINAL-08-23#