000
CXUS53 KMPX 021636
CF6MKT
PRELIMINARY LOCAL CLIMATOLOGICAL DATA (WS FORM: F-6)
STATION: MANKATO MN
MONTH: AUGUST
YEAR: 2022
LATITUDE: 44 13 N
LONGITUDE: 93 55 W
TEMPERATURE IN F: :PCPN: SNOW: WIND :SUNSHINE: SKY :PK WND
================================================================================
1 2 3 4 5 6A 6B 7 8 9 10 11 12 13 14 15 16 17 18
12Z AVG MX 2MIN
DY MAX MIN AVG DEP HDD CDD WTR SNW DPTH SPD SPD DIR MIN PSBL S-S WX SPD DR
================================================================================
1 80 62 71 -1 0 6 0.00 M M 7.7 14 310 M M 3 M M
2 93 64 79 7 0 14 0.00 M M 14.0 25 280 M M 1 50 280
3 84 62 73 1 0 8 0.07 M M 10.7 20 300 M M 2 3 27 300
4 81 58 70 -2 0 5 0.00 M M 5.8 12 140 M M 0 M M
5 87 63 75 3 0 10 0.00 M M 11.7 17 190 M M 0 28 180
6 75 69 72 1 0 7 0.99 M M 7.1 15 120 M M 7 13 M M
7 74 63 69 -2 0 4 0.76 M M 7.2 16 350 M M 10 13 M M
8 74 59 67 -4 0 2 0.00 M M 7.2 15 350 M M 4 M M
9 79 56 68 -3 0 3 0.00 M M 4.9 9 180 M M 0 1 M M
10 85 60 73 2 0 8 0.00 M M 4.9 10 30 M M 2 M M
11 73 65 69 -2 0 4 0.12 M M 6.6 13 140 M M 9 M M
12 72 64 68 -3 0 3 0.03 M M 15.7 29 130 M M 3 3 38 160
13 71 63 67 -4 0 2 0.00 M M 9.4 17 340 M M 8 1 21 340
14 75 56 66 -4 0 1 0.00 M M 5.6 9 10 M M 4 M M
15 73 57 65 -5 0 0 0.00 M M 6.0 10 150 M M 4 M M
16 79 60 70 0 0 5 0.00 M M 4.5 9 130 M M 3 1 M M
17 79 60 70 0 0 5 T M M 5.1 9 220 M M 3 M M
18 81 60 71 1 0 6 0.02 M M 6.7 27 320 M M 5 47 320
19 74 58 66 -4 0 1 0.00 M M 6.4 15 240 M M 6 21 240
20 75 58 67 -3 0 2 0.00 M M 8.1 16 350 M M 4 12 M M
21 78 56 67 -2 0 2 0.00 M M 3.2 7 300 M M 3 128 M M
22 80 56 68 -1 0 3 0.00 M M 2.4 7 140 M M 2 12 M M
23 80 63 72 3 0 7 0.00 M M 7.7 14 160 M M 6 M M
24 81 65 73 4 0 8 0.00 M M 8.2 14 340 M M 3 M M
25 74 62 68 0 0 3 0.00 M M 6.5 12 350 M M 7 1 M M
26 78 55 67 -1 0 2 0.00 M M 5.6 12 140 M M 3 12 M M
27 83 65 74 6 0 9 0.14 M M 10.6 32 250 M M 4 3 52 230
28 84 67 76 8 0 11 0.09 M M 11.0 16 160 M M 9 1 30 160
29 79 62 71 3 0 6 0.00 M M 13.1 24 290 M M 0 33 300
30 77 55 66 -1 0 1 0.00 M M 8.6 14 300 M M 0 M M
31 86 59 73 6 0 8 0.00 M M 6.0 10 250 M M 0 M M
================================================================================
SM 2444 1882 0 156 2.22 M 238.2 M 115
================================================================================
AV 78.8 60.7 7.7 FASTST M M 4 MAX(MPH)
MISC ----> 32 250 52 230
================================================================================
NOTES:
# LAST OF SEVERAL OCCURRENCES
COLUMN 17 PEAK WIND IN M.P.H.
PRELIMINARY LOCAL CLIMATOLOGICAL DATA (WS FORM: F-6) , PAGE 2
STATION: MANKATO MN
MONTH: AUGUST
YEAR: 2022
LATITUDE: 44 13 N
LONGITUDE: 93 55 W
[TEMPERATURE DATA] [PRECIPITATION DATA] SYMBOLS USED IN COLUMN 16
AVERAGE MONTHLY: 69.8 TOTAL FOR MONTH: 2.22 1 = FOG OR MIST
DPTR FM NORMAL: -0.1 DPTR FM NORMAL: -1.96 2 = FOG REDUCING VISIBILITY
HIGHEST: 93 ON 2 GRTST 24HR 0.99 ON 6- 6 TO 1/4 MILE OR LESS
LOWEST: 55 ON 30,26 3 = THUNDER
SNOW, ICE PELLETS, HAIL 4 = ICE PELLETS
TOTAL MONTH: M 5 = HAIL
GRTST 24HR M ON M 6 = FREEZING RAIN OR DRIZZLE
GRTST DEPTH: M ON M 7 = DUSTSTORM OR SANDSTORM:
VSBY 1/2 MILE OR LESS
8 = SMOKE OR HAZE
[NO. OF DAYS WITH] [WEATHER - DAYS WITH] 9 = BLOWING SNOW
X = TORNADO
MAX 32 OR BELOW: 0 0.01 INCH OR MORE: 8
MAX 90 OR ABOVE: 1 0.10 INCH OR MORE: 4
MIN 32 OR BELOW: 0 0.50 INCH OR MORE: 2
MIN 0 OR BELOW: 0 1.00 INCH OR MORE: 0
[HDD (BASE 65) ]
TOTAL THIS MO. 0 CLEAR (SCALE 0-3) 14
DPTR FM NORMAL -24 PTCLDY (SCALE 4-7) 13
TOTAL FM JUL 1 1 CLOUDY (SCALE 8-10) 4
DPTR FM NORMAL -30
[CDD (BASE 65) ]
TOTAL THIS MO. 156
DPTR FM NORMAL -20 [PRESSURE DATA]
TOTAL FM JAN 1 712 HIGHEST SLP M ON M
DPTR FM NORMAL 120 LOWEST SLP M ON M
[REMARKS]
#FINAL-08-22#