000
CXUS53 KMPX 031934
CF6MKT
PRELIMINARY LOCAL CLIMATOLOGICAL DATA (WS FORM: F-6)
STATION: MANKATO MN
MONTH: DECEMBER
YEAR: 2021
LATITUDE: 44 13 N
LONGITUDE: 93 55 W
TEMPERATURE IN F: :PCPN: SNOW: WIND :SUNSHINE: SKY :PK WND
================================================================================
1 2 3 4 5 6A 6B 7 8 9 10 11 12 13 14 15 16 17 18
12Z AVG MX 2MIN
DY MAX MIN AVG DEP HDD CDD WTR SNW DPTH SPD SPD DIR MIN PSBL S-S WX SPD DR
================================================================================
1 56 36 46 21 19 0 0.24 M M 11.0 22 290 M M 2 31 280
2 52 38 45 20 20 0 0.01 M M 9.6 21 290 M M 5 1 25 290
3 46 28 37 13 28 0 T M M 7.2 13 320 M M 3 M M
4 M M M M M M T M M 7.1 13 110 M M 9 M M
5 M M M M M M T M M 19.6 29 290 M M 9 46 300
6 M M M M M M T M M 18.9 33 300 M M 2 41 310
7 M M M M M M T M M 8.8 15 130 M M 9 18 M M
8 M M M M M M 0.10 M M 7.3 18 150 M M 4 1 M M
9 M M M M M M T M M 14.6 24 310 M M 2 31 310
10 M M M M M M T M M 11.7 29 360 M M 9 38 360
11 M M M M M M 0.52 M M 13.8 28 350 M M 3 8 37 350
12 34 M M M M M 0.00 M M 9.1 15 200 M M 0 M M
13 38 21 30 10 35 0 0.00 M M 5.1 10 110 M M 0 M M
14 39 30 35 15 30 0 0.00 M M 14.0 20 140 M M 0 M M
15 62 34 48 29 17 0 T M M 14.9 37 270 M M 6 1238 62 260
16 33 17 25 6 40 0 0.42 M M 21.4 40 270 M M 6 1 59 260
17 22 15 19 1 46 0 T M M 8.6 14 60 M M 5 M M
18 21 9 15 -3 50 0 0.00 M M 9.5 14 320 M M 8 M M
19 31 7 19 1 46 0 T M M 13.0 23 180 M M 3 35 180
20 27 9 18 0 47 0 0.00 M M 12.2 23 300 M M 0 29 310
21 26 7 17 0 48 0 0.00 M M 14.0 28 300 M M 5 38 320
22 33 6 20 3 45 0 T M M 8.9 17 160 M M 4 M M
23 42 26 34 17 31 0 0.00 M M 7.9 13 150 M M 2 M M
24 45 27 36 20 29 0 T M M 12.5 17 160 M M 3 1 22 160
25 27 14 21 5 44 0 T M M 8.2 17 10 M M 4 M M
26 32 11 22 6 43 0 T M M 11.0 27 100 M M 5 1 37 90
27 34 10 22 6 43 0 0.13 M M 15.5 31 270 M M 4 38 280
28 23 -3 10 -6 55 0 T M M 11.2 23 290 M M 9 1 30 290
29 13 -7 3 -12 62 0 0.06 M M 6.2 14 300 M M 2 M M
30 25 4 15 0 50 0 T M M 9.3 16 190 M M 8 1 22 190
31 19 -2 9 -6 56 0 T M M 11.3 21 340 M M 5 12 M M
================================================================================
SM 780 337 884 0 1.48 M 353.4 M 136
================================================================================
AV 33.9 15.3 11.4 FASTST M M 4 MAX(MPH)
MISC ----> 40 270 62 260
================================================================================
NOTES:
# LAST OF SEVERAL OCCURRENCES
COLUMN 17 PEAK WIND IN M.P.H.
PRELIMINARY LOCAL CLIMATOLOGICAL DATA (WS FORM: F-6) , PAGE 2
STATION: MANKATO MN
MONTH: DECEMBER
YEAR: 2021
LATITUDE: 44 13 N
LONGITUDE: 93 55 W
[TEMPERATURE DATA] [PRECIPITATION DATA] SYMBOLS USED IN COLUMN 16
AVERAGE MONTHLY: 24.6 TOTAL FOR MONTH: 1.48 1 = FOG OR MIST
DPTR FM NORMAL: 5.4 DPTR FM NORMAL: 0.39 2 = FOG REDUCING VISIBILITY
HIGHEST: 62 ON 15 GRTST 24HR 0.52 ON 11-11 TO 1/4 MILE OR LESS
LOWEST: -7 ON 29 3 = THUNDER
SNOW, ICE PELLETS, HAIL 4 = ICE PELLETS
TOTAL MONTH: M 5 = HAIL
GRTST 24HR M ON M 6 = FREEZING RAIN OR DRIZZLE
GRTST DEPTH: M ON M 7 = DUSTSTORM OR SANDSTORM:
VSBY 1/2 MILE OR LESS
8 = SMOKE OR HAZE
[NO. OF DAYS WITH] [WEATHER - DAYS WITH] 9 = BLOWING SNOW
X = TORNADO
MAX 32 OR BELOW: 11 0.01 INCH OR MORE: 7
MAX 90 OR ABOVE: 0 0.10 INCH OR MORE: 5
MIN 32 OR BELOW: 19 0.50 INCH OR MORE: 1
MIN 0 OR BELOW: 3 1.00 INCH OR MORE: 0
[HDD (BASE 65) ]
TOTAL THIS MO. 884 CLEAR (SCALE 0-3) 12
DPTR FM NORMAL -534 PTCLDY (SCALE 4-7) 14
TOTAL FM JUL 1 2130 CLOUDY (SCALE 8-10) 5
DPTR FM NORMAL -960
[CDD (BASE 65) ]
TOTAL THIS MO. 0
DPTR FM NORMAL 0 [PRESSURE DATA]
TOTAL FM JAN 1 896 HIGHEST SLP M ON M
DPTR FM NORMAL 242 LOWEST SLP M ON M
[REMARKS]
#FINAL-12-21#
THE PRECIPITATION DATA IS FROM COCORAHS STATION
MN-BU-23...WITH THE EXCEPTION OF DECEMBER 27TH
WHICH INCLUDES DATA FROM COCORAHS STATION
MN-BU-39.