000
CXUS53 KMPX 010910
CF6MKT
PRELIMINARY LOCAL CLIMATOLOGICAL DATA (WS FORM: F-6)
STATION: MANKATO MN
MONTH: SEPTEMBER
YEAR: 2022
LATITUDE: 44 13 N
LONGITUDE: 93 55 W
TEMPERATURE IN F: :PCPN: SNOW: WIND :SUNSHINE: SKY :PK WND
================================================================================
1 2 3 4 5 6A 6B 7 8 9 10 11 12 13 14 15 16 17 18
12Z AVG MX 2MIN
DY MAX MIN AVG DEP HDD CDD WTR SNW DPTH SPD SPD DIR MIN PSBL S-S WX SPD DR
================================================================================
1 86 59 73 6 0 8 0.00 M M 6.7 12 180 M M 0 M M
2 85 62 74 8 0 9 0.00 M M 10.0 15 190 M M 1 21 190
3 74 53 64 -2 1 0 0.00 M M 9.1 13 10 M M 0 21 20
4 75 53 64 -2 1 0 0.00 M M 6.7 9 130 M M 1 M M
5 75 54 65 0 0 0 T M M 7.7 12 150 M M 4 12 M M
6 80 59 70 5 0 5 0.00 M M 8.2 14 160 M M 2 M M
7 84 63 74 9 0 9 0.00 M M 5.8 10 240 M M 3 M M
8 84 64 74 10 0 9 0.00 M M 12.7 22 190 M M 0 32 180
9 68 56 62 -2 3 0 0.06 M M 10.1 24 40 M M 7 1 29 350
10 71 52 62 -1 3 0 0.03 M M 4.9 15 350 M M 4 1 M M
11 73 47 60 -3 5 0 0.00 M M 4.4 13 320 M M 0 18 280
12 75 45 60 -3 5 0 0.00 M M 3.9 10 10 M M 0 M M
13 76 47 62 0 3 0 0.00 M M 4.3 8 200 M M 0 18 M M
14 81 53 67 5 0 2 0.00 M M 11.8 18 140 M M 0 M M
15 84 64 74 13 0 9 0.01 M M 11.9 15 180 M M 2 24 170
16 71 63 67 6 0 2 T M M 7.6 12 200 M M 6 20 200
17 82 62 72 11 0 7 T M M 8.9 13 190 M M 3 18 190
18 70 54 62 2 3 0 T M M 5.2 14 340 M M 4 12 M M
19 81 49 65 5 0 0 0.00 M M 6.9 14 140 M M 4 12 20 160
20 94 63 79 20 0 14 0.00 M M 7.8 20 350 M M 1 12 27 350
21 68 48 58 -1 7 0 0.00 M M 14.0 22 300 M M 0 32 320
22 64 40 52 -6 13 0 0.00 M M 5.8 12 60 M M 1 16 60
23 56 50 53 -5 12 0 0.02 M M 13.0 30 140 M M 7 37 150
24 73 52 63 5 2 0 0.00 M M 8.9 24 310 M M 5 1 33 310
25 69 50 60 3 5 0 0.00 M M 15.7 28 310 M M 2 40 320
26 65 45 55 -2 10 0 0.00 M M 11.5 25 340 M M 0 33 340
27 62 37 50 -6 15 0 0.00 M M 7.2 15 350 M M 2 20 350
28 62 30 46 -10 19 0 0.00 M M 5.4 9 150 M M 0 128 M M
29 70 41 56 1 9 0 M M M 11.5 16 180 M M 0 25 160
30 70 49 60 5 5 0 0.02 M M 10.0 15 170 M M 3 24 280
================================================================================
SM 2228 1564 121 74 0.14 M 257.6 M 62
================================================================================
AV 74.3 52.1 8.6 FASTST M M 2 MAX(MPH)
MISC ----> 30 140 40 320
================================================================================
NOTES:
# LAST OF SEVERAL OCCURRENCES
COLUMN 17 PEAK WIND IN M.P.H.
PRELIMINARY LOCAL CLIMATOLOGICAL DATA (WS FORM: F-6) , PAGE 2
STATION: MANKATO MN
MONTH: SEPTEMBER
YEAR: 2022
LATITUDE: 44 13 N
LONGITUDE: 93 55 W
[TEMPERATURE DATA] [PRECIPITATION DATA] SYMBOLS USED IN COLUMN 16
AVERAGE MONTHLY: 63.2 TOTAL FOR MONTH: 0.14 1 = FOG OR MIST
DPTR FM NORMAL: 2.2 DPTR FM NORMAL: -3.07 2 = FOG REDUCING VISIBILITY
HIGHEST: 94 ON 20 GRTST 24HR 0.06 ON 9- 9 TO 1/4 MILE OR LESS
LOWEST: 30 ON 28 3 = THUNDER
SNOW, ICE PELLETS, HAIL 4 = ICE PELLETS
TOTAL MONTH: M 5 = HAIL
GRTST 24HR M ON M 6 = FREEZING RAIN OR DRIZZLE
GRTST DEPTH: M ON M 7 = DUSTSTORM OR SANDSTORM:
VSBY 1/2 MILE OR LESS
8 = SMOKE OR HAZE
[NO. OF DAYS WITH] [WEATHER - DAYS WITH] 9 = BLOWING SNOW
X = TORNADO
MAX 32 OR BELOW: 0 0.01 INCH OR MORE: 5
MAX 90 OR ABOVE: 1 0.10 INCH OR MORE: 0
MIN 32 OR BELOW: 1 0.50 INCH OR MORE: 0
MIN 0 OR BELOW: 0 1.00 INCH OR MORE: 0
[HDD (BASE 65) ]
TOTAL THIS MO. 121 CLEAR (SCALE 0-3) 22
DPTR FM NORMAL -53 PTCLDY (SCALE 4-7) 8
TOTAL FM JUL 1 122 CLOUDY (SCALE 8-10) 0
DPTR FM NORMAL -83
[CDD (BASE 65) ]
TOTAL THIS MO. 74
DPTR FM NORMAL 19 [PRESSURE DATA]
TOTAL FM JAN 1 786 HIGHEST SLP M ON M
DPTR FM NORMAL 139 LOWEST SLP M ON M
[REMARKS]
#FINAL-09-22#