000
CXUS52 KMLB 010628
CF6MLB
PRELIMINARY LOCAL CLIMATOLOGICAL DATA (WS FORM: F-6)
STATION: MELBOURNE
MONTH: APRIL
YEAR: 2022
LATITUDE: 28 6 N
LONGITUDE: 80 39 W
TEMPERATURE IN F: :PCPN: SNOW: WIND :SUNSHINE: SKY :PK WND
================================================================================
1 2 3 4 5 6A 6B 7 8 9 10 11 12 13 14 15 16 17 18
12Z AVG MX 2MIN
DY MAX MIN AVG DEP HDD CDD WTR SNW DPTH SPD SPD DIR MIN PSBL S-S WX SPD DR
================================================================================
1 81 68 75 4 0 10 4.46 0.0 0 7.5 29 250 M M 7 123 37 250
2 83 66 75 4 0 10 1.22 0.0 0 7.4 31 310 M M 6 123 39 310
3 75 64 70 -1 0 5 0.00 0.0 0 7.9 16 360 M M 2 19 350
4 79 60 70 -1 0 5 0.00 0.0 0 7.6 16 90 M M 2 20 110
5 85 72 79 8 0 14 0.00 0.0 0 9.7 16 130 M M 5 24 130
6 90 73 82 11 0 17 0.03 0.0 0 8.4 24 150 M M 3 3 28 170
7 85 69 77 5 0 12 0.10 0.0 0 10.6 29 300 M M 4 1 40 300
8 75 58 67 -5 0 2 0.00 0.0 0 11.7 22 280 M M 1 27 280
9 75 51 63 -9 2 0 0.00 0.0 0 12.6 29 280 M M 2 36 270
10 72 46 59 -13 6 0 0.00 0.0 0 6.1 15 50 M M 0 22 50
11 76 52 64 -8 1 0 0.00 0.0 0 6.7 16 100 M M 1 21 120
12 79 62 71 -1 0 6 0.00 0.0 0 9.7 20 140 M M 2 25 140
13 81 70 76 3 0 11 0.00 0.0 0 12.6 20 110 M M 1 26 110
14 83 66 75 2 0 10 0.00 0.0 0 7.3 16 140 M M 2 21 130
15 81 72 77 4 0 12 T 0.0 0 6.7 21 120 M M 4 3 28 120
16 81 67 74 1 0 9 0.00 0.0 0 8.3 16 100 M M 1 21 100
17 83 67 75 2 0 10 0.00 0.0 0 9.3 20 130 M M 0 25 130
18 87 69 78 4 0 13 0.00 0.0 0 7.0 16 330 M M 2 3 21 340
19 76 65 71 -3 0 6 0.00 0.0 0 14.2 24 360 M M 1 29 10
20 79 60 70 -4 0 5 0.00 0.0 0 16.3 24 70 M M 7 29 70
21 80 72 76 2 0 11 0.00 0.0 0 17.5 25 60 M M 6 31 50
22 80 72 76 2 0 11 0.00 0.0 0 17.6 25 40 M M 4 31 40
23 80 72 76 2 0 11 0.00 0.0 0 14.1 21 100 M M 6 27 110
24 81 73 77 2 0 12 0.01 0.0 0 14.2 21 90 M M 6 25 90
25 81 73 77 2 0 12 0.00 0.0 0 11.2 16 100 M M 1 21 120
26 82 62 72 -3 0 7 0.00 0.0 0 7.9 15 80 M M 1 19 100
27 85 64 75 0 0 10 0.00 0.0 0 6.5 14 100 M M 2 17 130
28 80 71 76 1 0 11 0.00 0.0 0 13.8 24 60 M M 4 29 60
29 80 73 77 1 0 12 0.00 0.0 0 16.1 22 90 M M 5 29 90
30 81 72 77 1 0 12 0.00 0.0 0 13.0 20 70 M M 4 23 110
================================================================================
SM 2416 1981 9 266 5.82 0.0 319.5 M 92
================================================================================
AV 80.5 66.0 10.6 FASTST M M 3 MAX(MPH)
MISC ----> 31 310 40 300
================================================================================
NOTES:
# LAST OF SEVERAL OCCURRENCES
COLUMN 17 PEAK WIND IN M.P.H.
PRELIMINARY LOCAL CLIMATOLOGICAL DATA (WS FORM: F-6) , PAGE 2
STATION: MELBOURNE
MONTH: APRIL
YEAR: 2022
LATITUDE: 28 6 N
LONGITUDE: 80 39 W
[TEMPERATURE DATA] [PRECIPITATION DATA] SYMBOLS USED IN COLUMN 16
AVERAGE MONTHLY: 73.3 TOTAL FOR MONTH: 5.82 1 = FOG OR MIST
DPTR FM NORMAL: 0.2 DPTR FM NORMAL: 3.53 2 = FOG REDUCING VISIBILITY
HIGHEST: 90 ON 6 GRTST 24HR 4.62 ON 1- 2 TO 1/4 MILE OR LESS
LOWEST: 46 ON 10 3 = THUNDER
SNOW, ICE PELLETS, HAIL 4 = ICE PELLETS
TOTAL MONTH: 0.0 INCH 5 = HAIL
GRTST 24HR 0.0 6 = FREEZING RAIN OR DRIZZLE
GRTST DEPTH: 0 7 = DUSTSTORM OR SANDSTORM:
VSBY 1/2 MILE OR LESS
8 = SMOKE OR HAZE
[NO. OF DAYS WITH] [WEATHER - DAYS WITH] 9 = BLOWING SNOW
X = TORNADO
MAX 32 OR BELOW: 0 0.01 INCH OR MORE: 5
MAX 90 OR ABOVE: 1 0.10 INCH OR MORE: 3
MIN 32 OR BELOW: 0 0.50 INCH OR MORE: 2
MIN 0 OR BELOW: 0 1.00 INCH OR MORE: 2
[HDD (BASE 65) ]
TOTAL THIS MO. 9 CLEAR (SCALE 0-3) 17
DPTR FM NORMAL 0 PTCLDY (SCALE 4-7) 13
TOTAL FM JUL 1 303 CLOUDY (SCALE 8-10) 0
DPTR FM NORMAL -82
[CDD (BASE 65) ]
TOTAL THIS MO. 266
DPTR FM NORMAL 14 [PRESSURE DATA]
TOTAL FM JAN 1 648 HIGHEST SLP M ON M
DPTR FM NORMAL 63 LOWEST SLP 29.79 ON 7
[REMARKS]
#FINAL-04-22#