000
CXUS52 KMLB 010624
CF6MLB
PRELIMINARY LOCAL CLIMATOLOGICAL DATA (WS FORM: F-6)
STATION: MELBOURNE
MONTH: JUNE
YEAR: 2021
LATITUDE: 28 6 N
LONGITUDE: 80 39 W
TEMPERATURE IN F: :PCPN: SNOW: WIND :SUNSHINE: SKY :PK WND
================================================================================
1 2 3 4 5 6A 6B 7 8 9 10 11 12 13 14 15 16 17 18
12Z AVG MX 2MIN
DY MAX MIN AVG DEP HDD CDD WTR SNW DPTH SPD SPD DIR MIN PSBL S-S WX SPD DR
================================================================================
1 85 74 80 0 0 15 0.16 0.0 0 11.2 17 30 M M 3 1 21 110
2 86 72 79 -2 0 14 0.01 0.0 0 10.2 22 150 M M 5 26 150
3 85 74 80 -1 0 15 0.71 0.0 0 8.5 18 150 M M 2 18 24 130
4 85 74 80 -1 0 15 0.12 0.0 0 8.5 18 130 M M 5 138 23 150
5 88 75 82 1 0 17 0.00 0.0 0 10.3 21 120 M M 1 3 26 120
6 87 76 82 1 0 17 0.02 0.0 0 11.6 21 140 M M 2 1 28 120
7 88 78 83 2 0 18 0.00 0.0 0 11.2 20 110 M M 1 25 150
8 87 78 83 2 0 18 0.00 0.0 0 10.5 20 110 M M 1 24 100
9 87 77 82 1 0 17 0.00 0.0 0 11.2 17 110 M M 1 22 100
10 89 71 80 -2 0 15 0.00 0.0 0 8.9 18 140 M M 1 24 130
11 92 74 83 1 0 18 0.05 0.0 0 10.2 22 200 M M 2 13 31 190
12 93 73 83 1 0 18 0.53 0.0 0 7.9 24 280 M M 4 13 33 290
13 94 73 84 2 0 19 0.03 0.0 0 8.7 35 320 M M 1 13 42 320
14 92 71 82 0 0 17 2.73 0.0 0 7.8 25 220 M M 4 123 33 220
15 89 73 81 -1 0 16 0.11 0.0 0 11.0 20 190 M M 3 138 25 230
16 86 71 79 -3 0 14 0.86 0.0 0 8.7 22 180 M M 3 13 27 170
17 86 71 79 -3 0 14 T 0.0 0 5.5 15 170 M M 2 19 160
18 86 74 80 -2 0 15 0.00 0.0 0 5.9 13 100 M M 0 16 110
19 89 78 84 2 0 19 0.00 0.0 0 9.1 18 130 M M 1 25 130
20 95 78 87 5 0 22 T 0.0 0 8.0 17 290 M M 2 3 22 260
21 92 73 83 1 0 18 0.09 0.0 0 7.3 17 310 M M 1 3 24 280
22 95 72 84 2 0 19 0.90 0.0 0 8.1 31 180 M M 2 138 44 170
23 87 73 80 -2 0 15 0.01 0.0 0 6.6 21 220 M M 4 3 26 210
24 87 72 80 -3 0 15 0.00 0.0 0 5.2 14 80 M M 2 18 100
25 86 76 81 -2 0 16 0.01 0.0 0 8.3 15 60 M M 2 1 18 60
26 86 77 82 -1 0 17 0.11 0.0 0 9.6 17 110 M M 1 1 22 130
27 87 79 83 0 0 18 T 0.0 0 10.7 17 120 M M 1 23 90
28 87 78 83 0 0 18 0.00 0.0 0 9.6 16 70 M M 1 21 110
29 86 75 81 -2 0 16 0.16 0.0 0 8.3 24 120 M M 3 13 34 130
30 87 76 82 -1 0 17 0.00 0.0 0 8.0 17 150 M M 2 3 21 160
================================================================================
SM 2649 2236 0 502 6.61 0.0 266.6 M 63
================================================================================
AV 88.3 74.5 8.9 FASTST M M 2 MAX(MPH)
MISC ----> 35 320 44 170
================================================================================
NOTES:
# LAST OF SEVERAL OCCURRENCES
COLUMN 17 PEAK WIND IN M.P.H.
PRELIMINARY LOCAL CLIMATOLOGICAL DATA (WS FORM: F-6) , PAGE 2
STATION: MELBOURNE
MONTH: JUNE
YEAR: 2021
LATITUDE: 28 6 N
LONGITUDE: 80 39 W
[TEMPERATURE DATA] [PRECIPITATION DATA] SYMBOLS USED IN COLUMN 16
AVERAGE MONTHLY: 81.4 TOTAL FOR MONTH: 6.61 1 = FOG OR MIST
DPTR FM NORMAL: -0.5 DPTR FM NORMAL: -0.49 2 = FOG REDUCING VISIBILITY
HIGHEST: 95 ON 22,20 GRTST 24HR 2.73 ON 14-14 TO 1/4 MILE OR LESS
LOWEST: 71 ON 17,16 3 = THUNDER
SNOW, ICE PELLETS, HAIL 4 = ICE PELLETS
TOTAL MONTH: 0.0 INCH 5 = HAIL
GRTST 24HR 0.0 6 = FREEZING RAIN OR DRIZZLE
GRTST DEPTH: 0 7 = DUSTSTORM OR SANDSTORM:
VSBY 1/2 MILE OR LESS
8 = SMOKE OR HAZE
[NO. OF DAYS WITH] [WEATHER - DAYS WITH] 9 = BLOWING SNOW
X = TORNADO
MAX 32 OR BELOW: 0 0.01 INCH OR MORE: 17
MAX 90 OR ABOVE: 7 0.10 INCH OR MORE: 10
MIN 32 OR BELOW: 0 0.50 INCH OR MORE: 5
MIN 0 OR BELOW: 0 1.00 INCH OR MORE: 1
[HDD (BASE 65) ]
TOTAL THIS MO. 0 CLEAR (SCALE 0-3) 24
DPTR FM NORMAL 0 PTCLDY (SCALE 4-7) 6
TOTAL FM JUL 1 410 CLOUDY (SCALE 8-10) 0
DPTR FM NORMAL 19
[CDD (BASE 65) ]
TOTAL THIS MO. 502
DPTR FM NORMAL -5 [PRESSURE DATA]
TOTAL FM JAN 1 1542 HIGHEST SLP M ON M
DPTR FM NORMAL 42 LOWEST SLP 29.81 ON 12
[REMARKS]
#FINAL-06-21#
USED MLBF1 FOR RAINFALL ON 6/16 DUE TO ASOS TIPPING BUCKET FAILURE