000
CXUS53 KDVN 011100
CF6MLI
PRELIMINARY LOCAL CLIMATOLOGICAL DATA (WS FORM: F-6)
STATION: MOLINE IL
MONTH: FEBRUARY
YEAR: 2022
LATITUDE: 41 27 N
LONGITUDE: 90 31 W
TEMPERATURE IN F: :PCPN: SNOW: WIND :SUNSHINE: SKY :PK WND
================================================================================
1 2 3 4 5 6A 6B 7 8 9 10 11 12 13 14 15 16 17 18
12Z AVG MX 2MIN
DY MAX MIN AVG DEP HDD CDD WTR SNW DPTH SPD SPD DIR MIN PSBL S-S WX SPD DR
================================================================================
1 44 20 32 8 33 0 0.00 0.0 1 13.8 22 310 M M 6 32 170
2 20 14 17 -7 48 0 0.04 0.8 1 11.7 18 360 M M 9 26 350
3 20 10 15 -9 50 0 0.00 0.0 1 9.7 17 10 M M 6 25 20
4 26 2 14 -10 51 0 T T 1 10.6 28 270 M M 3 35 270
5 24 1 13 -11 52 0 0.00 0.0 1 9.3 20 190 M M 1 28 170
6 45 17 31 6 34 0 0.00 0.0 1 12.6 25 280 M M 2 33 280
7 29 9 19 -6 46 0 0.00 0.0 T 7.4 18 310 M M 3 24 300
8 53 19 36 11 29 0 0.00 0.0 T 7.6 17 300 M M 1 24 300
9 44 31 38 12 27 0 T T T 13.3 26 280 M M 7 4 38 270
10 39 24 32 6 33 0 0.06 T T 13.4 22 200 M M 8 48 31 220
11 48 18 33 7 32 0 0.03 0.0 0 19.6 35 310 M M 7 50 300
12 21 10 16 -10 49 0 0.00 0.0 0 11.7 26 300 M M 6 33 300
13 18 10 14 -13 51 0 0.02 0.3 T 6.1 17 330 M M 7 8 26 300
14 33 10 22 -5 43 0 0.00 0.0 T 4.8 13 170 M M 5 17 160
15 50 14 32 4 33 0 0.00 0.0 T 11.3 24 140 M M 0 18 35 150
16 60 35 48 20 17 0 0.42 0.0 0 12.1 25 210 M M 7 18 37 200
17 35 12 24 -4 41 0 0.07 0.5 T 12.9 21 330 M M 6 168 29 320
18 36 9 23 -6 42 0 0.02 0.3 T 14.0 31 310 M M 1 1 46 320
19 25 9 17 -12 48 0 0.00 0.0 T 12.6 28 310 M M 0 38 310
20 57 21 39 9 26 0 0.00 0.0 T 13.0 28 200 M M 0 40 210
21 57 26 42 12 23 0 0.00 0.0 0 8.3 20 100 M M 2 29 80
22 42 14 28 -2 37 0 0.11 T 0 14.0 26 310 M M 10 13 38 280
23 22 10 16 -15 49 0 0.00 0.0 0 9.7 23 310 M M 8 33 310
24 26 18 22 -9 43 0 0.10 1.9 0 9.6 16 60 M M 9 18 23 70
25 27 7 17 -15 48 0 T 0.2 2 7.9 15 310 M M 2 1 22 320
26 36 7 22 -10 43 0 0.00 0.0 1 8.1 18 250 M M 0 25 230
27 45 22 34 2 31 0 0.00 0.0 0 5.8 15 270 M M 0 17 230
28 57 21 39 6 26 0 0.00 0.0 0 4.7 15 220 M M 0 21 220
================================================================================
SM 1039 420 1085 0 0.87 4.0 295.6 M 116
================================================================================
AV 37.1 15.0 10.6 FASTST M M 4 MAX(MPH)
MISC ----> 35 310 50 300
================================================================================
NOTES:
# LAST OF SEVERAL OCCURRENCES
COLUMN 17 PEAK WIND IN M.P.H.
PRELIMINARY LOCAL CLIMATOLOGICAL DATA (WS FORM: F-6) , PAGE 2
STATION: MOLINE IL
MONTH: FEBRUARY
YEAR: 2022
LATITUDE: 41 27 N
LONGITUDE: 90 31 W
[TEMPERATURE DATA] [PRECIPITATION DATA] SYMBOLS USED IN COLUMN 16
AVERAGE MONTHLY: 26.1 TOTAL FOR MONTH: 0.87 1 = FOG OR MIST
DPTR FM NORMAL: -1.6 DPTR FM NORMAL: -0.96 2 = FOG REDUCING VISIBILITY
HIGHEST: 60 ON 16 GRTST 24HR 0.47 ON 16-17 TO 1/4 MILE OR LESS
LOWEST: 1 ON 5 3 = THUNDER
SNOW, ICE PELLETS, HAIL 4 = ICE PELLETS
TOTAL MONTH: 4.0 INCHES 5 = HAIL
GRTST 24HR 1.9 ON 24-24 6 = FREEZING RAIN OR DRIZZLE
GRTST DEPTH: 2 ON 25 7 = DUSTSTORM OR SANDSTORM:
VSBY 1/2 MILE OR LESS
8 = SMOKE OR HAZE
[NO. OF DAYS WITH] [WEATHER - DAYS WITH] 9 = BLOWING SNOW
X = TORNADO
MAX 32 OR BELOW: 11 0.01 INCH OR MORE: 9
MAX 90 OR ABOVE: 0 0.10 INCH OR MORE: 3
MIN 32 OR BELOW: 27 0.50 INCH OR MORE: 0
MIN 0 OR BELOW: 0 1.00 INCH OR MORE: 0
[HDD (BASE 65) ]
TOTAL THIS MO. 1085 CLEAR (SCALE 0-3) 14
DPTR FM NORMAL 41 PTCLDY (SCALE 4-7) 11
TOTAL FM JUL 1 4360 CLOUDY (SCALE 8-10) 3
DPTR FM NORMAL -291
[CDD (BASE 65) ]
TOTAL THIS MO. 0
DPTR FM NORMAL 0 [PRESSURE DATA]
TOTAL FM JAN 1 0 HIGHEST SLP 30.63 ON 23
DPTR FM NORMAL 0 LOWEST SLP 29.49 ON 11
[REMARKS]
#FINAL-02-22#