000
CXUS55 KBOU 011000
CF6MNH
PRELIMINARY LOCAL CLIMATOLOGICAL DATA (WS FORM: F-6)
STATION: ELBERT 6W CO
MONTH: FEBRUARY
YEAR: 2024
LATITUDE: 39 13 N
LONGITUDE: 104 38 W
TEMPERATURE IN F: :PCPN: SNOW: WIND :SUNSHINE: SKY :PK WND
================================================================================
1 2 3 4 5 6A 6B 7 8 9 10 11 12 13 14 15 16 17 18
12Z AVG MX 2MIN
DY MAX MIN AVG DEP HDD CDD WTR SNW DPTH SPD SPD DIR MIN PSBL S-S WX SPD DR
================================================================================
1 M M M M M M M M M 6.4 10 150 M M 0 M M
2 43 32 38 M 27 0 M M M 9.4 17 140 M M 5 23 140
3 32 28 30 M 35 0 M M M 7.6 13 310 M M 10 12 16 310
4 32 16 24 M 41 0 M M M 5.8 12 280 M M 4 2 16 180
5 45 23 34 M 31 0 M M M 10.5 17 180 M M 0 21 180
6 52 34 43 M 22 0 M M M 7.7 13 160 M M 0 21 190
7 45 34 40 M 25 0 M M M 13.8 25 220 M M 2 33 220
8 27 27 27 M 38 0 M M M 9.6 17 240 M M 2 23 230
9 34 25 30 M 35 0 M M M 7.4 13 180 M M 7 17 170
10 27 19 23 M 42 0 M M M 8.6 15 330 M M 10 8 22 330
11 28 9 19 M 46 0 M M M 4.3 9 320 M M 3 8 M M
12 41 10 26 M 39 0 M M M 6.3 10 200 M M 1 M M
13 41 19 30 M 35 0 M M M 9.2 16 160 M M 0 22 160
14 45 27 36 M 29 0 M M M 8.4 16 220 M M 2 21 160
15 50 23 37 M 28 0 M M M 11.5 28 230 M M 2 35 230
16 30 14 22 M 43 0 M M M 8.6 17 170 M M 10 128 22 170
17 30 9 20 M 45 0 M M M 4.4 8 240 M M 3 M M
18 50 18 34 M 31 0 M M M 6.9 13 210 M M 2 M M
19 50 23 37 M 28 0 M M M 7.2 13 190 M M 0 18 290
20 55 32 44 M 21 0 M M M 12.5 24 260 M M 0 29 240
21 55 32 44 M 21 0 M M M 9.5 24 240 M M 0 35 240
22 37 25 31 M 34 0 M M M 6.1 13 360 M M 5 18 360
23 43 21 32 M 33 0 M M M 7.2 14 310 M M 0 25 290
24 55 25 40 M 25 0 M M M 8.8 14 210 M M 0 17 250
25 M M M M M M M M M 12.8 28 270 M M 0 40 290
26 52 37 45 M 20 0 M M M 16.9 27 250 M M 0 39 230
27 41 12 27 M 38 0 M M M 11.5 22 30 M M 6 31 30
28 45 3 24 M 41 0 M M M 10.6 17 180 M M 0 24 180
29 55 30 43 M 22 0 M M M 6.0 13 220 M M 0 M M
================================================================================
SM 1140 607 875 0 M M 255.7 M 74
================================================================================
AV 42.2 22.5 8.8 FASTST M M 3 MAX(MPH)
MISC ----> # 28 270 40 290
================================================================================
NOTES:
# LAST OF SEVERAL OCCURRENCES
COLUMN 17 PEAK WIND IN M.P.H.
PRELIMINARY LOCAL CLIMATOLOGICAL DATA (WS FORM: F-6) , PAGE 2
STATION: ELBERT 6W CO
MONTH: FEBRUARY
YEAR: 2024
LATITUDE: 39 13 N
LONGITUDE: 104 38 W
[TEMPERATURE DATA] [PRECIPITATION DATA] SYMBOLS USED IN COLUMN 16
AVERAGE MONTHLY: 32.4 TOTAL FOR MONTH: M 1 = FOG OR MIST
DPTR FM NORMAL: 0.0 DPTR FM NORMAL: M 2 = FOG REDUCING VISIBILITY
HIGHEST: 55 ON 20,21 GRTST 24HR M ON M TO 1/4 MILE OR LESS
LOWEST: 3 ON 28 3 = THUNDER
SNOW, ICE PELLETS, HAIL 4 = ICE PELLETS
TOTAL MONTH: M 5 = HAIL
GRTST 24HR M ON M 6 = FREEZING RAIN OR DRIZZLE
GRTST DEPTH: M ON M 7 = DUSTSTORM OR SANDSTORM:
VSBY 1/2 MILE OR LESS
8 = SMOKE OR HAZE
[NO. OF DAYS WITH] [WEATHER - DAYS WITH] 9 = BLOWING SNOW
X = TORNADO
MAX 32 OR BELOW: 7 0.01 INCH OR MORE: 0
MAX 90 OR ABOVE: 0 0.10 INCH OR MORE: 0
MIN 32 OR BELOW: 24 0.50 INCH OR MORE: 0
MIN 0 OR BELOW: 0 1.00 INCH OR MORE: 0
[HDD (BASE 65) ]
TOTAL THIS MO. 875 CLEAR (SCALE 0-3) 19
DPTR FM NORMAL M PTCLDY (SCALE 4-7) 7
TOTAL FM JUL 1 4794 CLOUDY (SCALE 8-10) 3
DPTR FM NORMAL M
[CDD (BASE 65) ]
TOTAL THIS MO. 0
DPTR FM NORMAL M [PRESSURE DATA]
TOTAL FM JAN 1 0 HIGHEST SLP M ON M
DPTR FM NORMAL M LOWEST SLP M ON M
[REMARKS]
#FINAL-02-24#