000
CXUS55 KBOU 011000
CF6MNH
PRELIMINARY LOCAL CLIMATOLOGICAL DATA (WS FORM: F-6)
STATION: ELBERT 6W CO
MONTH: JANUARY
YEAR: 2022
LATITUDE: 39 13 N
LONGITUDE: 104 38 W
TEMPERATURE IN F: :PCPN: SNOW: WIND :SUNSHINE: SKY :PK WND
================================================================================
1 2 3 4 5 6A 6B 7 8 9 10 11 12 13 14 15 16 17 18
12Z AVG MX 2MIN
DY MAX MIN AVG DEP HDD CDD WTR SNW DPTH SPD SPD DIR MIN PSBL S-S WX SPD DR
================================================================================
1 10 -6 2 M 63 0 M M M 7.3 12 320 M M 7 8 M M
2 37 1 19 M 46 0 M M M 8.9 14 180 M M 0 M M
3 48 19 34 M 31 0 M M M 9.4 15 210 M M 0 16 190
4 43 14 29 M 36 0 M M M 10.9 28 300 M M 0 32 300
5 43 0 22 M 43 0 M M M 11.8 25 300 M M 5 2 33 300
6 36 -2 17 M 48 0 M M M 6.1 16 190 M M 3 23 190
7 59 30 45 M 20 0 M M M 9.8 16 240 M M 0 20 240
8 43 19 31 M 34 0 M M M 8.5 16 230 M M 4 20 230
9 39 18 29 M 36 0 M M M 8.3 20 180 M M 2 1 25 180
10 48 18 33 M 32 0 M M M 8.7 14 190 M M 0 M M
11 52 23 38 M 27 0 M M M 8.6 15 190 M M 0 17 180
12 52 28 40 M 25 0 M M M 6.9 12 210 M M 0 M M
13 55 32 44 M 21 0 M M M 9.5 15 160 M M 0 17 150
14 41 18 30 M 35 0 M M M 12.9 24 350 M M 7 35 350
15 41 5 23 M 42 0 M M M 8.0 15 340 M M 1 22 340
16 48 21 35 M 30 0 M M M 6.6 16 180 M M 0 M M
17 54 27 41 M 24 0 M M M 8.5 20 190 M M 0 24 190
18 48 27 38 M 27 0 M M M 5.9 12 10 M M 2 M M
19 30 19 25 M 40 0 M M M 5.8 10 270 M M 9 128 M M
20 34 12 23 M 42 0 M M M 7.2 10 190 M M 1 M M
21 34 21 28 M 37 0 M M M 8.6 15 10 M M 7 21 30
22 36 12 24 M 41 0 M M M 6.4 22 190 M M 3 29 190
23 41 14 28 M 37 0 M M M 7.5 10 190 M M 0 M M
24 36 18 27 M 38 0 M M M 5.9 9 50 M M 1 17 30
25 23 9 16 M 49 0 M M M 8.2 18 10 M M 8 2 23 10
26 36 9 23 M 42 0 M M M 8.8 20 190 M M 2 23 190
27 23 3 13 M 52 0 M M M 7.6 13 20 M M 7 22 20
28 37 7 22 M 43 0 M M M 7.8 14 210 M M 0 M M
29 50 21 36 M 29 0 M M M 8.2 10 210 M M 0 M M
30 50 21 36 M 29 0 M M M 6.5 12 190 M M 0 M M
31 54 23 39 M 26 0 0.00 M M 11.2 21 240 M M 0 30 210
================================================================================
SM 1281 481 1125 0 0.00 M 256.4 M 69
================================================================================
AV 41.3 15.5 8.3 FASTST M M 2 MAX(MPH)
MISC ----> 28 300 35 350
================================================================================
NOTES:
# LAST OF SEVERAL OCCURRENCES
COLUMN 17 PEAK WIND IN M.P.H.
PRELIMINARY LOCAL CLIMATOLOGICAL DATA (WS FORM: F-6) , PAGE 2
STATION: ELBERT 6W CO
MONTH: JANUARY
YEAR: 2022
LATITUDE: 39 13 N
LONGITUDE: 104 38 W
[TEMPERATURE DATA] [PRECIPITATION DATA] SYMBOLS USED IN COLUMN 16
AVERAGE MONTHLY: 28.4 TOTAL FOR MONTH: 0.00 1 = FOG OR MIST
DPTR FM NORMAL: 0.0 DPTR FM NORMAL: M 2 = FOG REDUCING VISIBILITY
HIGHEST: 59 ON 7 GRTST 24HR 0.25 ON 25-25 TO 1/4 MILE OR LESS
LOWEST: -6 ON 1 3 = THUNDER
SNOW, ICE PELLETS, HAIL 4 = ICE PELLETS
TOTAL MONTH: M 5 = HAIL
GRTST 24HR M ON M 6 = FREEZING RAIN OR DRIZZLE
GRTST DEPTH: M ON M 7 = DUSTSTORM OR SANDSTORM:
VSBY 1/2 MILE OR LESS
8 = SMOKE OR HAZE
[NO. OF DAYS WITH] [WEATHER - DAYS WITH] 9 = BLOWING SNOW
X = TORNADO
MAX 32 OR BELOW: 4 0.01 INCH OR MORE: 0
MAX 90 OR ABOVE: 0 0.10 INCH OR MORE: 0
MIN 32 OR BELOW: 31 0.50 INCH OR MORE: 0
MIN 0 OR BELOW: 3 1.00 INCH OR MORE: 0
[HDD (BASE 65) ]
TOTAL THIS MO. 1125 CLEAR (SCALE 0-3) 22
DPTR FM NORMAL M PTCLDY (SCALE 4-7) 7
TOTAL FM JUL 1 3482 CLOUDY (SCALE 8-10) 2
DPTR FM NORMAL M
[CDD (BASE 65) ]
TOTAL THIS MO. 0
DPTR FM NORMAL M [PRESSURE DATA]
TOTAL FM JAN 1 0 HIGHEST SLP M ON M
DPTR FM NORMAL M LOWEST SLP M ON M
[REMARKS]
#FINAL-01-22#