000
CXUS54 KMOB 011515
CLMMOB
CLIMATE REPORT
NATIONAL WEATHER SERVICE MOBILE AL
1015 AM CDT WED NOV 01 2023
...................................
...THE MOBILE CLIMATE SUMMARY FOR THE MONTH OF OCTOBER 2023...
CLIMATE NORMAL PERIOD: 1991 TO 2020
CLIMATE RECORD PERIOD: 1842 TO 2023
WEATHER OBSERVED NORMAL DEPART LAST YEAR`S
VALUE DATE(S) VALUE FROM VALUE DATE(S)
NORMAL
................................................................
TEMPERATURE (F)
RECORD
HIGH 98 10/3/2019
10/4/2019
LOW 30 10/31/1993
HIGHEST 92 10/01 90 10/07
LOWEST 44 10/17 36 10/20
AVG. MAXIMUM 81.4 79.7 1.7 80.9
AVG. MINIMUM 57.8 58.2 -0.4 54.4
MEAN 69.6 69.0 0.6 67.7
DAYS MAX >= 90 3 1.1 1.9 1
DAYS MAX <= 32 0 0.0 0.0 0
DAYS MIN <= 32 0 0.1 -0.1 0
DAYS MIN <= 0 0 0.0 0.0 0
PRECIPITATION (INCHES)
RECORD
MAXIMUM 13.44 2017
MINIMUM 0.00 2016
1874
TOTALS 1.34 3.95 -2.61 3.21
DAILY AVG. 0.04 0.13 -0.09 0.10
DAYS >= .01 4 6.9 -2.9 5
DAYS >= .10 1 4.4 -3.4 4
DAYS >= .50 1 2.2 -1.2 1
DAYS >= 1.00 1 1.4 -0.4 1
DEGREE DAYS
HEATING TOTAL 34 49 -15 48
SINCE 7/1 34 48 -14 48
COOLING TOTAL 184 172 12 136
SINCE 1/1 3290 2546 744 2851
................................................................
WIND (MPH)
AVERAGE WIND SPEED 6.3
HIGHEST WIND SPEED/DIRECTION 25/030 DATE 10/11
HIGHEST GUST SPEED/DIRECTION 35/040 DATE 10/11
SKY COVER
POSSIBLE SUNSHINE (PERCENT)
AVERAGE SKY COVER 0.41
NUMBER OF DAYS FAIR 15
NUMBER OF DAYS PC 11
NUMBER OF DAYS CLOUDY 5
AVERAGE RH (PERCENT) 64
WEATHER CONDITIONS. NUMBER OF DAYS WITH
THUNDERSTORM 0 MIXED PRECIP 0
HEAVY RAIN 2 RAIN 1
LIGHT RAIN 4 FREEZING RAIN 0
LT FREEZING RAIN 0 HAIL 0
HEAVY SNOW 0 SNOW 0
LIGHT SNOW 0 SLEET 0
FOG 15 FOG W/VIS <= 1/4 MILE 3
HAZE 10
- INDICATES NEGATIVE NUMBERS.
R INDICATES RECORD WAS SET OR TIED.
MM INDICATES DATA IS MISSING.
T INDICATES TRACE AMOUNT.
$$