000
CXUS56 KSTO 011425
CF6MOD
PRELIMINARY LOCAL CLIMATOLOGICAL DATA (WS FORM: F-6)
STATION: MODESTO CA
MONTH: APRIL
YEAR: 2021
LATITUDE: 37 37 N
LONGITUDE: 120 57 W
TEMPERATURE IN F: :PCPN: SNOW: WIND :SUNSHINE: SKY :PK WND
================================================================================
1 2 3 4 5 6A 6B 7 8 9 10 11 12 13 14 15 16 17 18
12Z AVG MX 2MIN
DY MAX MIN AVG DEP HDD CDD WTR SNW DPTH SPD SPD DIR MIN PSBL S-S WX SPD DR
================================================================================
1 85 47 66 7 0 1 0.00 0.0 0 2.9 10 320 M M 0 8 13 90
2 85 47 66 7 0 1 0.00 0.0 0 5.9 16 310 M M 0 21 320
3 72 46 59 -1 6 0 0.00 0.0 0 11.7 18 310 M M 0 22 320
4 68 46 57 -3 8 0 0.00 0.0 0 7.4 15 320 M M 0 19 330
5 68 45 57 -3 8 0 0.00 0.0 0 8.4 16 320 M M 1 23 320
6 75 44 60 0 5 0 0.00 0.0 0 6.4 14 320 M M 0 18 330
7 75 47 61 1 4 0 0.00 0.0 0 9.0 20 310 M M 0 23 300
8 76 45 61 1 4 0 0.00 0.0 0 10.9 18 320 M M 0 22 310
9 74 47 61 1 4 0 0.00 0.0 0 7.7 18 290 M M 0 20 310
10 77 43 60 -1 5 0 0.00 0.0 0 9.9 20 320 M M 0 26 300
11 80 47 64 3 1 0 0.00 0.0 0 7.7 16 320 M M 0 23 320
12 80 48 64 3 1 0 0.00 0.0 0 6.9 15 310 M M 0 19 330
13 74 46 60 -1 5 0 0.00 0.0 0 8.2 21 300 M M 0 28 280
14 72 41 57 -5 8 0 0.00 0.0 0 5.2 16 310 M M 0 22 320
15 77 43 60 -2 5 0 0.00 0.0 0 5.8 16 320 M M 0 20 320
16 78 47 63 1 2 0 0.00 0.0 0 9.4 18 320 M M 0 25 300
17 83 48 66 4 0 1 0.00 0.0 0 11.1 18 300 M M 0 24 300
18 87 53 70 8 0 5 0.00 0.0 0 8.1 18 300 M M 0 23 320
19 85 48 67 4 0 2 0.00 0.0 0 6.1 18 320 M M 0 24 300
20 77 49 63 0 2 0 0.00 0.0 0 7.0 23 310 M M 0 8 30 310
21 77 46 62 -1 3 0 0.00 0.0 0 6.1 17 310 M M 0 23 300
22 77 48 63 0 2 0 0.00 0.0 0 7.1 20 330 M M 0 25 320
23 76 45 61 -3 4 0 0.00 0.0 0 6.9 20 310 M M 0 18 24 320
24 72 50 61 -3 4 0 0.00 0.0 0 8.7 21 310 M M 1 25 310
25 64 51 58 -6 7 0 0.00 0.0 0 7.9 16 300 M M 6 34 230
26 67 44 56 -8 9 0 T 0.0 0 10.2 22 300 M M 2 25 300
27 76 44 60 -5 5 0 0.00 0.0 0 11.6 21 310 M M 0 28 320
28 83 46 65 0 0 0 0.00 0.0 0 4.6 15 330 M M 0 21 10
29 89 49 69 4 0 4 0.00 0.0 0 4.7 15 330 M M 0 17 320
30 89 56 73 8 0 8 0.00 0.0 0 6.8 20 330 M M 0 23 320
================================================================================
SM 2318 1406 102 22 T 0.0 230.3 M 10
================================================================================
AV 77.3 46.9 7.7 FASTST M M 0 MAX(MPH)
MISC ----> # 23 310 # 34 230
================================================================================
NOTES:
# LAST OF SEVERAL OCCURRENCES
COLUMN 17 PEAK WIND IN M.P.H.
PRELIMINARY LOCAL CLIMATOLOGICAL DATA (WS FORM: F-6) , PAGE 2
STATION: MODESTO CA
MONTH: APRIL
YEAR: 2021
LATITUDE: 37 37 N
LONGITUDE: 120 57 W
[TEMPERATURE DATA] [PRECIPITATION DATA] SYMBOLS USED IN COLUMN 16
AVERAGE MONTHLY: 62.1 TOTAL FOR MONTH: T 1 = FOG OR MIST
DPTR FM NORMAL: 0.1 DPTR FM NORMAL: -0.97 2 = FOG REDUCING VISIBILITY
HIGHEST: 89 ON 30,29 GRTST 24HR T ON 26-26 TO 1/4 MILE OR LESS
LOWEST: 41 ON 14 3 = THUNDER
SNOW, ICE PELLETS, HAIL 4 = ICE PELLETS
TOTAL MONTH: 0.0 INCH 5 = HAIL
GRTST 24HR 0.0 6 = FREEZING RAIN OR DRIZZLE
GRTST DEPTH: 0 7 = DUSTSTORM OR SANDSTORM:
VSBY 1/2 MILE OR LESS
8 = SMOKE OR HAZE
[NO. OF DAYS WITH] [WEATHER - DAYS WITH] 9 = BLOWING SNOW
X = TORNADO
MAX 32 OR BELOW: 0 0.01 INCH OR MORE: 0
MAX 90 OR ABOVE: 0 0.10 INCH OR MORE: 0
MIN 32 OR BELOW: 0 0.50 INCH OR MORE: 0
MIN 0 OR BELOW: 0 1.00 INCH OR MORE: 0
[HDD (BASE 65) ]
TOTAL THIS MO. 102 CLEAR (SCALE 0-3) 29
DPTR FM NORMAL -27 PTCLDY (SCALE 4-7) 1
TOTAL FM JUL 1 2373 CLOUDY (SCALE 8-10) 0
DPTR FM NORMAL 239
[CDD (BASE 65) ]
TOTAL THIS MO. 22
DPTR FM NORMAL -17 [PRESSURE DATA]
TOTAL FM JAN 1 22 HIGHEST SLP 30.20 ON 29
DPTR FM NORMAL -22 LOWEST SLP 29.72 ON 12
[REMARKS]
#FINAL-04-21#