000
CXUS51 KPHI 040135
CF6MPO
PRELIMINARY LOCAL CLIMATOLOGICAL DATA (WS FORM: F-6)
STATION: MOUNT POCONO PA
MONTH: SEPTEMBER
YEAR: 2022
LATITUDE: 41 8 N
LONGITUDE: 75 24 W
TEMPERATURE IN F: :PCPN: SNOW: WIND :SUNSHINE: SKY :PK WND
================================================================================
1 2 3 4 5 6A 6B 7 8 9 10 11 12 13 14 15 16 17 18
12Z AVG MX 2MIN
DY MAX MIN AVG DEP HDD CDD WTR SNW DPTH SPD SPD DIR MIN PSBL S-S WX SPD DR
================================================================================
1 73 53 63 -1 2 0 0.00 M M 10.5 24 280 M M 0 29 270
2 74 41 58 -5 7 0 0.00 M M 3.4 10 90 M M 0 15 90
3 76 54 65 2 0 0 T M M 5.5 10 190 M M 6 15 220
4 80 64 72 9 0 7 0.32 M M 5.6 20 140 M M 6 13 23 150
5 70 63 67 5 0 2 0.85 M M 4.3 10 230 M M 8 123 14 240
6 65 60 63 1 2 0 1.53 M M 5.8 13 190 M M 10 12 18 190
7 61 56 59 -3 6 0 1.84 M M 5.4 13 110 M M 9 1 20 100
8 74 51 63 1 2 0 0.00 M M 5.1 16 360 M M 3 1 23 10
9 74 50 62 1 3 0 0.00 M M 1.8 12 120 M M 0 16 130
10 75 50 63 2 2 0 0.00 M M 2.8 12 170 M M 0 1 13 150
11 63 59 61 0 4 0 0.51 M M 4.5 13 150 M M 10 12 18 140
12 74 61 68 8 0 3 0.69 M M 3.7 10 200 M M 10 123 14 210
13 73 54 64 4 1 0 0.08 M M 8.7 17 260 M M 6 12 23 260
14 72 50 61 1 4 0 0.00 M M 10.0 21 290 M M 1 1 30 310
15 64 46 55 -4 10 0 0.00 M M 10.8 29 310 M M 1 37 320
16 70 43 57 -2 8 0 0.00 M M 5.1 13 300 M M 1 23 350
17 73 51 62 3 3 0 0.00 M M 4.7 13 190 M M 4 18 190
18 77 57 67 9 0 2 0.00 M M 7.3 17 250 M M 1 24 240
19 75 58 67 9 0 2 0.33 M M 9.5 24 230 M M 6 13 32 240
20 69 51 60 2 5 0 0.00 M M 9.8 20 290 M M 4 1 25 280
21 75 50 63 6 2 0 0.00 M M 7.4 14 220 M M 0 1 18 200
22 66 47 57 0 8 0 0.43 M M 15.3 30 310 M M 7 13 43 310
23 53 40 47 -9 18 0 0.01 M M 20.7 32 320 M M 3 1 42 290
24 62 39 51 -5 14 0 0.00 M M 9.6 24 320 M M 1 31 320
25 61 48 55 -1 10 0 0.18 M M 7.3 22 240 M M 7 1 31 220
26 65 46 56 1 9 0 0.00 M M 10.8 24 210 M M 6 31 220
27 56 43 50 -5 15 0 0.00 M M 10.1 18 250 M M 4 24 280
28 62 42 52 -3 13 0 T M M 11.6 18 320 M M 6 24 320
29 58 42 50 -4 15 0 0.00 M M 12.0 24 340 M M 1 35 10
30 57 41 49 -5 16 0 T M M 5.8 12 20 M M 0 18 40
================================================================================
SM 2047 1510 179 16 6.77 M 234.9 M 121
================================================================================
AV 68.2 50.3 7.8 FASTST M M 4 MAX(MPH)
MISC ----> 32 320 43 310
================================================================================
NOTES:
# LAST OF SEVERAL OCCURRENCES
COLUMN 17 PEAK WIND IN M.P.H.
PRELIMINARY LOCAL CLIMATOLOGICAL DATA (WS FORM: F-6) , PAGE 2
STATION: MOUNT POCONO PA
MONTH: SEPTEMBER
YEAR: 2022
LATITUDE: 41 8 N
LONGITUDE: 75 24 W
[TEMPERATURE DATA] [PRECIPITATION DATA] SYMBOLS USED IN COLUMN 16
AVERAGE MONTHLY: 59.3 TOTAL FOR MONTH: 6.77 1 = FOG OR MIST
DPTR FM NORMAL: 0.3 DPTR FM NORMAL: 1.18 2 = FOG REDUCING VISIBILITY
HIGHEST: 80 ON 4 GRTST 24HR 1.84 ON 7- 7 TO 1/4 MILE OR LESS
LOWEST: 39 ON 24 3 = THUNDER
SNOW, ICE PELLETS, HAIL 4 = ICE PELLETS
TOTAL MONTH: M 5 = HAIL
GRTST 24HR M ON M 6 = FREEZING RAIN OR DRIZZLE
GRTST DEPTH: M ON M 7 = DUSTSTORM OR SANDSTORM:
VSBY 1/2 MILE OR LESS
8 = SMOKE OR HAZE
[NO. OF DAYS WITH] [WEATHER - DAYS WITH] 9 = BLOWING SNOW
X = TORNADO
MAX 32 OR BELOW: 0 0.01 INCH OR MORE: 11
MAX 90 OR ABOVE: 0 0.10 INCH OR MORE: 9
MIN 32 OR BELOW: 0 0.50 INCH OR MORE: 5
MIN 0 OR BELOW: 0 1.00 INCH OR MORE: 2
[HDD (BASE 65) ]
TOTAL THIS MO. 179 CLEAR (SCALE 0-3) 13
DPTR FM NORMAL -22 PTCLDY (SCALE 4-7) 12
TOTAL FM JUL 1 196 CLOUDY (SCALE 8-10) 5
DPTR FM NORMAL -79
[CDD (BASE 65) ]
TOTAL THIS MO. 16
DPTR FM NORMAL -6 [PRESSURE DATA]
TOTAL FM JAN 1 387 HIGHEST SLP 30.42 ON 29
DPTR FM NORMAL 100 LOWEST SLP 29.61 ON 25
[REMARKS]
#FINAL-09-22#