000
CXUS51 KPHI 011834
CLMMPO
CLIMATE REPORT
NATIONAL WEATHER SERVICE MOUNT HOLLY NJ
234 PM EDT SUN OCT 01 2023
...................................
...THE MOUNT POCONO PA CLIMATE SUMMARY FOR THE MONTH OF SEPTEMBER 2023...
CLIMATE NORMAL PERIOD: 1991 TO 2020
CLIMATE RECORD PERIOD: 1901 TO 2023
WEATHER OBSERVED NORMAL DEPART LAST YEAR`S
VALUE DATE(S) VALUE FROM VALUE
NORMAL
..............................................................
TEMPERATURE (F)
RECORD
HIGH 95 09/02/1953
LOW 22 09/24/1963
HIGHEST 85 MM MM 80
LOWEST 41 MM MM 39
AVG. MAXIMUM 69.5 68.5 1.0 68.2
AVG. MINIMUM 51.8 49.6 2.2 50.3
MEAN 60.7 59.0 1.7 59.3
DAYS MAX >= 90 0 0.0 0.0 0
DAYS MAX <= 32 0 0.0 0.0 0
DAYS MIN <= 32 0 0.2 -0.2 0
DAYS MIN <= 0 0 0.0 0.0 0
PRECIPITATION (INCHES)
RECORD
MAXIMUM 15.27 1946
MINIMUM 0.20 1941
TOTALS 6.90 5.59 1.31 6.77
DAILY AVG. 0.23 0.19 0.04 0.23
DAYS >= .01 13 13.4 -0.4 11
DAYS >= .10 11 6.3 4.7 9
DAYS >= .50 5 3.1 1.9 5
DAYS >= 1.00 1 1.8 -0.8 2
GREATEST
24 HR. TOTAL 2.46 09/24 TO 09/25 1.84
DEGREE DAYS
HEATING TOTAL 177 201 -24 179
SINCE 7/1 212 275 -63 MM
COOLING TOTAL 57 22 35 16
SINCE 1/1 278 287 -9 MM
..............................................................
WIND (MPH)
AVERAGE WIND SPEED 7.3
HIGHEST WIND SPEED/DIRECTION 32/250 DATE 09/07
HIGHEST GUST SPEED/DIRECTION 44/250 DATE 09/07
SKY COVER
POSSIBLE SUNSHINE (PERCENT) MM
AVERAGE SKY COVER 0.43
NUMBER OF DAYS FAIR 16
NUMBER OF DAYS PC 6
NUMBER OF DAYS CLOUDY 8
AVERAGE RH (PERCENT) 80
WEATHER CONDITIONS. NUMBER OF DAYS WITH
THUNDERSTORM 5 MIXED PRECIP 0
HEAVY RAIN 6 RAIN 9
LIGHT RAIN 17 FREEZING RAIN 0
LT FREEZING RAIN 0 HEAVY SNOW 0
SNOW 0 LIGHT SNOW 0
SLEET 0 FOG 21
FOG W/VIS <= 1/4 MILE 4 HAZE 0
- INDICATES NEGATIVE NUMBERS.
R INDICATES RECORD WAS SET OR TIED.
MM INDICATES DATA IS MISSING.
T INDICATES TRACE AMOUNT.
$$