000
CXUS53 KMPX 011854
CF6MPX
PRELIMINARY LOCAL CLIMATOLOGICAL DATA (WS FORM: F-6)
STATION: CHANHASSEN MN
MONTH: AUGUST
YEAR: 2022
LATITUDE: 44 50 N
LONGITUDE: 93 34 W
TEMPERATURE IN F: :PCPN: SNOW: WIND :SUNSHINE: SKY :PK WND
================================================================================
1 2 3 4 5 6A 6B 7 8 9 10 11 12 13 14 15 16 17 18
12Z AVG MX 2MIN
DY MAX MIN AVG DEP HDD CDD WTR SNW DPTH SPD SPD DIR MIN PSBL S-S WX SPD DR
================================================================================
1 82 62 72 1 0 7 0.00 0.0 0 M M M M M M M M
2 93 61 77 6 0 12 0.19 0.0 0 M M M M M M M M
3 85 65 75 4 0 10 0.04 0.0 0 M M M M M M M M
4 82 58 70 -1 0 5 0.00 0.0 0 M M M M M M M M
5 88 64 76 5 0 11 0.00 0.0 0 M M M M M M M M
6 79 68 74 3 0 9 1.38 0.0 0 M M M M M M M M
7 75 59 67 -4 0 2 0.99 0.0 0 M M M M M M M M
8 74 55 65 -5 0 0 0.00 0.0 0 M M M M M M M M
9 80 54 67 -3 0 2 0.00 0.0 0 M M M M M M M M
10 83 61 72 2 0 7 0.00 0.0 0 M M M M M M M M
11 80 64 72 2 0 7 0.00 0.0 0 M M M M M M M M
12 71 60 66 -4 0 1 0.60 0.0 0 M M M M M M M M
13 72 61 67 -3 0 2 0.00 0.0 0 M M M M M M M M
14 74 56 65 -5 0 0 0.00 0.0 0 M M M M M M M M
15 75 55 65 -5 0 0 0.00 0.0 0 M M M M M M M M
16 79 61 70 0 0 5 0.00 0.0 0 M M M M M M M M
17 81 60 71 1 0 6 0.33 0.0 0 M M M M M M M M
18 80 61 71 2 0 6 0.27 0.0 0 M M M M M M M M
19 72 59 66 -3 0 1 0.03 0.0 0 M M M M M M M M
20 73 61 67 -2 0 2 0.00 0.0 0 M M M M M M M M
21 79 57 68 -1 0 3 0.00 0.0 0 M M M M M M M M
22 80 55 68 -1 0 3 0.00 0.0 0 M M M M M M M M
23 82 57 70 2 0 5 0.00 0.0 0 M M M M M M M M
24 79 67 73 5 0 8 0.00 0.0 0 M M M M M M M M
25 75 61 68 0 0 3 T 0.0 0 M M M M M M M M
26 79 55 67 -1 0 2 0.06 0.0 0 M M M M M M M M
27 81 63 72 4 0 7 0.63 0.0 0 M M M M M M M M
28 80 66 73 5 0 8 0.36 0.0 0 M M M M M M M M
29 78 63 71 4 0 6 0.00 0.0 0 M M M M M M M M
30 78 58 68 1 0 3 0.00 0.0 0 M M M M M M M M
31 86 56 71 4 0 6 0.00 0.0 0 M M M M M M M M
================================================================================
SM 2455 1863 0 149 4.88 0.0 M M M
================================================================================
AV 79.2 60.1 M FASTST M M M MAX(MPH)
MISC ----> M M M M
================================================================================
NOTES:
# LAST OF SEVERAL OCCURRENCES
COLUMN 17 PEAK WIND IN M.P.H.
PRELIMINARY LOCAL CLIMATOLOGICAL DATA (WS FORM: F-6) , PAGE 2
STATION: CHANHASSEN MN
MONTH: AUGUST
YEAR: 2022
LATITUDE: 44 50 N
LONGITUDE: 93 34 W
[TEMPERATURE DATA] [PRECIPITATION DATA] SYMBOLS USED IN COLUMN 16
AVERAGE MONTHLY: 69.6 TOTAL FOR MONTH: 4.88 1 = FOG OR MIST
DPTR FM NORMAL: 0.2 DPTR FM NORMAL: 0.12 2 = FOG REDUCING VISIBILITY
HIGHEST: 93 ON 2 GRTST 24HR 1.38 ON 6- 6 TO 1/4 MILE OR LESS
LOWEST: 54 ON 9 3 = THUNDER
SNOW, ICE PELLETS, HAIL 4 = ICE PELLETS
TOTAL MONTH: 0.0 INCH 5 = HAIL
GRTST 24HR 0.0 6 = FREEZING RAIN OR DRIZZLE
GRTST DEPTH: 0 7 = DUSTSTORM OR SANDSTORM:
VSBY 1/2 MILE OR LESS
8 = SMOKE OR HAZE
[NO. OF DAYS WITH] [WEATHER - DAYS WITH] 9 = BLOWING SNOW
X = TORNADO
MAX 32 OR BELOW: 0 0.01 INCH OR MORE: 11
MAX 90 OR ABOVE: 1 0.10 INCH OR MORE: 8
MIN 32 OR BELOW: 0 0.50 INCH OR MORE: 4
MIN 0 OR BELOW: 0 1.00 INCH OR MORE: 1
[HDD (BASE 65) ]
TOTAL THIS MO. 0 CLEAR (SCALE 0-3) 0
DPTR FM NORMAL -18 PTCLDY (SCALE 4-7) 0
TOTAL FM JUL 1 0 CLOUDY (SCALE 8-10) 31
DPTR FM NORMAL -22
[CDD (BASE 65) ]
TOTAL THIS MO. 149
DPTR FM NORMAL -5 [PRESSURE DATA]
TOTAL FM JAN 1 636 HIGHEST SLP M ON M
DPTR FM NORMAL 111 LOWEST SLP M ON M
[REMARKS]
#FINAL-08-22#