110
CXUS53 KMPX 032124
CF6MPX
PRELIMINARY LOCAL CLIMATOLOGICAL DATA (WS FORM: F-6)
STATION: CHANHASSEN MN
MONTH: JULY
YEAR: 2020
LATITUDE: 44 50 N
LONGITUDE: 93 34 W
TEMPERATURE IN F: :PCPN: SNOW: WIND :SUNSHINE: SKY :PK WND
================================================================================
1 2 3 4 5 6A 6B 7 8 9 10 11 12 13 14 15 16 17 18
12Z AVG MX 2MIN
DY MAX MIN AVG DEP HDD CDD WTR SNW DPTH SPD SPD DIR MIN PSBL S-S WX SPD DR
================================================================================
1 86 71 79 8 0 14 0.00 0.0 0 M M M M M M M M
2 89 68 79 7 0 14 0.00 0.0 0 M M M M M M M M
3 88 65 77 5 0 12 0.00 0.0 0 M M M M M M M M
4 89 65 77 5 0 12 0.00 0.0 0 M M M M M M M M
5 89 65 77 5 0 12 0.00 0.0 0 M M M M M M M M
6 89 65 77 5 0 12 T 0.0 0 M M M M M M M M
7 86 66 76 4 0 11 0.26 0.0 0 M M M M M M M M
8 91 70 81 9 0 16 0.02 0.0 0 M M M M M M M M
9 80 68 74 2 0 9 0.02 0.0 0 M M M M M M M M
10 83 62 73 1 0 8 0.00 0.0 0 M M M M M M M M
11 82 63 73 1 0 8 0.29 0.0 0 M M M M M M M M
12 81 62 72 0 0 7 0.00 0.0 0 M M M M M M M M
13 83 60 72 0 0 7 0.00 0.0 0 M M M M M M M M
14 76 57 67 -5 0 2 0.13 0.0 0 M M M M M M M M
15 79 53 66 -6 0 1 0.00 0.0 0 M M M M M M M M
16 83 56 70 -2 0 5 0.00 0.0 0 M M M M M M M M
17 87 67 77 5 0 12 0.00 0.0 0 M M M M M M M M
18 89 66 78 6 0 13 0.76 0.0 0 M M M M M M M M
19 81 65 73 1 0 8 0.00 0.0 0 M M M M M M M M
20 81 60 71 -1 0 6 0.00 0.0 0 M M M M M M M M
21 80 60 70 -2 0 5 0.25 0.0 0 M M M M M M M M
22 67 56 62 -10 3 0 0.00 0.0 0 M M M M M M M M
23 80 53 67 -5 0 2 0.00 0.0 0 M M M M M M M M
24 89 69 79 7 0 14 0.00 0.0 0 M M M M M M M M
25 86 69 78 6 0 13 0.02 0.0 0 M M M M M M M M
26 84 66 75 3 0 10 0.42 0.0 0 M M M M M M M M
27 82 59 71 -1 0 6 0.00 0.0 0 M M M M M M M M
28 82 63 73 1 0 8 0.02 0.0 0 M M M M M M M M
29 82 59 71 -1 0 6 0.00 0.0 0 M M M M M M M M
30 81 60 71 -1 0 6 0.00 0.0 0 M M M M M M M M
31 82 57 70 -2 0 5 0.00 0.0 0 M M M M M M M M
================================================================================
SM 2587 1945 3 264 2.19 0.0 M M M
================================================================================
AV 83.5 62.7 M FASTST M M M MAX(MPH)
MISC ----> M M M M
================================================================================
NOTES:
# LAST OF SEVERAL OCCURRENCES
COLUMN 17 PEAK WIND IN M.P.H.
PRELIMINARY LOCAL CLIMATOLOGICAL DATA (WS FORM: F-6) , PAGE 2
STATION: CHANHASSEN MN
MONTH: JULY
YEAR: 2020
LATITUDE: 44 50 N
LONGITUDE: 93 34 W
[TEMPERATURE DATA] [PRECIPITATION DATA] SYMBOLS USED IN COLUMN 16
AVERAGE MONTHLY: 73.1 TOTAL FOR MONTH: 2.19 1 = FOG OR MIST
DPTR FM NORMAL: 1.1 DPTR FM NORMAL: -1.40 2 = FOG REDUCING VISIBILITY
HIGHEST: 91 ON 8 GRTST 24HR 0.76 ON 18-18 TO 1/4 MILE OR LESS
LOWEST: 53 ON 23,15 3 = THUNDER
SNOW, ICE PELLETS, HAIL 4 = ICE PELLETS
TOTAL MONTH: 0.0 INCH 5 = HAIL
GRTST 24HR 0.0 6 = FREEZING RAIN OR DRIZZLE
GRTST DEPTH: 0 7 = DUSTSTORM OR SANDSTORM:
VSBY 1/2 MILE OR LESS
8 = SMOKE OR HAZE
[NO. OF DAYS WITH] [WEATHER - DAYS WITH] 9 = BLOWING SNOW
X = TORNADO
MAX 32 OR BELOW: 0 0.01 INCH OR MORE: 10
MAX 90 OR ABOVE: 1 0.10 INCH OR MORE: 6
MIN 32 OR BELOW: 0 0.50 INCH OR MORE: 1
MIN 0 OR BELOW: 0 1.00 INCH OR MORE: 0
[HDD (BASE 65) ]
TOTAL THIS MO. 3 CLEAR (SCALE 0-3) 0
DPTR FM NORMAL -5 PTCLDY (SCALE 4-7) 0
TOTAL FM JUL 1 3 CLOUDY (SCALE 8-10) 31
DPTR FM NORMAL 3
[CDD (BASE 65) ]
TOTAL THIS MO. 264
DPTR FM NORMAL 39 [PRESSURE DATA]
TOTAL FM JAN 1 456 HIGHEST SLP M ON M
DPTR FM NORMAL 71 LOWEST SLP M ON M
[REMARKS]
#FINAL-07-20#