000
CXUS56 KMTR 010900
CF6MRY
PRELIMINARY LOCAL CLIMATOLOGICAL DATA (WS FORM: F-6)
STATION: MONTEREY AIRPORT
MONTH: JUNE
YEAR: 2022
LATITUDE: 36 34 N
LONGITUDE: 121 51 W
TEMPERATURE IN F: :PCPN: SNOW: WIND :SUNSHINE: SKY :PK WND
================================================================================
1 2 3 4 5 6A 6B 7 8 9 10 11 12 13 14 15 16 17 18
12Z AVG MX 2MIN
DY MAX MIN AVG DEP HDD CDD WTR SNW DPTH SPD SPD DIR MIN PSBL S-S WX SPD DR
================================================================================
1 70 50 60 1 5 0 0.00 M M 5.1 13 270 M M 3 128 18 250
2 71 53 62 3 3 0 0.00 M M 7.4 15 270 M M 1 18 22 280
3 71 55 63 4 2 0 0.00 M M 6.6 15 240 M M 7 18 22 260
4 74 55 65 6 0 0 0.00 M M 5.8 16 330 M M 5 18 20 310
5 78 60 69 10 0 4 0.00 M M 6.9 17 270 M M 8 18 26 280
6 70 53 62 3 3 0 0.01 M M 7.7 15 270 M M 4 18 20 280
7 68 51 60 1 5 0 0.00 M M 7.4 17 270 M M 3 18 24 290
8 72 53 63 3 2 0 0.00 M M 6.3 15 280 M M 2 22 340
9 78 54 66 6 0 1 0.00 M M 6.7 16 280 M M 2 18 22 280
10 86 57 72 12 0 7 0.00 M M 4.5 17 260 M M 0 8 27 280
11 80 57 69 9 0 4 0.00 M M 6.3 15 290 M M 0 21 280
12 79 57 68 8 0 3 0.00 M M 7.3 17 270 M M 5 18 21 270
13 65 53 59 -1 6 0 0.00 M M 7.7 17 260 M M 2 26 260
14 68 49 59 -1 6 0 0.00 M M 6.0 15 310 M M 0 8 20 280
15 67 50 59 -1 6 0 0.00 M M 6.9 15 270 M M 0 8 22 260
16 66 53 60 0 5 0 0.00 M M 10.2 23 260 M M 1 8 33 250
17 69 55 62 2 3 0 0.00 M M 7.8 17 300 M M 2 26 250
18 66 52 59 -1 6 0 0.00 M M 8.2 22 280 M M 3 37 300
19 69 50 60 0 5 0 0.00 M M 7.1 16 330 M M 1 22 300
20 72 50 61 1 4 0 0.00 M M 5.5 12 290 M M 1 18 280
21 92 55 74 14 0 9 0.00 M M 4.7 12 270 M M 0 17 290
22 88 57 73 13 0 8 0.00 M M 4.6 15 280 M M 1 18 21 260
23 74 54 64 3 1 0 0.00 M M 5.1 14 340 M M 3 18 18 350
24 75 52 64 3 1 0 0.00 M M 4.5 9 40 M M 5 128 14 20
25 69 51 60 -1 5 0 0.00 M M 4.4 14 340 M M 6 18 19 340
26 67 53 60 -1 5 0 0.00 M M 4.5 14 330 M M 7 18 17 350
27 66 54 60 -1 5 0 0.00 M M 5.8 13 270 M M 8 128 17 320
28 71 53 62 1 3 0 0.00 M M 6.9 17 280 M M 4 128 24 260
29 67 55 61 0 4 0 0.00 M M 9.4 15 260 M M 7 18 22 330
30 64 55 60 -1 5 0 0.00 M M 8.3 15 300 M M 9 1 21 290
================================================================================
SM 2172 1606 90 36 0.01 M 195.6 M 100
================================================================================
AV 72.4 53.5 6.5 FASTST M M 3 MAX(MPH)
MISC ----> 23 260 37 300
================================================================================
NOTES:
# LAST OF SEVERAL OCCURRENCES
COLUMN 17 PEAK WIND IN M.P.H.
PRELIMINARY LOCAL CLIMATOLOGICAL DATA (WS FORM: F-6) , PAGE 2
STATION: MONTEREY AIRPORT
MONTH: JUNE
YEAR: 2022
LATITUDE: 36 34 N
LONGITUDE: 121 51 W
[TEMPERATURE DATA] [PRECIPITATION DATA] SYMBOLS USED IN COLUMN 16
AVERAGE MONTHLY: 63.0 TOTAL FOR MONTH: 0.01 1 = FOG OR MIST
DPTR FM NORMAL: 2.9 DPTR FM NORMAL: -0.12 2 = FOG REDUCING VISIBILITY
HIGHEST: 92 ON 21 GRTST 24HR 0.01 ON 6- 6 TO 1/4 MILE OR LESS
LOWEST: 49 ON 14 3 = THUNDER
SNOW, ICE PELLETS, HAIL 4 = ICE PELLETS
TOTAL MONTH: M 5 = HAIL
GRTST 24HR M ON M 6 = FREEZING RAIN OR DRIZZLE
GRTST DEPTH: M ON M 7 = DUSTSTORM OR SANDSTORM:
VSBY 1/2 MILE OR LESS
8 = SMOKE OR HAZE
[NO. OF DAYS WITH] [WEATHER - DAYS WITH] 9 = BLOWING SNOW
X = TORNADO
MAX 32 OR BELOW: 0 0.01 INCH OR MORE: 1
MAX 90 OR ABOVE: 1 0.10 INCH OR MORE: 0
MIN 32 OR BELOW: 0 0.50 INCH OR MORE: 0
MIN 0 OR BELOW: 0 1.00 INCH OR MORE: 0
[HDD (BASE 65) ]
TOTAL THIS MO. 90 CLEAR (SCALE 0-3) 18
DPTR FM NORMAL -64 PTCLDY (SCALE 4-7) 11
TOTAL FM JUL 1 2216 CLOUDY (SCALE 8-10) 1
DPTR FM NORMAL -658
[CDD (BASE 65) ]
TOTAL THIS MO. 36
DPTR FM NORMAL 31 [PRESSURE DATA]
TOTAL FM JAN 1 49 HIGHEST SLP M ON M
DPTR FM NORMAL 38 LOWEST SLP 29.87 ON 21
[REMARKS]
#FINAL-06-22#