000
CXUS53 KMKX 011635
CLSMSN
CLIMATE REPORT
NATIONAL WEATHER SERVICE MILWAUKEE/SULLIVAN WI
1035 AM CST WED DEC 01 2021
...................................
...THE MADISON WI CLIMATE SUMMARY FOR THE SEASON, FROM
9/1/2021 TO 11/30/2021...
CLIMATE NORMAL PERIOD 1991 TO 2020
CLIMATE RECORD PERIOD 1871 TO 2021
WEATHER OBSERVED NORMAL DEPART LAST YEAR`S
VALUE DATE(S) VALUE FROM VALUE DATE(S)
NORMAL
................................................................
TEMPERATURE (F)
RECORD
HIGH 99 09/01/1953
LOW -14 11/28/1887
HIGHEST 88 09/19 87 1 81 09/02
LOWEST 13 11/26 9 4 19 11/30
AVG. MAXIMUM 62.5 59.1 3.4 58.3
AVG. MINIMUM 41.9 39.8 2.1 39.5
MEAN 52.2 49.5 2.7 49.0
DAYS MAX >= 90 0 0.6 -0.6 0
DAYS MAX <= 32 2 4.1 -2.1 1
DAYS MIN <= 32 27 27.4 -0.4 33
DAYS MIN <= 0 0 0.1 -0.1 0
PRECIPITATION (INCHES)
RECORD
MAXIMUM 19.85 1881
MINIMUM 2.10 1976
TOTALS 4.54 8.42 -3.88 8.64
DAILY AVG. 0.05 0.09 -0.04 0.09
DAYS >= .01 24 28.9 -4.9 29
DAYS >= .10 10 16.1 -6.1 18
DAYS >= .50 3 5.4 -2.4 6
DAYS >= 1.00 1 1.8 -0.8 1
GREATEST
24 HR. TOTAL 1.17 09/12 TO 09/13 1.88
SNOWFALL (INCHES)
RECORDS
TOTAL 18.3 1985
TOTALS 0.6 4.1 -3.5 2.3
SINCE 7/1 0.6 4.1 -3.5 2.3
SNOWDEPTH AVG. 0 0
DAYS >= 1.0 0 1.0 -1.0 1
GREATEST
SNOW DEPTH T 11/26 T 11/24
24 HR TOTAL 0.4 11/13 TO 11/13 2.2 11/24
DEGREE DAYS
HEATING TOTAL 1207 1478 -271 1455
SINCE 7/1 1209 1506 -297 834
COOLING TOTAL 68 65 3 17
SINCE 1/1 847 628 219 17
FREEZE DATES
RECORD
EARLIEST 09/12/1955
LATEST 05/31/1966
EARLIEST 10/22
LATEST 05/11
................................................................
WIND (MPH)
AVERAGE WIND SPEED 6.3
RESULTANT WIND SPEED/DIRECTION 0/200
HIGHEST WIND SPEED/DIRECTION 26/310 DATE 10/25
26/020 11/21
HIGHEST GUST SPEED/DIRECTION 44/310 DATE 11/21
SKY COVER
POSSIBLE SUNSHINE (PERCENT) MM
AVERAGE SKY COVER 0.52
NUMBER OF DAYS FAIR 27
NUMBER OF DAYS PC 42
NUMBER OF DAYS CLOUDY 22
AVERAGE RH (PERCENT) 69
WEATHER CONDITIONS. NUMBER OF DAYS WITH
THUNDERSTORM 9 MIXED PRECIP 0
HEAVY RAIN 3 RAIN 8
LIGHT RAIN 29 FREEZING RAIN 0
LT FREEZING RAIN 0 HAIL 1
HEAVY SNOW 0 SNOW 0
LIGHT SNOW 9 SLEET 0
FOG 41 FOG W/VIS <= 1/4 MILE 4
HAZE 4
- INDICATES NEGATIVE NUMBERS.
R INDICATES RECORD WAS SET OR TIED.
MM INDICATES DATA IS MISSING.
T INDICATES TRACE AMOUNT.
$$