000
CXUS55 KMSO 010900
CF6MSO
PRELIMINARY LOCAL CLIMATOLOGICAL DATA (WS FORM: F-6)
STATION: MISSOULA MT
MONTH: JUNE
YEAR: 2020
LATITUDE: 46 55 N
LONGITUDE: 114 5 W
TEMPERATURE IN F: :PCPN: SNOW: WIND :SUNSHINE: SKY :PK WND
================================================================================
1 2 3 4 5 6A 6B 7 8 9 10 11 12 13 14 15 16 17 18
12Z AVG MX 2MIN
DY MAX MIN AVG DEP HDD CDD WTR SNW DPTH SPD SPD DIR MIN PSBL S-S WX SPD DR
================================================================================
1 60 41 51 -7 14 0 0.01 0.0 0 2.5 14 320 M M 5 18 320
2 77 40 59 1 6 0 0.00 0.0 0 2.9 12 310 M M 2 12 16 310
3 77 48 63 5 2 0 0.00 0.0 0 6.8 20 320 M M 3 26 290
4 74 49 62 4 3 0 T 0.0 0 7.0 26 290 M M 5 34 290
5 81 43 62 4 3 0 T 0.0 0 9.1 25 310 M M 1 35 310
6 63 51 57 -2 8 0 0.11 0.0 0 6.9 15 340 M M 9 1 19 320
7 58 45 52 -7 13 0 0.01 0.0 0 8.1 18 280 M M 9 23 280
8 62 43 53 -6 12 0 0.20 0.0 0 10.4 32 250 M M 8 1 38 250
9 60 35 48 -11 17 0 T 0.0 0 3.4 15 240 M M 6 18 250
10 74 46 60 0 5 0 0.02 0.0 0 2.5 12 340 M M 6 1 19 310
11 85 42 64 4 1 0 0.00 0.0 0 3.2 16 110 M M 0 30 100
12 90 54 72 12 0 7 0.01 0.0 0 8.0 22 10 M M 0 3 28 10
13 78 45 62 2 3 0 0.03 0.0 0 9.9 30 260 M M 3 40 250
14 62 43 53 -7 12 0 0.05 0.0 0 7.5 31 220 M M 8 5 38 210
15 61 34 48 -13 17 0 T 0.0 0 5.1 15 160 M M 6 19 210
16 66 48 57 -4 8 0 T 0.0 0 8.6 22 310 M M 8 27 290
17 63 50 57 -4 8 0 T 0.0 0 8.6 21 300 M M 10 27 300
18 71 48 60 -1 5 0 T 0.0 0 4.6 18 300 M M 7 22 300
19 76 45 61 -1 4 0 0.01 0.0 0 5.0 22 170 M M 4 26 170
20 70 45 58 -4 7 0 0.05 0.0 0 1.9 10 340 M M 5 1 16 80
21 80 53 67 5 0 2 0.01 0.0 0 5.9 18 300 M M 4 24 300
22 83 45 64 2 1 0 0.00 0.0 0 3.0 15 330 M M 0 19 340
23 89 51 70 7 0 5 0.00 0.0 0 3.2 12 280 M M 0 16 280
24 90 52 71 8 0 6 0.00 0.0 0 6.4 36 10 M M 1 38 45 20
25 86 52 69 6 0 4 T 0.0 0 4.9 16 10 M M 0 21 10
26 91 53 72 8 0 7 0.00 0.0 0 5.6 20 270 M M 0 30 230
27 81 54 68 4 0 3 T 0.0 0 8.9 23 280 M M 5 28 270
28 69 48 59 -5 6 0 0.44 0.0 0 6.8 31 70 M M 6 13 39 80
29 55 49 52 -12 13 0 0.97 0.0 0 3.8 9 300 M M 10 1 13 310
30 59 48 54 -11 11 0 0.61 0.0 0 4.0 13 150 M M 9 1 16 130
================================================================================
SM 2191 1400 179 34 2.53 0.0 174.5 M 140
================================================================================
AV 73.0 46.7 5.8 FASTST M M 5 MAX(MPH)
MISC ----> 36 10 45 20
================================================================================
NOTES:
# LAST OF SEVERAL OCCURRENCES
COLUMN 17 PEAK WIND IN M.P.H.
PRELIMINARY LOCAL CLIMATOLOGICAL DATA (WS FORM: F-6) , PAGE 2
STATION: MISSOULA MT
MONTH: JUNE
YEAR: 2020
LATITUDE: 46 55 N
LONGITUDE: 114 5 W
[TEMPERATURE DATA] [PRECIPITATION DATA] SYMBOLS USED IN COLUMN 16
AVERAGE MONTHLY: 59.9 TOTAL FOR MONTH: 2.53 1 = FOG OR MIST
DPTR FM NORMAL: -1.1 DPTR FM NORMAL: 0.46 2 = FOG REDUCING VISIBILITY
HIGHEST: 91 ON 26 GRTST 24HR 1.34 ON 29-30 TO 1/4 MILE OR LESS
LOWEST: 34 ON 15 3 = THUNDER
SNOW, ICE PELLETS, HAIL 4 = ICE PELLETS
TOTAL MONTH: 0.0 INCH 5 = HAIL
GRTST 24HR 0.0 6 = FREEZING RAIN OR DRIZZLE
GRTST DEPTH: 0 7 = DUSTSTORM OR SANDSTORM:
VSBY 1/2 MILE OR LESS
8 = SMOKE OR HAZE
[NO. OF DAYS WITH] [WEATHER - DAYS WITH] 9 = BLOWING SNOW
X = TORNADO
MAX 32 OR BELOW: 0 0.01 INCH OR MORE: 14
MAX 90 OR ABOVE: 3 0.10 INCH OR MORE: 5
MIN 32 OR BELOW: 0 0.50 INCH OR MORE: 2
MIN 0 OR BELOW: 0 1.00 INCH OR MORE: 0
[HDD (BASE 65) ]
TOTAL THIS MO. 179 CLEAR (SCALE 0-3) 10
DPTR FM NORMAL 19 PTCLDY (SCALE 4-7) 15
TOTAL FM JUL 1 7191 CLOUDY (SCALE 8-10) 5
DPTR FM NORMAL -94
[CDD (BASE 65) ]
TOTAL THIS MO. 34
DPTR FM NORMAL -3 [PRESSURE DATA]
TOTAL FM JAN 1 42 HIGHEST SLP M ON M
DPTR FM NORMAL -1 LOWEST SLP 29.44 ON 5
[REMARKS]
#FINAL-06-20#