000
CXUS54 KLIX 010810
CF6MSY
PRELIMINARY LOCAL CLIMATOLOGICAL DATA (WS FORM: F-6)
STATION: NEW ORLEANS
MONTH: OCTOBER
YEAR: 2021
LATITUDE: 29 58 N
LONGITUDE: 90 15 W
TEMPERATURE IN F: :PCPN: SNOW: WIND :SUNSHINE: SKY :PK WND
================================================================================
1 2 3 4 5 6A 6B 7 8 9 10 11 12 13 14 15 16 17 18
12Z AVG MX 2MIN
DY MAX MIN AVG DEP HDD CDD WTR SNW DPTH SPD SPD DIR MIN PSBL S-S WX SPD DR
================================================================================
1 86 75 81 3 0 16 0.00 0.0 M 9.1 18 120 M M 8 22 130
2 85 74 80 3 0 15 0.11 0.0 M 6.0 22 140 M M 9 13 27 130
3 85 74 80 3 0 15 1.20 0.0 M 3.5 16 110 M M 8 13 20 100
4 84 73 79 2 0 14 0.15 0.0 M 3.7 12 250 M M 8 13 14 220
5 82 72 77 1 0 12 0.00 0.0 M 3.4 10 360 M M 6 1 14 360
6 86 70 78 2 0 13 0.00 0.0 M 3.4 9 160 M M 4 1 13 350
7 87 70 79 3 0 14 M 0.0 M 3.5 10 60 M M 3 17 70
8 87 70 79 4 0 14 0.00 0.0 M 2.6 12 40 M M 1 8 15 40
9 87 67 77 2 0 12 0.00 0.0 M 3.7 10 10 M M 4 1 13 30
10 86 69 78 3 0 13 0.00 0.0 M 7.0 15 180 M M 3 1 19 180
11 85 72 79 5 0 14 0.00 0.0 M 7.9 18 150 M M 5 22 140
12 86 75 81 7 0 16 0.00 0.0 M 7.1 14 130 M M 5 17 130
13 87 73 80 6 0 15 0.00 0.0 M 9.2 16 140 M M 5 21 160
14 87 73 80 7 0 15 T 0.0 M 7.1 15 150 M M 8 1 20 140
15 88 72 80 7 0 15 T 0.0 M 5.8 12 280 M M 6 3 16 170
16 79 65 72 -1 0 7 M 0.0 M 11.3 21 360 M M 5 8 30 350
17 74 63 69 -3 0 4 0.00 0.0 M 10.4 18 40 M M 4 26 30
18 74 61 68 -4 0 3 0.00 0.0 M 7.3 12 40 M M 5 8 16 30
19 80 63 72 0 0 7 0.00 0.0 M 7.4 15 90 M M 5 8 18 100
20 86 73 80 9 0 15 0.00 0.0 M 10.0 20 150 M M 7 25 140
21 87 72 80 9 0 15 0.00 0.0 M 3.5 10 320 M M 5 18 13 330
22 87 70 79 9 0 14 0.00 0.0 M 3.1 10 170 M M 4 18 14 180
23 85 71 78 8 0 13 0.00 0.0 M 7.5 14 120 M M 6 1 21 140
24 83 73 78 8 0 13 T 0.0 M 9.4 20 130 M M 7 24 140
25 87 70 79 10 0 14 0.00 0.0 M 3.9 12 330 M M 3 1 16 300
26 81 68 75 6 0 10 0.00 0.0 M 6.1 13 60 M M 4 16 60
27 84 68 76 8 0 11 0.98 0.0 M 12.6 37 250 M M 8 13 51 260
28 73 62 68 0 0 3 0.00 0.0 M 13.6 30 250 M M 4 40 270
29 67 56 62 -6 3 0 0.00 0.0 M 13.9 24 280 M M 7 8 31 250
30 68 53 61 -6 4 0 0.00 0.0 M 5.6 13 280 M M 3 17 310
31 74 53 64 -3 1 0 0.00 0.0 M 2.2 9 40 M M 1 1 30 90
================================================================================
SM 2557 2120 8 342 2.44 0.0 210.8 M 161
================================================================================
AV 82.5 68.4 6.8 FASTST M M 5 MAX(MPH)
MISC ----> 37 250 51 260
================================================================================
NOTES:
# LAST OF SEVERAL OCCURRENCES
COLUMN 17 PEAK WIND IN M.P.H.
PRELIMINARY LOCAL CLIMATOLOGICAL DATA (WS FORM: F-6) , PAGE 2
STATION: NEW ORLEANS
MONTH: OCTOBER
YEAR: 2021
LATITUDE: 29 58 N
LONGITUDE: 90 15 W
[TEMPERATURE DATA] [PRECIPITATION DATA] SYMBOLS USED IN COLUMN 16
AVERAGE MONTHLY: 75.4 TOTAL FOR MONTH: 2.44 1 = FOG OR MIST
DPTR FM NORMAL: 2.9 DPTR FM NORMAL: -1.26 2 = FOG REDUCING VISIBILITY
HIGHEST: 88 ON 15 GRTST 24HR 1.22 ON 2- 3 TO 1/4 MILE OR LESS
LOWEST: 53 ON 31,30 3 = THUNDER
SNOW, ICE PELLETS, HAIL 4 = ICE PELLETS
TOTAL MONTH: 0.0 INCH 5 = HAIL
GRTST 24HR 0.0 6 = FREEZING RAIN OR DRIZZLE
GRTST DEPTH: M ON M 7 = DUSTSTORM OR SANDSTORM:
VSBY 1/2 MILE OR LESS
8 = SMOKE OR HAZE
[NO. OF DAYS WITH] [WEATHER - DAYS WITH] 9 = BLOWING SNOW
X = TORNADO
MAX 32 OR BELOW: 0 0.01 INCH OR MORE: 4
MAX 90 OR ABOVE: 0 0.10 INCH OR MORE: 4
MIN 32 OR BELOW: 0 0.50 INCH OR MORE: 2
MIN 0 OR BELOW: 0 1.00 INCH OR MORE: 1
[HDD (BASE 65) ]
TOTAL THIS MO. 8 CLEAR (SCALE 0-3) 6
DPTR FM NORMAL -13 PTCLDY (SCALE 4-7) 22
TOTAL FM JUL 1 8 CLOUDY (SCALE 8-10) 3
DPTR FM NORMAL -9
[CDD (BASE 65) ]
TOTAL THIS MO. 342
DPTR FM NORMAL 90 [PRESSURE DATA]
TOTAL FM JAN 1 3335 HIGHEST SLP M ON M
DPTR FM NORMAL 226 LOWEST SLP 29.57 ON 27
[REMARKS]
#FINAL-10-21#