000
CXUS54 KLIX 010810
CF6MSY
PRELIMINARY LOCAL CLIMATOLOGICAL DATA (WS FORM: F-6)
STATION: NEW ORLEANS
MONTH: MAY
YEAR: 2021
LATITUDE: 29 58 N
LONGITUDE: 90 15 W
TEMPERATURE IN F: :PCPN: SNOW: WIND :SUNSHINE: SKY :PK WND
================================================================================
1 2 3 4 5 6A 6B 7 8 9 10 11 12 13 14 15 16 17 18
12Z AVG MX 2MIN
DY MAX MIN AVG DEP HDD CDD WTR SNW DPTH SPD SPD DIR MIN PSBL S-S WX SPD DR
================================================================================
1 83 71 77 3 0 12 T 0.0 M 10.2 18 80 M M 7 25 120
2 81 69 75 1 0 10 0.50 0.0 M 10.2 22 260 M M 8 138 27 180
3 87 78 83 9 0 18 0.00 0.0 M 11.9 22 180 M M 9 29 180
4 87 72 80 6 0 15 1.30 0.0 M 10.8 22 210 M M 10 13 31 190
5 78 71 75 0 0 10 1.84 0.0 M 7.1 14 10 M M 9 138 20 10
6 82 69 76 1 0 11 0.00 0.0 M 7.7 14 360 M M 3 21 50
7 85 62 74 -1 0 9 0.00 0.0 M 5.5 14 300 M M 1 18 320
8 85 66 76 1 0 11 0.00 0.0 M 8.4 15 160 M M 3 20 160
9 86 72 79 3 0 14 T 0.0 M 10.6 20 180 M M 6 26 180
10 85 71 78 2 0 13 4.10 0.0 M 7.0 21 160 M M 8 13 25 160
11 81 70 76 0 0 11 1.73 0.0 M 8.0 25 140 M M 9 13 30 140
12 81 71 76 0 0 11 1.66 0.0 M 7.5 24 300 M M 9 13 49 310
13 78 69 74 -2 0 9 0.00 0.0 M 8.4 16 50 M M 6 23 30
14 81 65 73 -4 0 8 0.00 0.0 M 6.3 14 50 M M 2 19 80
15 82 64 73 -4 0 8 0.00 0.0 M 7.2 17 90 M M 4 23 120
16 84 67 76 -1 0 11 0.00 0.0 M 10.6 21 140 M M 5 25 150
17 79 73 76 -2 0 11 0.19 0.0 M 13.5 23 120 M M 9 13 31 120
18 83 68 76 -2 0 11 0.64 0.0 M 10.0 24 110 M M 8 13 28 110
19 84 72 78 0 0 13 0.08 0.0 M 15.2 25 120 M M 7 31 110
20 82 73 78 0 0 13 0.72 0.0 M 19.9 32 100 M M 9 138 41 110
21 84 74 79 1 0 14 0.04 0.0 M 20.3 32 120 M M 8 40 120
22 85 72 79 0 0 14 0.00 0.0 M 13.0 23 100 M M 7 29 100
23 87 68 78 -1 0 13 0.00 0.0 M 8.0 18 130 M M 7 23 120
24 85 72 79 0 0 14 0.00 0.0 M 6.9 14 130 M M 7 18 140
25 88 72 80 1 0 15 0.00 0.0 M 8.7 17 180 M M 4 22 200
26 90 71 81 2 0 16 0.00 0.0 M 4.6 10 190 M M 4 17 240
27 89 75 82 2 0 17 0.00 0.0 M 6.0 16 210 M M 5 22 140
28 90 72 81 1 0 16 0.00 0.0 M 7.4 17 180 M M 5 21 310
29 82 70 76 -4 0 11 0.00 0.0 M 5.6 14 30 M M 7 20 30
30 84 67 76 -4 0 11 0.00 0.0 M 7.9 15 50 M M 5 22 60
31 88 70 79 -1 0 14 0.00 0.0 M 7.9 16 120 M M 4 20 40
================================================================================
SM 2606 2176 0 384 12.80 0.0 292.3 M 195
================================================================================
AV 84.1 70.2 9.4 FASTST M M 6 MAX(MPH)
MISC ----> # 32 100 49 310
================================================================================
NOTES:
# LAST OF SEVERAL OCCURRENCES
COLUMN 17 PEAK WIND IN M.P.H.
PRELIMINARY LOCAL CLIMATOLOGICAL DATA (WS FORM: F-6) , PAGE 2
STATION: NEW ORLEANS
MONTH: MAY
YEAR: 2021
LATITUDE: 29 58 N
LONGITUDE: 90 15 W
[TEMPERATURE DATA] [PRECIPITATION DATA] SYMBOLS USED IN COLUMN 16
AVERAGE MONTHLY: 77.1 TOTAL FOR MONTH: 12.80 1 = FOG OR MIST
DPTR FM NORMAL: 0.0 DPTR FM NORMAL: 7.16 2 = FOG REDUCING VISIBILITY
HIGHEST: 90 ON 28,26 GRTST 24HR 4.10 ON 9-10 TO 1/4 MILE OR LESS
LOWEST: 62 ON 7 3 = THUNDER
SNOW, ICE PELLETS, HAIL 4 = ICE PELLETS
TOTAL MONTH: 0.0 INCH 5 = HAIL
GRTST 24HR 0.0 6 = FREEZING RAIN OR DRIZZLE
GRTST DEPTH: M ON M 7 = DUSTSTORM OR SANDSTORM:
VSBY 1/2 MILE OR LESS
8 = SMOKE OR HAZE
[NO. OF DAYS WITH] [WEATHER - DAYS WITH] 9 = BLOWING SNOW
X = TORNADO
MAX 32 OR BELOW: 0 0.01 INCH OR MORE: 11
MAX 90 OR ABOVE: 2 0.10 INCH OR MORE: 9
MIN 32 OR BELOW: 0 0.50 INCH OR MORE: 8
MIN 0 OR BELOW: 0 1.00 INCH OR MORE: 5
[HDD (BASE 65) ]
TOTAL THIS MO. 0 CLEAR (SCALE 0-3) 4
DPTR FM NORMAL -1 PTCLDY (SCALE 4-7) 16
TOTAL FM JUL 1 1050 CLOUDY (SCALE 8-10) 11
DPTR FM NORMAL -125
[CDD (BASE 65) ]
TOTAL THIS MO. 384
DPTR FM NORMAL 6 [PRESSURE DATA]
TOTAL FM JAN 1 746 HIGHEST SLP M ON M
DPTR FM NORMAL 57 LOWEST SLP 29.73 ON 2
[REMARKS]
#FINAL-05-21#