000
CXUS51 KBTV 010700
CF6MVL
PRELIMINARY LOCAL CLIMATOLOGICAL DATA (WS FORM: F-6)
STATION: MORRISVILLE VT
MONTH: AUGUST
YEAR: 2023
LATITUDE: 44 31 N
LONGITUDE: 72 37 W
TEMPERATURE IN F: :PCPN: SNOW: WIND :SUNSHINE: SKY :PK WND
================================================================================
1 2 3 4 5 6A 6B 7 8 9 10 11 12 13 14 15 16 17 18
12Z AVG MX 2MIN
DY MAX MIN AVG DEP HDD CDD WTR SNW DPTH SPD SPD DIR MIN PSBL S-S WX SPD DR
================================================================================
1 70 46 58 -9 7 0 T M M 4.7 16 360 M M 3 12 21 360
2 74 44 59 -8 6 0 0.00 M M 2.0 13 320 M M 3 12 17 320
3 76 48 62 -5 3 0 0.20 M M 4.5 16 200 M M 5 13 22 190
4 72 58 65 -1 0 0 0.31 M M 3.2 14 210 M M 6 12 17 200
5 75 53 64 -2 1 0 0.00 M M 3.3 15 340 M M 5 12 19 320
6 79 51 65 -1 0 0 0.00 M M 2.9 15 310 M M 3 12 21 320
7 69 53 61 -5 4 0 0.57 M M 3.1 14 170 M M 6 18 19 150
8 76 64 70 4 0 5 0.85 M M 3.3 12 190 M M 10 1 16 190
9 78 62 70 4 0 5 0.01 M M 4.9 15 320 M M 6 1 22 320
10 82 58 70 4 0 5 0.41 M M 3.3 17 200 M M 3 1 25 200
11 73 57 65 -1 0 0 0.01 M M 4.9 14 310 M M 5 12 21 310
12 78 52 65 -1 0 0 0.61 M M 3.4 15 170 M M 5 123 20 170
13 81 60 71 5 0 6 T M M 2.3 14 210 M M 7 1 18 170
14 75 57 66 0 0 1 0.04 M M 1.9 9 340 M M 7 1 14 310
15 77 57 67 1 0 2 0.17 M M 3.6 12 200 M M 6 1 15 220
16 77 63 70 5 0 5 1.02 M M 1.8 12 170 M M 9 1 16 250
17 76 64 70 5 0 5 T M M 5.9 15 160 M M 10 1 23 160
18 76 56 66 1 0 1 0.19 M M 5.3 16 150 M M 7 1 23 200
19 65 55 60 -5 5 0 0.09 M M 4.0 15 200 M M 9 1 22 220
20 79 57 68 3 0 3 0.00 M M 5.4 12 200 M M 3 18 210
21 72 54 63 -2 2 0 0.00 M M 5.1 15 10 M M 5 21 360
22 73 47 60 -4 5 0 0.00 M M 4.0 17 360 M M 2 12 26 320
23 77 47 62 -2 3 0 0.00 M M 1.1 10 20 M M 3 12 12 30
24 79 45 62 -2 3 0 0.56 M M 4.3 18 160 M M 6 12 25 200
25 67 57 62 -2 3 0 0.30 M M 1.2 12 150 M M 10 1 15 140
26 76 61 69 5 0 4 0.15 M M 2.0 13 330 M M 8 1 16 350
27 73 53 63 -1 2 0 0.00 M M 4.8 15 360 M M 5 1 19 10
28 80 52 66 2 0 1 0.00 M M 3.4 13 200 M M 7 12 17 240
29 80 59 70 7 0 5 0.01 M M 3.7 15 180 M M 6 1 19 170
30 76 57 67 4 0 2 0.69 M M 5.1 21 360 M M 8 123 30 360
31 66 48 57 -6 8 0 0.00 M M 4.8 15 360 M M 2 22 10
================================================================================
SM 2327 1695 52 50 6.19 M 113.2 M 180
================================================================================
AV 75.1 54.7 3.7 FASTST M M 6 MAX(MPH)
MISC ----> 21 360 30 360
================================================================================
NOTES:
# LAST OF SEVERAL OCCURRENCES
COLUMN 17 PEAK WIND IN M.P.H.
PRELIMINARY LOCAL CLIMATOLOGICAL DATA (WS FORM: F-6) , PAGE 2
STATION: MORRISVILLE VT
MONTH: AUGUST
YEAR: 2023
LATITUDE: 44 31 N
LONGITUDE: 72 37 W
[TEMPERATURE DATA] [PRECIPITATION DATA] SYMBOLS USED IN COLUMN 16
AVERAGE MONTHLY: 64.9 TOTAL FOR MONTH: 6.19 1 = FOG OR MIST
DPTR FM NORMAL: -0.3 DPTR FM NORMAL: 2.69 2 = FOG REDUCING VISIBILITY
HIGHEST: 82 ON 10 GRTST 24HR 1.22 ON 7- 8 TO 1/4 MILE OR LESS
LOWEST: 44 ON 2 3 = THUNDER
SNOW, ICE PELLETS, HAIL 4 = ICE PELLETS
TOTAL MONTH: M 5 = HAIL
GRTST 24HR M ON M 6 = FREEZING RAIN OR DRIZZLE
GRTST DEPTH: M ON M 7 = DUSTSTORM OR SANDSTORM:
VSBY 1/2 MILE OR LESS
8 = SMOKE OR HAZE
[NO. OF DAYS WITH] [WEATHER - DAYS WITH] 9 = BLOWING SNOW
X = TORNADO
MAX 32 OR BELOW: 0 0.01 INCH OR MORE: 18
MAX 90 OR ABOVE: 0 0.10 INCH OR MORE: 13
MIN 32 OR BELOW: 0 0.50 INCH OR MORE: 6
MIN 0 OR BELOW: 0 1.00 INCH OR MORE: 1
[HDD (BASE 65) ]
TOTAL THIS MO. 52 CLEAR (SCALE 0-3) 6
DPTR FM NORMAL -16 PTCLDY (SCALE 4-7) 19
TOTAL FM JUL 1 56 CLOUDY (SCALE 8-10) 6
DPTR FM NORMAL -50
[CDD (BASE 65) ]
TOTAL THIS MO. 50
DPTR FM NORMAL -22 [PRESSURE DATA]
TOTAL FM JAN 1 298 HIGHEST SLP M ON M
DPTR FM NORMAL 75 LOWEST SLP 29.53 ON 8
[REMARKS]
#FINAL-08-23#