000
CXUS54 KLZK 011130
CF6MWT
PRELIMINARY LOCAL CLIMATOLOGICAL DATA (WS FORM: F-6)
STATION: MOUNT IDA
MONTH: AUGUST
YEAR: 2021
LATITUDE: 34 32 N
LONGITUDE: 93 35 W
TEMPERATURE IN F: :PCPN: SNOW: WIND :SUNSHINE: SKY :PK WND
================================================================================
1 2 3 4 5 6A 6B 7 8 9 10 11 12 13 14 15 16 17 18
12Z AVG MX 2MIN
DY MAX MIN AVG DEP HDD CDD WTR SNW DPTH SPD SPD DIR MIN PSBL S-S WX SPD DR
================================================================================
1 89 74 82 0 0 17 0.03 0.0 M 0.5 7 130 M M 3 1 12 120
2 87 66 77 -5 0 12 2.40 0.0 M 1.0 13 130 M M 7 1 19 140
3 87 69 78 -4 0 13 T 0.0 0 1.1 7 140 M M 5 128 14 100
4 88 65 77 -5 0 12 0.00 0.0 M 0.7 6 150 M M 1 1 9 150
5 87 64 76 -6 0 11 0.00 0.0 0 0.6 7 140 M M 1 1 9 130
6 88 71 80 -1 0 15 0.00 0.0 0 0.9 8 140 M M 5 1 12 200
7 90 67 79 -2 0 14 0.00 0.0 0 2.3 10 140 M M 1 1 15 130
8 91 75 83 2 0 18 0.00 0.0 0 3.2 9 210 M M 2 18 280
9 92 77 85 4 0 20 0.00 0.0 0 4.7 10 270 M M 3 19 230
10 93 79 86 5 0 21 0.00 0.0 0 3.1 12 180 M M 1 19 200
11 96 78 87 6 0 22 0.00 0.0 M 2.9 10 200 M M 0 17 250
12 96 74 85 4 0 20 0.00 0.0 M 2.4 8 190 M M 1 17 270
13 98 72 85 4 0 20 0.00 0.0 M 1.5 8 330 M M 1 14 320
14 92 72 82 1 0 17 0.03 0.0 M 1.6 8 140 M M 2 1 13 30
15 87 72 80 -1 0 15 0.04 0.0 M 1.3 13 130 M M 4 1 19 140
16 92 67 80 -1 0 15 0.00 0.0 M 1.7 9 140 M M 0 15 140
17 87 69 78 -3 0 13 0.04 0.0 0 0.6 6 140 M M 3 1 8 140
18 87 73 80 0 0 15 0.14 0.0 0 0.9 8 260 M M 6 1 14 150
19 88 73 81 1 0 16 0.36 0.0 0 1.0 8 230 M M 6 1 13 270
20 91 75 83 3 0 18 0.00 0.0 0 2.1 8 170 M M 5 14 140
21 94 74 84 4 0 19 0.00 0.0 0 1.8 9 220 M M 2 16 260
22 98 74 86 6 0 21 0.00 0.0 0 1.1 8 230 M M 1 15 180
23 98 71 85 5 0 20 0.00 0.0 0 1.3 8 270 M M 0 12 290
24 99 69 84 4 0 19 0.00 0.0 0 1.1 8 210 M M 0 13 140
25 98 70 84 4 0 19 0.00 0.0 0 0.0 M M M M 1 M M
26 97 72 85 6 0 20 0.00 0.0 0 1.7 10 140 M M 0 15 140
27 94 71 83 4 0 18 0.00 0.0 0 2.1 12 150 M M 0 16 140
28 93 73 83 4 0 18 0.24 0.0 0 4.3 8 150 M M 2 17 99
29 95 73 84 5 0 19 0.00 0.0 M 2.2 10 120 M M 1 17 140
30 93 70 82 4 0 17 0.41 0.0 0 1.4 12 70 M M 2 20 70
31 97 66 82 4 0 17 0.00 0.0 M 0.9 9 320 M M 0 13 310
================================================================================
SM 2862 2215 0 531 3.69 0.0 52.0 M 66
================================================================================
AV 92.3 71.5 1.7 FASTST M M 2 MAX(MPH)
MISC ----> # 13 130 20 70
================================================================================
NOTES:
# LAST OF SEVERAL OCCURRENCES
COLUMN 17 PEAK WIND IN M.P.H.
PRELIMINARY LOCAL CLIMATOLOGICAL DATA (WS FORM: F-6) , PAGE 2
STATION: MOUNT IDA
MONTH: AUGUST
YEAR: 2021
LATITUDE: 34 32 N
LONGITUDE: 93 35 W
[TEMPERATURE DATA] [PRECIPITATION DATA] SYMBOLS USED IN COLUMN 16
AVERAGE MONTHLY: 81.9 TOTAL FOR MONTH: 3.69 1 = FOG OR MIST
DPTR FM NORMAL: 1.5 DPTR FM NORMAL: 0.03 2 = FOG REDUCING VISIBILITY
HIGHEST: 99 ON 24 GRTST 24HR 2.43 ON 1- 2 TO 1/4 MILE OR LESS
LOWEST: 64 ON 5 3 = THUNDER
SNOW, ICE PELLETS, HAIL 4 = ICE PELLETS
TOTAL MONTH: 0.0 INCH 5 = HAIL
GRTST 24HR 0.0 6 = FREEZING RAIN OR DRIZZLE
GRTST DEPTH: 0 7 = DUSTSTORM OR SANDSTORM:
VSBY 1/2 MILE OR LESS
8 = SMOKE OR HAZE
[NO. OF DAYS WITH] [WEATHER - DAYS WITH] 9 = BLOWING SNOW
X = TORNADO
MAX 32 OR BELOW: 0 0.01 INCH OR MORE: 9
MAX 90 OR ABOVE: 21 0.10 INCH OR MORE: 5
MIN 32 OR BELOW: 0 0.50 INCH OR MORE: 1
MIN 0 OR BELOW: 0 1.00 INCH OR MORE: 1
[HDD (BASE 65) ]
TOTAL THIS MO. 0 CLEAR (SCALE 0-3) 23
DPTR FM NORMAL 0 PTCLDY (SCALE 4-7) 8
TOTAL FM JUL 1 0 CLOUDY (SCALE 8-10) 0
DPTR FM NORMAL 0
[CDD (BASE 65) ]
TOTAL THIS MO. 531
DPTR FM NORMAL 52 [PRESSURE DATA]
TOTAL FM JAN 1 1559 HIGHEST SLP 30.14 ON 14
DPTR FM NORMAL -26 LOWEST SLP 29.66 ON 31
[REMARKS]
#FINAL-08-21#