000
CXUS54 KLZK 011130
CF6MWT
PRELIMINARY LOCAL CLIMATOLOGICAL DATA (WS FORM: F-6)
STATION: Mount Ida
MONTH: APRIL
YEAR: 2020
LATITUDE: 34 32 N
LONGITUDE: 93 35 W
TEMPERATURE IN F: :PCPN: SNOW: WIND :SUNSHINE: SKY :PK WND
================================================================================
1 2 3 4 5 6A 6B 7 8 9 10 11 12 13 14 15 16 17 18
12Z AVG MX 2MIN
DY MAX MIN AVG DEP HDD CDD WTR SNW DPTH SPD SPD DIR MIN PSBL S-S WX SPD DR
================================================================================
1 73 40 57 1 8 0 T M 0 2.3 14 150 M M 0 1 21 130
2 74 56 65 8 0 0 T 0.0 0 6.2 16 140 M M 1 24 140
3 68 48 58 1 7 0 1.06 M 0 2.5 12 130 M M 8 1 17 140
4 53 46 50 -7 15 0 0.17 M 0 1.9 12 130 M M 10 1 14 140
5 68 51 60 3 5 0 0.00 0.0 0 0.1 6 270 M M 9 12 7 260
6 76 52 64 6 1 0 0.00 0.0 0 1.7 10 180 M M 7 12 15 220
7 82 64 73 15 0 8 0.01 0.0 0 1.8 10 250 M M 5 1 17 240
8 90 63 77 19 0 12 0.00 0.0 0 3.1 12 230 M M 0 1 21 220
9 75 58 67 9 0 2 0.00 0.0 0 2.3 9 120 M M 0 8 15 90
10 66 46 56 -3 9 0 0.00 0.0 0 2.7 9 120 M M 0 16 20
11 70 41 56 -3 9 0 0.83 M 0 2.1 10 140 M M 5 1 15 180
12 73 44 59 0 6 0 1.79 0.0 0 4.1 20 310 M M 8 1 43 330
13 56 37 47 -13 18 0 0.00 0.0 0 5.1 16 320 M M 6 29 320
14 51 34 43 -17 22 0 0.00 0.0 0 1.4 9 20 M M 6 16 40
15 66 30 48 -12 17 0 0.00 0.0 0 1.2 8 350 M M 0 1 15 350
16 71 34 53 -7 12 0 T M 0 3.2 14 150 M M 0 24 150
17 65 45 55 -6 10 0 T M 0 4.7 10 320 M M 6 18 19 200
18 68 34 51 -10 14 0 0.03 M 0 2.3 10 130 M M 0 1 14 140
19 61 52 57 -4 8 0 0.86 0.0 0 1.4 13 130 M M 10 1 17 150
20 75 48 62 0 3 0 0.00 0.0 0 1.2 8 190 M M 4 12 13 220
21 85 48 67 5 0 2 0.00 0.0 0 1.3 10 140 M M 1 12 140
22 68 59 64 2 1 0 1.32 0.0 0 3.4 15 130 M M 7 1 23 130
23 75 52 64 2 1 0 0.00 0.0 0 4.5 16 310 M M 5 1 27 320
24 75 50 63 0 2 0 0.31 0.0 0 3.2 17 310 M M 3 1 29 320
25 72 49 61 -2 4 0 0.00 0.0 0 4.7 15 340 M M 5 26 330
26 79 45 62 -1 3 0 0.00 0.0 0 2.2 12 340 M M 0 19 350
27 73 53 63 -1 2 0 T 0.0 0 3.5 12 150 M M 2 18 130
28 77 61 69 5 0 4 2.36 0.0 0 2.6 15 330 M M 7 1 27 350
29 72 50 61 -3 4 0 0.00 0.0 0 4.7 18 320 M M 3 32 320
30 78 48 63 -1 2 0 0.00 0.0 0 3.5 13 340 M M 0 20 360
================================================================================
SM 2135 1438 183 28 8.74 0.0 84.9 M 118
================================================================================
AV 71.2 47.9 2.8 FASTST M M 4 MAX(MPH)
MISC ----> # 20 310 # 43 330
================================================================================
NOTES:
# LAST OF SEVERAL OCCURRENCES
COLUMN 17 PEAK WIND IN M.P.H.
PRELIMINARY LOCAL CLIMATOLOGICAL DATA (WS FORM: F-6) , PAGE 2
STATION: Mount Ida
MONTH: APRIL
YEAR: 2020
LATITUDE: 34 32 N
LONGITUDE: 93 35 W
[TEMPERATURE DATA] [PRECIPITATION DATA] SYMBOLS USED IN COLUMN 16
AVERAGE MONTHLY: 59.6 TOTAL FOR MONTH: 8.74 1 = FOG OR MIST
DPTR FM NORMAL: -0.8 DPTR FM NORMAL: 3.31 2 = FOG REDUCING VISIBILITY
HIGHEST: 90 ON 8 GRTST 24HR 2.36 ON 28-28 TO 1/4 MILE OR LESS
LOWEST: 30 ON 15 3 = THUNDER
SNOW, ICE PELLETS, HAIL 4 = ICE PELLETS
TOTAL MONTH: 0.0 INCH 5 = HAIL
GRTST 24HR 0.0 6 = FREEZING RAIN OR DRIZZLE
GRTST DEPTH: 0 7 = DUSTSTORM OR SANDSTORM:
VSBY 1/2 MILE OR LESS
8 = SMOKE OR HAZE
[NO. OF DAYS WITH] [WEATHER - DAYS WITH] 9 = BLOWING SNOW
X = TORNADO
MAX 32 OR BELOW: 0 0.01 INCH OR MORE: 10
MAX 90 OR ABOVE: 1 0.10 INCH OR MORE: 8
MIN 32 OR BELOW: 1 0.50 INCH OR MORE: 6
MIN 0 OR BELOW: 0 1.00 INCH OR MORE: 4
[HDD (BASE 65) ]
TOTAL THIS MO. 183 CLEAR (SCALE 0-3) 14
DPTR FM NORMAL 4 PTCLDY (SCALE 4-7) 12
TOTAL FM JUL 1 2847 CLOUDY (SCALE 8-10) 4
DPTR FM NORMAL -406
[CDD (BASE 65) ]
TOTAL THIS MO. 28
DPTR FM NORMAL -9 [PRESSURE DATA]
TOTAL FM JAN 1 61 HIGHEST SLP 30.35 ON 14
DPTR FM NORMAL 10 LOWEST SLP 29.40 ON 12
[REMARKS]
ALL SNOWFALL DATA IS FROM THE MT IDA 4 S COOPERATIVE OBSERVER SITE
#FINAL-04-20#