000
CXUS55 KBOI 011002
CF6MYL
PRELIMINARY LOCAL CLIMATOLOGICAL DATA (WS FORM: F-6)
STATION: MCCALL ID
MONTH: MARCH
YEAR: 2023
LATITUDE: 44 52 N
LONGITUDE: 116 6 W
TEMPERATURE IN F: :PCPN: SNOW: WIND :SUNSHINE: SKY :PK WND
================================================================================
1 2 3 4 5 6A 6B 7 8 9 10 11 12 13 14 15 16 17 18
12Z AVG MX 2MIN
DY MAX MIN AVG DEP HDD CDD WTR SNW DPTH SPD SPD DIR MIN PSBL S-S WX SPD DR
================================================================================
1 31 7 19 -9 46 0 0.00 M M 7.3 17 10 M M 4 8 28 360
2 24 4 14 -14 51 0 0.18 M M 2.3 13 180 M M 7 128 19 180
3 29 9 19 -9 46 0 0.03 M M 3.1 12 260 M M 9 12 16 240
4 28 8 18 -11 47 0 0.08 M M 1.9 13 180 M M 9 18 19 190
5 28 19 24 -5 41 0 0.23 M M 7.0 15 190 M M 8 128 22 170
6 27 3 15 -14 50 0 0.18 M M 7.0 15 190 M M 7 128 18 180
7 27 -6 11 -19 54 0 0.05 M M 2.2 8 200 M M 6 128 10 190
8 29 3 16 -14 49 0 0.32 M M 2.4 13 290 M M 6 128 16 300
9 28 2 15 -15 50 0 0.06 M M 5.9 21 180 M M 7 18 30 180
10 34 17 26 -4 39 0 0.70 M M 9.3 25 200 M M 9 128 40 200
11 34 10 22 -8 43 0 T M M 3.6 15 200 M M M 1 20 200
12 36 14 25 -6 40 0 0.02 M M 4.2 17 190 M M 10 1 22 190
13 37 32 35 4 30 0 0.68 M M 9.1 21 170 M M 9 1 29 180
14 35 28 32 1 33 0 1.24 M M 2.1 16 160 M M 8 12 24 160
15 33 8 21 -10 44 0 0.13 M M 6.3 15 300 M M 4 12 21 270
16 35 1 18 -14 47 0 0.00 M M 1.0 6 10 M M 1 128 8 190
17 37 6 22 -10 43 0 0.00 M M 2.0 9 270 M M 2 128 14 290
18 41 6 24 -8 41 0 0.00 M M 1.9 7 70 M M 1 128 9 150
19 45 7 26 -6 39 0 0.00 M M 1.2 7 330 M M 1 9 350
20 33 28 31 -1 34 0 0.50 M M 1.8 10 170 M M 10 12 15 170
21 42 22 32 -1 33 0 0.02 M M 2.6 12 40 M M 8 1 18 40
22 40 13 27 -6 38 0 0.00 M M 3.6 12 30 M M 2 12 16 30
23 35 24 30 -3 35 0 0.09 M M 3.9 21 190 M M 10 128 25 190
24 29 12 21 -12 44 0 0.15 M M 4.3 15 330 M M 9 128 21 310
25 28 8 18 -15 47 0 0.01 M M 3.5 14 310 M M 7 128 20 300
26 31 2 17 -17 48 0 0.01 M M 5.4 18 300 M M 7 1 26 310
27 35 3 19 -15 46 0 T M M 4.0 14 200 M M 3 128 16 150
28 32 23 28 -6 37 0 0.27 M M 3.9 17 180 M M 10 128 25 190
29 35 24 30 -4 35 0 0.15 M M 2.9 10 290 M M 9 12 14 270
30 40 30 35 1 30 0 0.09 M M 5.5 14 300 M M 10 18 19 320
31 35 28 32 -2 33 0 0.07 M M 6.9 16 190 M M 10 18 22 180
================================================================================
SM 1033 395 1293 0 5.26 M 128.1 M 203
================================================================================
AV 33.3 12.7 4.1 FASTST M M 7 MAX(MPH)
MISC ----> 25 200 40 200
================================================================================
NOTES:
# LAST OF SEVERAL OCCURRENCES
COLUMN 17 PEAK WIND IN M.P.H.
PRELIMINARY LOCAL CLIMATOLOGICAL DATA (WS FORM: F-6) , PAGE 2
STATION: MCCALL ID
MONTH: MARCH
YEAR: 2023
LATITUDE: 44 52 N
LONGITUDE: 116 6 W
[TEMPERATURE DATA] [PRECIPITATION DATA] SYMBOLS USED IN COLUMN 16
AVERAGE MONTHLY: 23.0 TOTAL FOR MONTH: 5.26 1 = FOG OR MIST
DPTR FM NORMAL: -8.5 DPTR FM NORMAL: 2.55 2 = FOG REDUCING VISIBILITY
HIGHEST: 45 ON 19 GRTST 24HR 1.24 ON 14-14 TO 1/4 MILE OR LESS
LOWEST: -6 ON 7 3 = THUNDER
SNOW, ICE PELLETS, HAIL 4 = ICE PELLETS
TOTAL MONTH: M 5 = HAIL
GRTST 24HR M ON M 6 = FREEZING RAIN OR DRIZZLE
GRTST DEPTH: M ON M 7 = DUSTSTORM OR SANDSTORM:
VSBY 1/2 MILE OR LESS
8 = SMOKE OR HAZE
[NO. OF DAYS WITH] [WEATHER - DAYS WITH] 9 = BLOWING SNOW
X = TORNADO
MAX 32 OR BELOW: 13 0.01 INCH OR MORE: 23
MAX 90 OR ABOVE: 0 0.10 INCH OR MORE: 12
MIN 32 OR BELOW: 31 0.50 INCH OR MORE: 4
MIN 0 OR BELOW: 1 1.00 INCH OR MORE: 1
[HDD (BASE 65) ]
TOTAL THIS MO. 1293 CLEAR (SCALE 0-3) 5
DPTR FM NORMAL 253 PTCLDY (SCALE 4-7) 13
TOTAL FM JUL 1 7078 CLOUDY (SCALE 8-10) 13
DPTR FM NORMAL 9
[CDD (BASE 65) ]
TOTAL THIS MO. 0
DPTR FM NORMAL 0 [PRESSURE DATA]
TOTAL FM JAN 1 0 HIGHEST SLP 30.40 ON 16
DPTR FM NORMAL 0 LOWEST SLP 29.23 ON 10
[REMARKS]
#FINAL-03-23#