000
CXUS56 KSTO 011301
CF6MYV
PRELIMINARY LOCAL CLIMATOLOGICAL DATA (WS FORM: F-6)
STATION: MARYSVILLE
MONTH: OCTOBER
YEAR: 2022
LATITUDE: 39 6 N
LONGITUDE: 121-34 E
TEMPERATURE IN F: :PCPN: SNOW: WIND :SUNSHINE: SKY :PK WND
================================================================================
1 2 3 4 5 6A 6B 7 8 9 10 11 12 13 14 15 16 17 18
12Z AVG MX 2MIN
DY MAX MIN AVG DEP HDD CDD WTR SNW DPTH SPD SPD DIR MIN PSBL S-S WX SPD DR
================================================================================
1 90 55 73 4 0 8 0.00 M M 4.5 14 160 M M 0 17 160
2 85 53 69 0 0 4 0.00 M M 4.0 13 160 M M 0 17 150
3 88 52 70 2 0 5 0.00 M M 3.2 8 140 M M 0 12 190
4 89 57 73 5 0 8 0.00 M M 2.3 9 140 M M 0 12 150
5 91 54 73 5 0 8 0.00 M M 1.7 8 250 M M 0 12 290
6 94 56 75 7 0 10 0.00 M M 2.0 8 290 M M 0 18 11 310
7 96 56 76 9 0 11 0.00 M M 2.8 9 330 M M 0 15 310
8 95 56 76 9 0 11 0.00 M M 2.3 7 300 M M 0 10 230
9 93 55 74 7 0 9 0.00 M M 2.9 7 80 M M 0 11 310
10 93 54 74 8 0 9 0.00 M M 2.3 8 250 M M 0 11 220
11 91 52 72 6 0 7 0.00 M M 2.8 9 300 M M 0 15 290
12 90 54 72 6 0 7 0.00 M M 3.4 10 150 M M 0 14 140
13 86 51 69 4 0 4 0.00 M M 3.0 8 160 M M 0 11 280
14 89 51 70 5 0 5 0.00 M M 3.0 8 150 M M 0 11 270
15 86 52 69 4 0 4 0.00 M M 6.8 15 150 M M 0 19 130
16 76 55 66 2 0 1 0.00 M M 7.1 15 150 M M 0 19 130
17 79 48 64 0 1 0 0.00 M M 2.4 8 240 M M 0 12 340
18 86 50 68 4 0 3 0.00 M M 3.9 13 330 M M 0 8 15 330
19 89 49 69 6 0 4 0.00 M M 3.4 8 180 M M 0 11 220
20 89 50 70 7 0 5 0.00 M M 1.7 7 340 M M 0 11 270
21 86 49 68 5 0 3 T M M 7.5 20 140 M M 0 27 150
22 76 57 67 5 0 2 T M M 12.7 23 330 M M 0 31 320
23 72 51 62 0 3 0 0.00 M M 14.9 25 330 M M 0 32 320
24 76 44 60 -1 5 0 0.00 M M 4.7 13 340 M M 0 17 340
25 76 44 60 -1 5 0 0.00 M M 3.5 10 310 M M 0 14 340
26 73 44 59 -2 6 0 0.00 M M 5.9 22 320 M M 0 26 330
27 75 43 59 -1 6 0 0.00 M M 3.2 7 160 M M 0 9 160
28 75 40 58 -2 7 0 0.00 M M 3.0 9 310 M M 0 12 320
29 76 39 58 -2 7 0 0.00 M M 2.3 9 320 M M 0 8 11 340
30 77 37 57 -2 8 0 0.00 M M 2.2 8 90 M M 0 8 11 300
31 74 45 60 1 5 0 0.00 M M 4.1 12 140 M M 0 8 16 140
================================================================================
SM 2611 1553 53 128 T M 129.5 M 0
================================================================================
AV 84.2 50.1 4.2 FASTST M M 0 MAX(MPH)
MISC ----> 25 330 32 320
================================================================================
NOTES:
# LAST OF SEVERAL OCCURRENCES
COLUMN 17 PEAK WIND IN M.P.H.
PRELIMINARY LOCAL CLIMATOLOGICAL DATA (WS FORM: F-6) , PAGE 2
STATION: MARYSVILLE
MONTH: OCTOBER
YEAR: 2022
LATITUDE: 39 6 N
LONGITUDE: 121-34 E
[TEMPERATURE DATA] [PRECIPITATION DATA] SYMBOLS USED IN COLUMN 16
AVERAGE MONTHLY: 67.2 TOTAL FOR MONTH: T 1 = FOG OR MIST
DPTR FM NORMAL: 3.0 DPTR FM NORMAL: -1.03 2 = FOG REDUCING VISIBILITY
HIGHEST: 96 ON 7 GRTST 24HR T ON 21-21 TO 1/4 MILE OR LESS
LOWEST: 37 ON 30 3 = THUNDER
SNOW, ICE PELLETS, HAIL 4 = ICE PELLETS
TOTAL MONTH: M 5 = HAIL
GRTST 24HR M ON M 6 = FREEZING RAIN OR DRIZZLE
GRTST DEPTH: M ON M 7 = DUSTSTORM OR SANDSTORM:
VSBY 1/2 MILE OR LESS
8 = SMOKE OR HAZE
[NO. OF DAYS WITH] [WEATHER - DAYS WITH] 9 = BLOWING SNOW
X = TORNADO
MAX 32 OR BELOW: 0 0.01 INCH OR MORE: 0
MAX 90 OR ABOVE: 9 0.10 INCH OR MORE: 0
MIN 32 OR BELOW: 0 0.50 INCH OR MORE: 0
MIN 0 OR BELOW: 0 1.00 INCH OR MORE: 0
[HDD (BASE 65) ]
TOTAL THIS MO. 53 CLEAR (SCALE 0-3) 31
DPTR FM NORMAL -33 PTCLDY (SCALE 4-7) 0
TOTAL FM JUL 1 53 CLOUDY (SCALE 8-10) 0
DPTR FM NORMAL -40
[CDD (BASE 65) ]
TOTAL THIS MO. 128
DPTR FM NORMAL 66 [PRESSURE DATA]
TOTAL FM JAN 1 1990 HIGHEST SLP 30.26 ON 29
DPTR FM NORMAL 492 LOWEST SLP 29.69 ON 22
[REMARKS]
#FINAL-10-22#