000
CXHW50 PHFO 011250
CF6NGF
PRELIMINARY LOCAL CLIMATOLOGICAL DATA (WS FORM: F-6)
STATION: KANEOHE BAY MCAS HI
MONTH: JULY
YEAR: 2023
LATITUDE: 21 25 N
LONGITUDE: 157 46 W
TEMPERATURE IN F: :PCPN: SNOW: WIND :SUNSHINE: SKY :PK WND
================================================================================
1 2 3 4 5 6A 6B 7 8 9 10 11 12 13 14 15 16 17 18
12Z AVG MX 2MIN
DY MAX MIN AVG DEP HDD CDD WTR SNW DPTH SPD SPD DIR MIN PSBL S-S WX SPD DR
================================================================================
1 87 76 82 3 0 17 0.10 M M 9.1 14 40 M M 6 1 21 60
2 89 79 84 5 0 19 T M M 10.2 15 50 M M 2 M M
3 88 78 83 4 0 18 0.03 M M 11.3 15 80 M M 9 1 27 70
4 89 79 84 5 0 19 0.00 M M 10.3 14 50 M M 3 21 60
5 87 79 83 4 0 18 0.03 M M 10.5 14 80 M M 6 25 70
6 87 78 83 4 0 18 0.01 M M 10.0 14 80 M M 9 31 100
7 87 77 82 3 0 17 0.02 M M 11.5 15 60 M M 6 32 60
8 88 78 83 4 0 18 0.00 M M 14.4 17 60 M M 5 32 60
9 88 75 82 3 0 17 0.02 M M 13.2 17 60 M M 4 31 90
10 87 76 82 3 0 17 0.01 M M 11.2 17 70 M M 5 25 70
11 88 77 83 4 0 18 0.09 M M 11.4 16 70 M M 6 32 90
12 88 80 84 5 0 19 T M M 10.1 15 70 M M 5 8 24 70
13 89 78 84 5 0 19 T M M 10.5 14 60 M M 5 22 70
14 89 80 85 6 0 20 0.00 M M 9.8 13 40 M M 3 17 50
15 89 77 83 4 0 18 T M M 10.6 15 60 M M 4 23 60
16 88 77 83 4 0 18 0.04 M M 11.2 21 50 M M 7 30 70
17 89 79 84 5 0 19 0.02 M M 10.7 16 70 M M 5 23 50
18 89 79 84 5 0 19 T M M 16.0 22 50 M M 6 1 31 60
19 87 80 84 5 0 19 0.04 M M 14.9 21 50 M M 9 1 30 60
20 90 78 84 5 0 19 0.05 M M 12.2 18 60 M M 8 25 70
21 89 78 84 5 0 19 0.06 M M 12.7 17 60 M M 8 1 30 M
22 89 77 83 4 0 18 0.04 M M 10.7 15 50 M M 6 1 25 80
23 89 77 83 4 0 18 0.12 M M 10.5 15 70 M M 8 1 24 70
24 89 77 83 4 0 18 0.08 M M 10.2 15 50 M M 8 23 80
25 89 78 84 5 0 19 0.03 M M 11.4 15 70 M M 8 1 25 100
26 90 78 84 5 0 19 0.07 M M 12.1 17 60 M M 7 28 60
27 89 78 84 5 0 19 0.07 M M 12.0 17 70 M M 6 28 70
28 89 81 85 5 0 20 T M M 13.8 17 70 M M 4 29 70
29 88 79 84 4 0 19 T M M 10.5 16 70 M M 6 26 70
30 89 80 85 5 0 20 0.00 M M 11.5 16 50 M M 6 29 80
31 89 81 85 5 0 20 0.00 M M 12.6 17 90 M M 5 30 M
================================================================================
SM 2742 2424 0 575 0.93 M 357.3 M 185
================================================================================
AV 88.5 78.2 11.5 FASTST M M 6 MAX(MPH)
MISC ----> 22 50 # 32 60
================================================================================
NOTES:
# LAST OF SEVERAL OCCURRENCES
COLUMN 17 PEAK WIND IN M.P.H.
PRELIMINARY LOCAL CLIMATOLOGICAL DATA (WS FORM: F-6) , PAGE 2
STATION: KANEOHE BAY MCAS HI
MONTH: JULY
YEAR: 2023
LATITUDE: 21 25 N
LONGITUDE: 157 46 W
[TEMPERATURE DATA] [PRECIPITATION DATA] SYMBOLS USED IN COLUMN 16
AVERAGE MONTHLY: 83.3 TOTAL FOR MONTH: 0.93 1 = FOG OR MIST
DPTR FM NORMAL: 4.2 DPTR FM NORMAL: -0.38 2 = FOG REDUCING VISIBILITY
HIGHEST: 90 ON 26,20 GRTST 24HR 0.12 ON 23-23 TO 1/4 MILE OR LESS
LOWEST: 75 ON 9 3 = THUNDER
SNOW, ICE PELLETS, HAIL 4 = ICE PELLETS
TOTAL MONTH: M 5 = HAIL
GRTST 24HR M ON M 6 = FREEZING RAIN OR DRIZZLE
GRTST DEPTH: M ON M 7 = DUSTSTORM OR SANDSTORM:
VSBY 1/2 MILE OR LESS
8 = SMOKE OR HAZE
[NO. OF DAYS WITH] [WEATHER - DAYS WITH] 9 = BLOWING SNOW
X = TORNADO
MAX 32 OR BELOW: 0 0.01 INCH OR MORE: 19
MAX 90 OR ABOVE: 2 0.10 INCH OR MORE: 2
MIN 32 OR BELOW: 0 0.50 INCH OR MORE: 0
MIN 0 OR BELOW: 0 1.00 INCH OR MORE: 0
[HDD (BASE 65) ]
TOTAL THIS MO. 0 CLEAR (SCALE 0-3) 3
DPTR FM NORMAL 0 PTCLDY (SCALE 4-7) 23
TOTAL FM JUL 1 0 CLOUDY (SCALE 8-10) 5
DPTR FM NORMAL 0
[CDD (BASE 65) ]
TOTAL THIS MO. 575
DPTR FM NORMAL 138 [PRESSURE DATA]
TOTAL FM JAN 1 2836 HIGHEST SLP M ON M
DPTR FM NORMAL 586 LOWEST SLP 31.99 ON 1
[REMARKS]
#FINAL-07-23#