000
CXUS51 KOKX 090216
CF6NYC
PRELIMINARY LOCAL CLIMATOLOGICAL DATA (WS FORM: F-6)
STATION: CENTRAL PARK NY
MONTH: AUGUST
YEAR: 2020
LATITUDE: 40 46 N
LONGITUDE: 73 58 W
TEMPERATURE IN F: :PCPN: SNOW: WIND :SUNSHINE: SKY :PK WND
================================================================================
1 2 3 4 5 6A 6B 7 8 9 10 11 12 13 14 15 16 17 18
12Z AVG MX 2MIN
DY MAX MIN AVG DEP HDD CDD WTR SNW DPTH SPD SPD DIR MIN PSBL S-S WX SPD DR
================================================================================
1 88 71 80 4 0 15 0.00 0.0 M 2.2 7 99 M M 1 M M
2 89 77 83 7 0 18 0.00 0.0 M 4.5 9 150 M M 5 18 150
3 88 70 79 3 0 14 0.54 0.0 M 4.6 15 250 M M 1 13 24 240
4 79 70 75 -1 0 10 0.55 0.0 0 7.1 25 150 M M 7 13 48 130
5 86 73 80 4 0 15 0.00 0.0 M 4.5 10 220 M M 2 17 99
6 82 71 77 1 0 12 T 0.0 M 2.3 7 99 M M 0 M M
7 81 66 74 -2 0 9 0.46 0.0 M 4.1 10 130 M M 0 13 M M
8 83 68 76 0 0 11 0.00 0.0 M 2.4 8 140 M M 0 1 M M
9 87 72 80 4 0 15 0.00 0.0 0 3.3 9 200 M M 0 18 M M
10 92 76 84 8 0 19 0.00 0.0 M 4.6 8 140 M M 0 M M
11 88 78 83 7 0 18 T 0.0 M 3.4 7 160 M M 0 1 M M
12 90 72 81 5 0 16 1.76 0.0 M 2.3 8 60 M M 0 138 M M
13 79 72 76 0 0 11 0.24 0.0 M 2.0 7 90 M M 0 13 M M
14 86 73 80 4 0 15 0.00 0.0 M 5.9 9 50 M M 2 17 99
15 84 71 78 2 0 13 0.00 0.0 M 6.2 10 70 M M 2 18 60
16 72 67 70 -5 0 5 0.21 0.0 M 8.0 13 40 M M 10 1 23 40
17 81 64 73 -2 0 8 0.14 0.0 M 2.5 8 180 M M 4 13 M M
18 82 63 73 -2 0 8 0.20 0.0 M 3.0 10 280 M M 3 13 23 280
19 75 66 71 -4 0 6 0.14 0.0 M 2.9 6 50 M M 5 13 M M
20 80 62 71 -4 0 6 0.00 0.0 M 2.8 7 99 M M 0 M M
21 83 68 76 1 0 11 0.00 0.0 M 5.9 9 240 M M 0 17 240
22 88 73 81 6 0 16 T 0.0 0 4.1 7 230 M M 0 3 M M
23 86 74 80 6 0 15 0.00 0.0 M 2.6 7 250 M M 0 M M
24 90 75 83 9 0 18 0.00 0.0 M 3.2 7 230 M M 0 38 160
25 89 71 80 6 0 15 0.36 0.0 M 5.5 21 10 M M 1 13 35 10
26 77 67 72 -2 0 7 0.00 0.0 0 6.2 16 300 M M 0 26 310
27 90 66 78 4 0 13 0.42 0.0 0 3.6 17 240 M M 4 13 32 230
28 85 71 78 4 0 13 T 0.0 0 3.5 12 250 M M 1 23 220
29 81 72 77 4 0 12 0.01 0.0 0 4.2 14 300 M M 6 1 19 300
30 79 67 73 0 0 8 0.00 0.0 M 7.7 15 300 M M 3 23 300
31 77 63 70 -3 0 5 0.00 0.0 0 3.3 9 140 M M 3 14 150
================================================================================
SM 2597 2169 0 377 5.03 0.0 128.4 M 60
================================================================================
AV 83.8 70.0 4.1 FASTST M M 2 MAX(MPH)
MISC ----> 25 150 48 130
================================================================================
NOTES:
# LAST OF SEVERAL OCCURRENCES
COLUMN 17 PEAK WIND IN M.P.H.
PRELIMINARY LOCAL CLIMATOLOGICAL DATA (WS FORM: F-6) , PAGE 2
STATION: CENTRAL PARK NY
MONTH: AUGUST
YEAR: 2020
LATITUDE: 40 46 N
LONGITUDE: 73 58 W
[TEMPERATURE DATA] [PRECIPITATION DATA] SYMBOLS USED IN COLUMN 16
AVERAGE MONTHLY: 76.9 TOTAL FOR MONTH: 5.03 1 = FOG OR MIST
DPTR FM NORMAL: 1.7 DPTR FM NORMAL: 0.59 2 = FOG REDUCING VISIBILITY
HIGHEST: 92 ON 10 GRTST 24HR 2.00 ON 12-13 TO 1/4 MILE OR LESS
LOWEST: 62 ON 20 3 = THUNDER
SNOW, ICE PELLETS, HAIL 4 = ICE PELLETS
TOTAL MONTH: 0.0 INCH 5 = HAIL
GRTST 24HR 0.0 6 = FREEZING RAIN OR DRIZZLE
GRTST DEPTH: 0 7 = DUSTSTORM OR SANDSTORM:
VSBY 1/2 MILE OR LESS
8 = SMOKE OR HAZE
[NO. OF DAYS WITH] [WEATHER - DAYS WITH] 9 = BLOWING SNOW
X = TORNADO
MAX 32 OR BELOW: 0 0.01 INCH OR MORE: 12
MAX 90 OR ABOVE: 4 0.10 INCH OR MORE: 11
MIN 32 OR BELOW: 0 0.50 INCH OR MORE: 3
MIN 0 OR BELOW: 0 1.00 INCH OR MORE: 1
[HDD (BASE 65) ]
TOTAL THIS MO. 0 CLEAR (SCALE 0-3) 24
DPTR FM NORMAL -2 PTCLDY (SCALE 4-7) 6
TOTAL FM JUL 1 0 CLOUDY (SCALE 8-10) 1
DPTR FM NORMAL 0
[CDD (BASE 65) ]
TOTAL THIS MO. 377
DPTR FM NORMAL 59 [PRESSURE DATA]
TOTAL FM JAN 1 1164 HIGHEST SLP 30.17 ON 8
DPTR FM NORMAL 210 LOWEST SLP 29.46 ON 29
[REMARKS]
#FINAL-08-20#