000
CXUS55 KPSR 011005
CF6NYL
PRELIMINARY LOCAL CLIMATOLOGICAL DATA (WS FORM: F-6)
STATION: YUMA AZ
MONTH: FEBRUARY
YEAR: 2024
LATITUDE: 32 39 N
LONGITUDE: 114 37 W
TEMPERATURE IN F: :PCPN: SNOW: WIND :SUNSHINE: SKY :PK WND
================================================================================
1 2 3 4 5 6A 6B 7 8 9 10 11 12 13 14 15 16 17 18
12Z AVG MX 2MIN
DY MAX MIN AVG DEP HDD CDD WTR SNW DPTH SPD SPD DIR MIN PSBL S-S WX SPD DR
================================================================================
1 68 52 60 0 5 0 0.17 0.0 M 7.2 22 140 M M 6 26 140
2 65 48 57 -3 8 0 0.00 M M 9.7 23 270 M M 2 30 260
3 64 47 56 -4 9 0 0.00 M M 6.5 16 290 M M 0 21 300
4 71 52 62 2 3 0 0.00 M M 6.8 17 170 M M 3 22 140
5 71 52 62 1 3 0 0.00 M M 5.1 15 170 M M 5 19 170
6 66 52 59 -2 6 0 0.30 M M 7.7 40 240 M M 7 13 55 260
7 64 49 57 -4 8 0 0.00 M M 6.8 15 260 M M 4 20 260
8 63 48 56 -5 9 0 0.02 M M 10.9 24 280 M M 4 33 280
9 62 46 54 -7 11 0 0.00 M M 4.2 13 300 M M 4 15 300
10 63 50 57 -4 8 0 0.00 M M 8.5 21 350 M M 5 27 350
11 64 48 56 -5 9 0 0.00 M M 8.8 18 20 M M 0 26 340
12 67 41 54 -7 11 0 0.00 M M 4.5 10 10 M M 1 17 40
13 69 41 55 -7 10 0 0.00 M M 2.7 10 40 M M 0 8 15 40
14 71 46 59 -3 6 0 0.00 M M 2.2 8 150 M M 0 10 150
15 72 47 60 -2 5 0 0.00 M M 3.2 10 20 M M 2 12 20
16 77 49 63 1 2 0 0.00 M M 3.5 10 30 M M 1 14 30
17 78 50 64 2 1 0 0.00 M M 2.5 7 350 M M 0 10 360
18 75 53 64 2 1 0 0.00 0.0 0 4.3 12 320 M M 0 16 320
19 76 52 64 2 1 0 0.00 0.0 0 4.6 15 150 M M 0 18 170
20 76 51 64 1 1 0 0.00 0.0 0 3.5 10 160 M M 0 16 130
21 73 53 63 0 2 0 0.00 0.0 0 4.0 14 290 M M 3 19 250
22 77 51 64 1 1 0 0.00 0.0 0 5.0 13 360 M M 1 18 330
23 79 57 68 5 0 3 0.00 M M 6.8 16 30 M M 3 23 40
24 79 57 68 5 0 3 0.00 M M 3.5 13 40 M M 0 17 40
25 80 62 71 7 0 6 0.00 M M 4.6 9 20 M M 0 13 20
26 77 59 68 4 0 3 0.00 M M 2.4 8 130 M M 5 13 320
27 76 58 67 3 0 2 0.00 M M 7.3 21 280 M M 2 27 280
28 79 52 66 2 0 1 0.00 M M 5.3 16 150 M M 1 3 21 150
29 79 54 67 3 0 2 0.00 M M 6.5 17 150 M M 0 21 150
================================================================================
SM 2081 1477 120 20 0.49 0.0 158.6 M 59
================================================================================
AV 71.8 50.9 5.5 FASTST M M 2 MAX(MPH)
MISC ----> 40 240 55 260
================================================================================
NOTES:
# LAST OF SEVERAL OCCURRENCES
COLUMN 17 PEAK WIND IN M.P.H.
PRELIMINARY LOCAL CLIMATOLOGICAL DATA (WS FORM: F-6) , PAGE 2
STATION: YUMA AZ
MONTH: FEBRUARY
YEAR: 2024
LATITUDE: 32 39 N
LONGITUDE: 114 37 W
[TEMPERATURE DATA] [PRECIPITATION DATA] SYMBOLS USED IN COLUMN 16
AVERAGE MONTHLY: 61.3 TOTAL FOR MONTH: 0.49 1 = FOG OR MIST
DPTR FM NORMAL: -0.6 DPTR FM NORMAL: 0.11 2 = FOG REDUCING VISIBILITY
HIGHEST: 80 ON 25 GRTST 24HR 0.30 ON 6- 6 TO 1/4 MILE OR LESS
LOWEST: 41 ON 13,12 3 = THUNDER
SNOW, ICE PELLETS, HAIL 4 = ICE PELLETS
TOTAL MONTH: 0.0 INCH 5 = HAIL
GRTST 24HR 0.0 6 = FREEZING RAIN OR DRIZZLE
GRTST DEPTH: 0 7 = DUSTSTORM OR SANDSTORM:
VSBY 1/2 MILE OR LESS
8 = SMOKE OR HAZE
[NO. OF DAYS WITH] [WEATHER - DAYS WITH] 9 = BLOWING SNOW
X = TORNADO
MAX 32 OR BELOW: 0 0.01 INCH OR MORE: 3
MAX 90 OR ABOVE: 0 0.10 INCH OR MORE: 2
MIN 32 OR BELOW: 0 0.50 INCH OR MORE: 0
MIN 0 OR BELOW: 0 1.00 INCH OR MORE: 0
[HDD (BASE 65) ]
TOTAL THIS MO. 120 CLEAR (SCALE 0-3) 20
DPTR FM NORMAL 2 PTCLDY (SCALE 4-7) 9
TOTAL FM JUL 1 511 CLOUDY (SCALE 8-10) 0
DPTR FM NORMAL -115
[CDD (BASE 65) ]
TOTAL THIS MO. 20
DPTR FM NORMAL -12 [PRESSURE DATA]
TOTAL FM JAN 1 21 HIGHEST SLP 30.22 ON 11
DPTR FM NORMAL -16 LOWEST SLP 29.61 ON 6
[REMARKS]
#FINAL-02-24#