000
CXUS55 KPSR 221503
CF6NYL
PRELIMINARY LOCAL CLIMATOLOGICAL DATA (WS FORM: F-6)
STATION: YUMA AZ
MONTH: MARCH
YEAR: 2021
LATITUDE: 32 39 N
LONGITUDE: 114 37 W
TEMPERATURE IN F: :PCPN: SNOW: WIND :SUNSHINE: SKY :PK WND
================================================================================
1 2 3 4 5 6A 6B 7 8 9 10 11 12 13 14 15 16 17 18
12Z AVG MX 2MIN
DY MAX MIN AVG DEP HDD CDD WTR SNW DPTH SPD SPD DIR MIN PSBL S-S WX SPD DR
================================================================================
1 72 40 56 -8 9 0 0.00 M M 6.1 15 90 M M 0 20 60
2 79 44 62 -3 3 0 0.00 M M 4.6 18 80 M M 1 22 80
3 73 48 61 -4 4 0 0.00 M M 11.5 29 180 M M 2 8 36 240
4 72 48 60 -5 5 0 0.00 M M 4.2 12 260 M M 3 15 330
5 83 48 66 1 0 1 0.00 M M 4.4 13 20 M M 0 15 40
6 84 50 67 1 0 2 0.00 M M 3.2 12 280 M M 0 14 290
7 83 51 67 1 0 2 0.00 M M 3.6 14 210 M M 0 8 17 190
8 78 56 67 1 0 2 0.00 M M 7.2 16 310 M M 3 21 320
9 73 54 64 -2 1 0 0.00 M M 13.1 35 280 M M 1 78 41 280
10 70 46 58 -8 7 0 0.00 M M 8.6 20 300 M M 2 25 300
11 65 47 56 -11 9 0 T M M 4.0 17 270 M M 4 8 21 270
12 64 46 55 -12 10 0 0.00 M M 7.5 21 270 M M 4 24 270
13 70 43 57 -10 8 0 0.00 M M 9.0 22 260 M M 2 27 260
14 74 46 60 -7 5 0 0.00 M M 7.0 14 250 M M 0 20 230
15 76 51 64 -4 1 0 0.00 M M 11.2 31 290 M M 2 78 47 290
16 67 44 56 -12 9 0 0.00 M M 8.3 29 300 M M 0 36 310
17 74 48 61 -7 4 0 0.00 M M 3.8 10 50 M M 2 15 60
18 80 49 65 -3 0 0 0.00 M M 2.8 10 250 M M 0 12 290
19 84 53 69 1 0 4 0.00 M M 2.6 6 250 M M 0 M M
20 85 58 72 4 0 7 0.00 M M 10.1 21 300 M M 0 26 260
21 78 53 66 -3 0 1 0.00 M M 9.4 25 310 M M 0 30 310
22 77 50 64 -5 1 0 0.00 M M 8.7 17 350 M M 0 24 340
23 73 51 62 -7 3 0 0.00 M M 11.6 23 290 M M 3 30 310
24 75 50 63 -6 2 0 0.00 M M 10.6 25 360 M M 1 36 360
25 75 53 64 -5 1 0 0.00 M M 10.0 23 280 M M 2 29 270
26 71 50 61 -9 4 0 0.00 M M 7.6 23 280 M M 2 31 300
27 81 49 65 -5 0 0 0.00 M M 6.0 20 360 M M 0 26 360
28 89 53 71 1 0 6 0.00 M M 4.9 15 60 M M 0 17 40
29 90 55 73 3 0 8 0.00 M M 4.6 15 220 M M 2 8 18 230
30 86 54 70 0 0 5 0.00 M M 9.4 20 360 M M 0 25 360
31 88 57 73 3 0 8 0.00 M M 9.4 17 360 M M 0 23 10
================================================================================
SM 2389 1545 86 46 T M 225.0 M 36
================================================================================
AV 77.1 49.8 7.3 FASTST M M 1 MAX(MPH)
MISC ----> 35 280 47 290
================================================================================
NOTES:
# LAST OF SEVERAL OCCURRENCES
COLUMN 17 PEAK WIND IN M.P.H.
PRELIMINARY LOCAL CLIMATOLOGICAL DATA (WS FORM: F-6) , PAGE 2
STATION: YUMA AZ
MONTH: MARCH
YEAR: 2021
LATITUDE: 32 39 N
LONGITUDE: 114 37 W
[TEMPERATURE DATA] [PRECIPITATION DATA] SYMBOLS USED IN COLUMN 16
AVERAGE MONTHLY: 63.5 TOTAL FOR MONTH: T 1 = FOG OR MIST
DPTR FM NORMAL: -4.1 DPTR FM NORMAL: -0.39 2 = FOG REDUCING VISIBILITY
HIGHEST: 90 ON 29 GRTST 24HR T ON 11-11 TO 1/4 MILE OR LESS
LOWEST: 40 ON 1 3 = THUNDER
SNOW, ICE PELLETS, HAIL 4 = ICE PELLETS
TOTAL MONTH: M 5 = HAIL
GRTST 24HR M ON M 6 = FREEZING RAIN OR DRIZZLE
GRTST DEPTH: M ON M 7 = DUSTSTORM OR SANDSTORM:
VSBY 1/2 MILE OR LESS
8 = SMOKE OR HAZE
[NO. OF DAYS WITH] [WEATHER - DAYS WITH] 9 = BLOWING SNOW
X = TORNADO
MAX 32 OR BELOW: 0 0.01 INCH OR MORE: 0
MAX 90 OR ABOVE: 1 0.10 INCH OR MORE: 0
MIN 32 OR BELOW: 0 0.50 INCH OR MORE: 0
MIN 0 OR BELOW: 0 1.00 INCH OR MORE: 0
[HDD (BASE 65) ]
TOTAL THIS MO. 86 CLEAR (SCALE 0-3) 28
DPTR FM NORMAL 40 PTCLDY (SCALE 4-7) 3
TOTAL FM JUL 1 676 CLOUDY (SCALE 8-10) 0
DPTR FM NORMAL 7
[CDD (BASE 65) ]
TOTAL THIS MO. 46
DPTR FM NORMAL -80 [PRESSURE DATA]
TOTAL FM JAN 1 67 HIGHEST SLP 30.31 ON 1
DPTR FM NORMAL -96 LOWEST SLP 29.66 ON 25
[REMARKS]
#FINAL-03-21#