000
CXUS55 KPSR 011023
CLMNYL
CLIMATE REPORT
NATIONAL WEATHER SERVICE PHOENIX AZ
323 AM MST SAT APR 01 2023
...................................
...THE YUMA AZ CLIMATE SUMMARY FOR THE MONTH OF MARCH 2023...
CLIMATE NORMAL PERIOD 1991 TO 2020
CLIMATE RECORD PERIOD 1876 TO 2023
WEATHER OBSERVED NORMAL DEPART LAST YEAR`S
VALUE DATE(S) VALUE FROM VALUE
NORMAL
..............................................................
TEMPERATURE (F)
RECORD
HIGH 102 03/21/2004
LOW 31 03/15/1881
HIGHEST 82 03/12 93 -11
03/13
03/14
LOWEST 39 03/02 44 -5
AVG. MAXIMUM 74.7 80.2 -5.5
AVG. MINIMUM 51.8 55.0 -3.2
MEAN 63.3 67.6 -4.3
DAYS MAX >= 90 0 5.0 -5.0
DAYS MAX >= 100 0
DAYS MAX >= 110 0
DAYS MIN <= 32 0 0.0 0.0
DAYS MIN >= 90 0
PRECIPITATION (INCHES)
RECORD
MAXIMUM 3.33 1905
MINIMUM 0.00 2016
TOTALS 0.29 0.39 -0.10
DAYS >= .01 3 1.9 1.1
DAYS >= .10 1 1.1 -0.1
DAYS >= .50 0 0.2 -0.2
DAYS >= 1.00 0 0.1 -0.1
GREATEST
24 HR. TOTAL 0.17 03/15 TO 03/15
DEGREE DAYS
HEATING TOTAL 88 46 42
SINCE 7/1 913 669 244
COOLING TOTAL 41 126 -85
SINCE 1/1 41 163 -122
..............................................................
WIND (MPH)
AVERAGE WIND SPEED 7.4
HIGHEST GUST SPEED/DIRECTION 46/270 DATE 03/01
AVERAGE RH (PERCENT) 41
WEATHER CONDITIONS. NUMBER OF DAYS WITH
THUNDERSTORM 1 HEAVY RAIN 0
RAIN 1 LIGHT RAIN 3
FOG W/VIS <= 1/4 MILE 0
- INDICATES NEGATIVE NUMBERS.
R INDICATES RECORD WAS SET OR TIED.
MM INDICATES DATA IS MISSING.
T INDICATES TRACE AMOUNT.
$$