000
CXUS53 KOAX 011749
CF6OAX
PRELIMINARY LOCAL CLIMATOLOGICAL DATA (WS FORM: F-6)
STATION: VALLEY NWS NE
MONTH: AUGUST
YEAR: 2021
LATITUDE: 41 19 N
LONGITUDE: 96 22 W
TEMPERATURE IN F: :PCPN: SNOW: WIND :SUNSHINE: SKY :PK WND
================================================================================
1 2 3 4 5 6A 6B 7 8 9 10 11 12 13 14 15 16 17 18
12Z AVG MX 2MIN
DY MAX MIN AVG DEP HDD CDD WTR SNW DPTH SPD SPD DIR MIN PSBL S-S WX SPD DR
================================================================================
1 81 62 72 -5 0 7 0.00 0.0 0 M M M M M M 8 22 M
2 80 58 69 -8 0 4 0.00 0.0 0 M M M M M M 8 14 M
3 80 60 70 -7 0 5 0.00 0.0 0 M M M M M M 1 17 M
4 82 65 74 -3 0 9 T 0.0 0 M M M M M M 28 M
5 87 69 78 2 0 13 T 0.0 0 M M M M M M 14 M
6 91 67 79 3 0 14 0.05 0.0 0 M M M M M M 32 M
7 85 67 76 0 0 11 0.62 0.0 0 M M M M M M 3 37 M
8 85 66 76 0 0 11 0.00 0.0 0 M M M M M M 23 M
9 93 68 81 5 0 16 0.00 0.0 0 M M M M M M 1 22 M
10 90 75 83 7 0 18 0.00 0.0 0 M M M M M M 18 M
11 89 73 81 5 0 16 0.00 0.0 0 M M M M M M 18 M
12 89 68 79 3 0 14 0.00 0.0 0 M M M M M M 28 M
13 85 63 74 -2 0 9 T 0.0 0 M M M M M M 16 M
14 86 60 73 -2 0 8 0.00 0.0 0 M M M M M M 21 M
15 84 64 74 -1 0 9 0.00 0.0 0 M M M M M M 22 M
16 87 67 77 2 0 12 0.00 0.0 0 M M M M M M 21 M
17 89 67 78 3 0 13 0.00 0.0 0 M M M M M M 22 M
18 87 70 79 4 0 14 0.00 0.0 0 M M M M M M 23 M
19 88 71 80 6 0 15 T 0.0 0 M M M M M M 29 M
20 88 72 80 6 0 15 0.10 0.0 0 M M M M M M 3 31 M
21 79 61 70 -4 0 5 0.00 0.0 0 M M M M M M 23 M
22 85 60 73 -1 0 8 0.01 0.0 0 M M M M M M 31 M
23 95 73 84 10 0 19 0.00 0.0 0 M M M M M M 22 M
24 96 72 84 10 0 19 0.64 0.0 0 M M M M M M 3 44 M
25 91 71 81 8 0 16 0.10 0.0 0 M M M M M M 28 M
26 92 74 83 10 0 18 T 0.0 0 M M M M M M 3 26 M
27 95 75 85 12 0 20 0.51 T 0 M M M M M M 35 60 M
28 92 68 80 7 0 15 0.38 0.0 0 M M M M M M 3 37 M
29 79 66 73 1 0 8 0.52 0.0 0 M M M M M M 3 30 M
30 85 66 76 4 0 11 T 0.0 0 M M M M M M 22 M
31 79 64 72 0 0 7 4.19 0.0 0 M M M M M M 3 58 M
================================================================================
SM 2694 2082 0 379 7.12 T M M M
================================================================================
AV 86.9 67.2 M FASTST M M M MAX(MPH)
MISC ----> M M 60 9999
================================================================================
NOTES:
# LAST OF SEVERAL OCCURRENCES
COLUMN 17 PEAK WIND IN M.P.H.
PRELIMINARY LOCAL CLIMATOLOGICAL DATA (WS FORM: F-6) , PAGE 2
STATION: VALLEY NWS NE
MONTH: AUGUST
YEAR: 2021
LATITUDE: 41 19 N
LONGITUDE: 96 22 W
[TEMPERATURE DATA] [PRECIPITATION DATA] SYMBOLS USED IN COLUMN 16
AVERAGE MONTHLY: 77.0 TOTAL FOR MONTH: 7.12 1 = FOG OR MIST
DPTR FM NORMAL: 2.2 DPTR FM NORMAL: 2.82 2 = FOG REDUCING VISIBILITY
HIGHEST: 96 ON 24 GRTST 24HR 4.19 ON 31-31 TO 1/4 MILE OR LESS
LOWEST: 58 ON 2 3 = THUNDER
SNOW, ICE PELLETS, HAIL 4 = ICE PELLETS
TOTAL MONTH: T 5 = HAIL
GRTST 24HR T ON 27-27 6 = FREEZING RAIN OR DRIZZLE
GRTST DEPTH: 0 7 = DUSTSTORM OR SANDSTORM:
VSBY 1/2 MILE OR LESS
8 = SMOKE OR HAZE
[NO. OF DAYS WITH] [WEATHER - DAYS WITH] 9 = BLOWING SNOW
X = TORNADO
MAX 32 OR BELOW: 0 0.01 INCH OR MORE: 10
MAX 90 OR ABOVE: 9 0.10 INCH OR MORE: 8
MIN 32 OR BELOW: 0 0.50 INCH OR MORE: 5
MIN 0 OR BELOW: 0 1.00 INCH OR MORE: 1
[HDD (BASE 65) ]
TOTAL THIS MO. 0 CLEAR (SCALE 0-3) 0
DPTR FM NORMAL -4 PTCLDY (SCALE 4-7) 0
TOTAL FM JUL 1 0 CLOUDY (SCALE 8-10) 31
DPTR FM NORMAL -1
[CDD (BASE 65) ]
TOTAL THIS MO. 379
DPTR FM NORMAL 72 [PRESSURE DATA]
TOTAL FM JAN 1 1213 HIGHEST SLP M ON M
DPTR FM NORMAL 166 LOWEST SLP M ON M
[REMARKS]
#FINAL-08-21#