000
CXUS53 KOAX 011625
CF6OAX
PRELIMINARY LOCAL CLIMATOLOGICAL DATA (WS FORM: F-6)
STATION: VALLEY NWS NE
MONTH: AUGUST
YEAR: 2020
LATITUDE: 41 19 N
LONGITUDE: 96 22 W
TEMPERATURE IN F: :PCPN: SNOW: WIND :SUNSHINE: SKY :PK WND
================================================================================
1 2 3 4 5 6A 6B 7 8 9 10 11 12 13 14 15 16 17 18
12Z AVG MX 2MIN
DY MAX MIN AVG DEP HDD CDD WTR SNW DPTH SPD SPD DIR MIN PSBL S-S WX SPD DR
================================================================================
1 82 60 71 -5 0 6 0.56 0.0 0 M M M M M M 13 28 M
2 80 60 70 -6 0 5 0.01 0.0 0 M M M M M M 28 M
3 76 56 66 -10 0 1 0.00 0.0 0 M M M M M M 18 M
4 78 54 66 -10 0 1 0.04 0.0 0 M M M M M M 13 M
5 79 61 70 -6 0 5 0.30 0.0 0 M M M M M M 3 20 M
6 86 65 76 0 0 11 0.04 0.0 0 M M M M M M 3 21 M
7 84 71 78 2 0 13 0.00 0.0 0 M M M M M M 24 M
8 87 74 81 5 0 16 0.00 0.0 0 M M M M M M 24 M
9 89 74 82 7 0 17 0.09 0.0 0 M M M M M M 3 33 M
10 84 66 75 0 0 10 0.02 0.0 0 M M M M M M 3 56 M
11 87 61 74 -1 0 9 T 0.0 0 M M M M M M 18 M
12 85 73 79 4 0 14 0.00 0.0 0 M M M M M M 1 24 M
13 91 73 82 7 0 17 0.00 0.0 0 M M M M M M 20 M
14 90 72 81 6 0 16 0.03 0.0 0 M M M M M M 20 M
15 87 61 74 0 0 9 0.00 0.0 0 M M M M M M 14 M
16 89 64 77 3 0 12 0.04 0.0 0 M M M M M M 3 30 M
17 86 62 74 0 0 9 0.00 0.0 0 M M M M M M 21 M
18 83 59 71 -3 0 6 0.00 0.0 0 M M M M M M 1 12 M
19 85 62 74 0 0 9 0.00 0.0 0 M M M M M M 18 M
20 86 64 75 1 0 10 0.00 0.0 0 M M M M M M 20 M
21 92 67 80 7 0 15 0.00 0.0 0 M M M M M M 17 M
22 91 67 79 6 0 14 0.00 0.0 0 M M M M M M 18 M
23 96 71 84 11 0 19 0.00 0.0 0 M M M M M M 13 M
24 96 71 84 11 0 19 0.00 0.0 0 M M M M M M 20 M
25 94 70 82 10 0 17 0.00 0.0 0 M M M M M M 21 M
26 93 69 81 9 0 16 0.00 0.0 0 M M M M M M 29 M
27 95 69 82 10 0 17 0.00 0.0 0 M M M M M M 18 M
28 92 71 82 10 0 17 0.00 0.0 0 M M M M M M 25 M
29 81 60 71 -1 0 6 0.00 0.0 0 M M M M M M 17 M
30 83 58 71 0 0 6 0.00 0.0 0 M M M M M M 23 M
31 79 57 68 -3 0 3 0.01 0.0 0 M M M M M M 36 M
================================================================================
SM 2686 2022 0 345 1.14 0.0 M M M
================================================================================
AV 86.7 65.2 M FASTST M M 0 MAX(MPH)
MISC ----> M M 56 M
================================================================================
NOTES:
# LAST OF SEVERAL OCCURRENCES
COLUMN 17 PEAK WIND IN M.P.H.
PRELIMINARY LOCAL CLIMATOLOGICAL DATA (WS FORM: F-6) , PAGE 2
STATION: VALLEY NWS NE
MONTH: AUGUST
YEAR: 2020
LATITUDE: 41 19 N
LONGITUDE: 96 22 W
[TEMPERATURE DATA] [PRECIPITATION DATA] SYMBOLS USED IN COLUMN 16
AVERAGE MONTHLY: 75.9 TOTAL FOR MONTH: 1.14 1 = FOG OR MIST
DPTR FM NORMAL: 1.9 DPTR FM NORMAL: -2.92 2 = FOG REDUCING VISIBILITY
HIGHEST: 96 ON 24,23 GRTST 24HR 0.56 ON 1- 1 TO 1/4 MILE OR LESS
LOWEST: 54 ON 4 3 = THUNDER
SNOW, ICE PELLETS, HAIL 4 = ICE PELLETS
TOTAL MONTH: 0.0 INCH 5 = HAIL
GRTST 24HR 0.0 6 = FREEZING RAIN OR DRIZZLE
GRTST DEPTH: 0 7 = DUSTSTORM OR SANDSTORM:
VSBY 1/2 MILE OR LESS
8 = SMOKE OR HAZE
[NO. OF DAYS WITH] [WEATHER - DAYS WITH] 9 = BLOWING SNOW
X = TORNADO
MAX 32 OR BELOW: 0 0.01 INCH OR MORE: 10
MAX 90 OR ABOVE: 10 0.10 INCH OR MORE: 2
MIN 32 OR BELOW: 0 0.50 INCH OR MORE: 1
MIN 0 OR BELOW: 0 1.00 INCH OR MORE: 0
[HDD (BASE 65) ]
TOTAL THIS MO. 0 CLEAR (SCALE 0-3) 0
DPTR FM NORMAL -5 PTCLDY (SCALE 4-7) 0
TOTAL FM JUL 1 0 CLOUDY (SCALE 8-10) 0
DPTR FM NORMAL -6
[CDD (BASE 65) ]
TOTAL THIS MO. 345
DPTR FM NORMAL 59 [PRESSURE DATA]
TOTAL FM JAN 1 1186 HIGHEST SLP M ON M
DPTR FM NORMAL 235 LOWEST SLP M ON M
[REMARKS]
#FINAL-08-20#