000
CXUS53 KOAX 011608
CF6OAX
PRELIMINARY LOCAL CLIMATOLOGICAL DATA (WS FORM: F-6)
STATION: VALLEY NWS NE
MONTH: AUGUST
YEAR: 2023
LATITUDE: 41 19 N
LONGITUDE: 96 22 W
TEMPERATURE IN F: :PCPN: SNOW: WIND :SUNSHINE: SKY :PK WND
================================================================================
1 2 3 4 5 6A 6B 7 8 9 10 11 12 13 14 15 16 17 18
12Z AVG MX 2MIN
DY MAX MIN AVG DEP HDD CDD WTR SNW DPTH SPD SPD DIR MIN PSBL S-S WX SPD DR
================================================================================
1 79 70 75 -2 0 10 T 0.0 0 M M M M M M 21 M
2 80 71 76 -1 0 11 1.66 0.0 0 M M M M M M 3 30 M
3 82 70 76 -1 0 11 T 0.0 0 M M M M M M 1 21 M
4 82 68 75 -2 0 10 0.00 0.0 0 M M M M M M 16 M
5 85 71 78 2 0 13 0.03 0.0 0 M M M M M M 21 M
6 76 66 71 -5 0 6 T 0.0 0 M M M M M M 35 M
7 82 61 72 -4 0 7 0.00 0.0 0 M M M M M M 24 M
8 82 65 74 -2 0 9 0.03 0.0 0 M M M M M M 13 M
9 80 66 73 -3 0 8 0.79 0.0 0 M M M M M M 3 31 M
10 85 62 74 -2 0 9 0.00 0.0 0 M M M M M M 20 M
11 86 67 77 1 0 12 0.03 0.0 0 M M M M M M 3 23 M
12 85 64 75 -1 0 10 T 0.0 0 M M M M M M 14 M
13 77 63 70 -6 0 5 0.34 0.0 0 M M M M M M 3 29 M
14 77 59 68 -7 0 3 0.00 0.0 0 M M M M M M 37 M
15 80 55 68 -7 0 3 0.00 0.0 0 M M M M M M 14 M
16 87 62 75 0 0 10 0.00 0.0 0 M M M M M M 29 M
17 78 61 70 -5 0 5 0.00 0.0 0 M M M M M M 26 M
18 81 59 70 -5 0 5 0.00 0.0 0 M M M M M M 26 M
19 96 68 82 8 0 17 0.00 0.0 0 M M M M M M 18 M
20 91 75 83 9 0 18 0.00 0.0 0 M M M M M M 17 M
21 95 71 83 9 0 18 0.00 0.0 0 M M M M M M 20 M
22 96 78 87 13 0 22 0.00 0.0 0 M M M M M M 20 M
23 98 77 88 14 0 23 0.00 0.0 0 M M M M M M 18 M
24 102 75 89 15 0 24 0.00 0.0 0 M M M M M M 14 M
25 93 74 84 11 0 19 T 0.0 0 M M M M M M 22 M
26 83 62 73 0 0 8 0.10 0.0 0 M M M M M M 23 M
27 81 58 70 -3 0 5 0.00 0.0 0 M M M M M M 15 M
28 86 63 75 2 0 10 0.00 0.0 0 M M M M M M 18 M
29 87 64 76 4 0 11 0.00 0.0 0 M M M M M M 8 25 M
30 84 63 74 2 0 9 0.00 0.0 0 M M M M M M 8 18 M
31 82 63 73 1 0 8 0.00 0.0 0 M M M M M M 32 M
================================================================================
SM 2638 2051 0 339 2.98 0.0 M M M
================================================================================
AV 85.1 66.2 M FASTST M M M MAX(MPH)
MISC ----> M M 37 9999
================================================================================
NOTES:
# LAST OF SEVERAL OCCURRENCES
COLUMN 17 PEAK WIND IN M.P.H.
PRELIMINARY LOCAL CLIMATOLOGICAL DATA (WS FORM: F-6) , PAGE 2
STATION: VALLEY NWS NE
MONTH: AUGUST
YEAR: 2023
LATITUDE: 41 19 N
LONGITUDE: 96 22 W
[TEMPERATURE DATA] [PRECIPITATION DATA] SYMBOLS USED IN COLUMN 16
AVERAGE MONTHLY: 75.6 TOTAL FOR MONTH: 2.98 1 = FOG OR MIST
DPTR FM NORMAL: 0.8 DPTR FM NORMAL: -1.32 2 = FOG REDUCING VISIBILITY
HIGHEST: 102 ON 24 GRTST 24HR 1.66 ON 2- 2 TO 1/4 MILE OR LESS
LOWEST: 55 ON 15 3 = THUNDER
SNOW, ICE PELLETS, HAIL 4 = ICE PELLETS
TOTAL MONTH: 0.0 INCH 5 = HAIL
GRTST 24HR 0.0 6 = FREEZING RAIN OR DRIZZLE
GRTST DEPTH: 0 7 = DUSTSTORM OR SANDSTORM:
VSBY 1/2 MILE OR LESS
8 = SMOKE OR HAZE
[NO. OF DAYS WITH] [WEATHER - DAYS WITH] 9 = BLOWING SNOW
X = TORNADO
MAX 32 OR BELOW: 0 0.01 INCH OR MORE: 7
MAX 90 OR ABOVE: 7 0.10 INCH OR MORE: 4
MIN 32 OR BELOW: 0 0.50 INCH OR MORE: 2
MIN 0 OR BELOW: 0 1.00 INCH OR MORE: 1
[HDD (BASE 65) ]
TOTAL THIS MO. 0 CLEAR (SCALE 0-3) 0
DPTR FM NORMAL -4 PTCLDY (SCALE 4-7) 0
TOTAL FM JUL 1 1 CLOUDY (SCALE 8-10) 31
DPTR FM NORMAL 0
[CDD (BASE 65) ]
TOTAL THIS MO. 339
DPTR FM NORMAL 32 [PRESSURE DATA]
TOTAL FM JAN 1 1153 HIGHEST SLP M ON M
DPTR FM NORMAL 106 LOWEST SLP M ON M
[REMARKS]
#FINAL-08-23#