000
CXHW52 PHFO 011250
CF6OGG
PRELIMINARY LOCAL CLIMATOLOGICAL DATA (WS FORM: F-6)
STATION: KAHULUI HI
MONTH: OCTOBER
YEAR: 2022
LATITUDE: 20 53 N
LONGITUDE: 156 26 W
TEMPERATURE IN F: :PCPN: SNOW: WIND :SUNSHINE: SKY :PK WND
================================================================================
1 2 3 4 5 6A 6B 7 8 9 10 11 12 13 14 15 16 17 18
12Z AVG MX 2MIN
DY MAX MIN AVG DEP HDD CDD WTR SNW DPTH SPD SPD DIR MIN PSBL S-S WX SPD DR
================================================================================
1 89 71 80 0 0 15 0.00 M M 10.2 23 30 M M 3 28 20
2 88 70 79 -1 0 14 T M M 8.8 24 40 M M 4 8 29 40
3 84 75 80 0 0 15 0.06 M M 10.8 22 40 M M 9 18 25 50
4 86 73 80 0 0 15 0.01 M M 13.4 24 30 M M 7 18 28 30
5 90 76 83 3 0 18 0.00 M M 12.2 22 30 M M 5 25 40
6 89 76 83 3 0 18 0.00 M M 11.9 22 40 M M 6 27 30
7 91 73 82 2 0 17 0.00 M M 10.2 23 30 M M 6 26 20
8 88 74 81 1 0 16 0.00 M M 7.9 15 20 M M 5 8 19 30
9 89 71 80 0 0 15 T M M 5.6 14 10 M M 3 8 19 40
10 89 75 82 2 0 17 0.00 M M 7.4 17 40 M M 5 8 22 30
11 92 72 82 2 0 17 0.00 M M 6.9 16 40 M M 3 20 30
12 92 75 84 4 0 19 T M M 6.0 18 40 M M 2 22 30
13 90 76 83 3 0 18 0.00 M M 6.7 17 350 M M 3 22 20
14 90 72 81 1 0 16 T M M 10.1 23 30 M M 3 27 30
15 89 76 83 3 0 18 T M M 9.8 20 40 M M 4 25 20
16 89 71 80 0 0 15 0.00 M M 12.4 25 30 M M 2 28 30
17 90 66 78 -1 0 13 0.00 M M 8.8 22 40 M M 1 8 26 30
18 89 68 79 0 0 14 0.00 M M 6.1 14 30 M M 2 18 40
19 89 68 79 0 0 14 0.00 M M 5.8 14 360 M M 2 20 10
20 88 68 78 -1 0 13 0.00 M M 5.9 14 360 M M 3 21 10
21 94 68 81 2 0 16 0.12 M M 7.6 22 40 M M 2 18 26 40
22 93 76 85 6 0 20 T M M 14.5 28 50 M M 2 8 36 60
23 93 72 83 4 0 18 T M M 15.4 29 60 M M 3 38 70
24 91 73 82 3 0 17 0.00 M M 17.2 33 70 M M 3 46 80
25 91 74 83 4 0 18 T M M 17.1 32 40 M M 1 38 40
26 90 74 82 3 0 17 0.08 M M 12.7 24 70 M M 5 1 32 40
27 88 73 81 2 0 16 0.01 M M 13.5 25 40 M M 5 1 29 40
28 91 73 82 3 0 17 0.00 M M 13.3 30 40 M M 2 37 40
29 90 71 81 3 0 16 0.00 M M 13.0 25 40 M M 2 30 50
30 88 75 82 4 0 17 T M M 11.8 23 40 M M 3 28 40
31 90 77 84 6 0 19 0.00 M M 15.6 28 40 M M 1 34 50
================================================================================
SM 2780 2252 0 508 0.28 M 328.6 M 107
================================================================================
AV 89.7 72.6 10.6 FASTST M M 3 MAX(MPH)
MISC ----> 33 70 46 80
================================================================================
NOTES:
# LAST OF SEVERAL OCCURRENCES
COLUMN 17 PEAK WIND IN M.P.H.
PRELIMINARY LOCAL CLIMATOLOGICAL DATA (WS FORM: F-6) , PAGE 2
STATION: KAHULUI HI
MONTH: OCTOBER
YEAR: 2022
LATITUDE: 20 53 N
LONGITUDE: 156 26 W
[TEMPERATURE DATA] [PRECIPITATION DATA] SYMBOLS USED IN COLUMN 16
AVERAGE MONTHLY: 81.2 TOTAL FOR MONTH: 0.28 1 = FOG OR MIST
DPTR FM NORMAL: 1.8 DPTR FM NORMAL: -0.55 2 = FOG REDUCING VISIBILITY
HIGHEST: 94 ON 21 GRTST 24HR 0.12 ON 21-21 TO 1/4 MILE OR LESS
LOWEST: 66 ON 17 3 = THUNDER
SNOW, ICE PELLETS, HAIL 4 = ICE PELLETS
TOTAL MONTH: M 5 = HAIL
GRTST 24HR M ON M 6 = FREEZING RAIN OR DRIZZLE
GRTST DEPTH: M ON M 7 = DUSTSTORM OR SANDSTORM:
VSBY 1/2 MILE OR LESS
8 = SMOKE OR HAZE
[NO. OF DAYS WITH] [WEATHER - DAYS WITH] 9 = BLOWING SNOW
X = TORNADO
MAX 32 OR BELOW: 0 0.01 INCH OR MORE: 5
MAX 90 OR ABOVE: 16 0.10 INCH OR MORE: 1
MIN 32 OR BELOW: 0 0.50 INCH OR MORE: 0
MIN 0 OR BELOW: 0 1.00 INCH OR MORE: 0
[HDD (BASE 65) ]
TOTAL THIS MO. 0 CLEAR (SCALE 0-3) 18
DPTR FM NORMAL 0 PTCLDY (SCALE 4-7) 12
TOTAL FM JUL 1 0 CLOUDY (SCALE 8-10) 1
DPTR FM NORMAL 0
[CDD (BASE 65) ]
TOTAL THIS MO. 508
DPTR FM NORMAL 62 [PRESSURE DATA]
TOTAL FM JAN 1 4123 HIGHEST SLP 30.13 ON 26
DPTR FM NORMAL 362 LOWEST SLP 29.88 ON 20
[REMARKS]
#FINAL-10-22#