000
CXUS56 KSGX 011145
CF6OKB
PRELIMINARY LOCAL CLIMATOLOGICAL DATA (WS FORM: F-6)
STATION: OCEANSIDE AIRPORT CA
MONTH: FEBRUARY
YEAR: 2022
LATITUDE: 33 13 N
LONGITUDE: 117 21 W
TEMPERATURE IN F: :PCPN: SNOW: WIND :SUNSHINE: SKY :PK WND
================================================================================
1 2 3 4 5 6A 6B 7 8 9 10 11 12 13 14 15 16 17 18
12Z AVG MX 2MIN
DY MAX MIN AVG DEP HDD CDD WTR SNW DPTH SPD SPD DIR MIN PSBL S-S WX SPD DR
================================================================================
1 63 43 53 -1 12 0 0.00 M M 3.6 12 210 M M 5 18 M M
2 69 32 51 -3 14 0 0.00 M M 5.3 20 40 M M 0 12 27 30
3 65 31 48 -6 17 0 0.00 M M 4.6 14 280 M M 0 20 260
4 73 30 52 -2 13 0 0.00 M M 3.0 15 290 M M 0 19 250
5 70 29 50 -4 15 0 0.00 M M 2.7 13 250 M M 0 16 250
6 75 30 53 -1 12 0 0.00 M M 4.0 16 280 M M 0 21 290
7 81 33 57 3 8 0 0.00 M M 4.7 16 280 M M 0 22 290
8 77 34 56 2 9 0 0.00 M M 3.9 13 250 M M 0 15 290
9 87 37 62 8 3 0 0.00 M M 4.1 18 290 M M 0 25 290
10 91 41 66 12 0 1 0.00 M M 5.8 21 50 M M 0 28 60
11 81 42 62 8 3 0 0.00 M M 3.5 13 250 M M 0 15 260
12 88 38 63 9 2 0 0.00 M M 3.4 14 250 M M 0 16 250
13 83 43 63 9 2 0 0.00 M M 4.3 15 290 M M 0 18 290
14 74 37 56 2 9 0 0.00 M M 4.6 15 250 M M 3 1 18 240
15 62 43 53 -1 12 0 0.03 M M 9.6 24 250 M M 8 138 30 260
16 63 36 50 -4 15 0 0.00 M M 4.2 14 220 M M 2 8 19 190
17 73 36 55 1 10 0 0.00 M M 4.3 17 290 M M 0 1 22 290
18 70 33 52 -2 13 0 0.00 M M 4.2 16 260 M M 0 1 24 250
19 70 32 51 -3 14 0 0.00 M M 3.7 16 260 M M 0 1 20 260
20 65 40 53 -1 12 0 0.00 M M 5.0 14 250 M M 6 128 17 250
21 63 53 58 4 7 0 T M M 8.4 18 250 M M 10 23 250
22 62 52 57 3 8 0 0.03 M M 11.4 21 240 M M 9 27 250
23 57 39 48 -6 17 0 0.18 M M 8.6 21 270 M M 4 1 32 260
24 63 32 48 -7 17 0 0.00 M M 5.8 17 290 M M 0 23 300
25 63 31 47 -8 18 0 0.00 M M 5.0 16 280 M M 0 23 260
26 69 34 52 -3 13 0 0.00 M M 5.1 16 300 M M 0 23 290
27 73 33 53 -2 12 0 0.00 M M 4.3 15 270 M M 0 8 20 280
28 77 34 56 1 9 0 0.00 M M 3.7 14 260 M M 0 8 18 260
================================================================================
SM 2007 1028 296 1 0.24 M 140.8 M 47
================================================================================
AV 71.7 36.7 5.0 FASTST M M 2 MAX(MPH)
MISC ----> 24 250 32 260
================================================================================
NOTES:
# LAST OF SEVERAL OCCURRENCES
COLUMN 17 PEAK WIND IN M.P.H.
PRELIMINARY LOCAL CLIMATOLOGICAL DATA (WS FORM: F-6) , PAGE 2
STATION: OCEANSIDE AIRPORT CA
MONTH: FEBRUARY
YEAR: 2022
LATITUDE: 33 13 N
LONGITUDE: 117 21 W
[TEMPERATURE DATA] [PRECIPITATION DATA] SYMBOLS USED IN COLUMN 16
AVERAGE MONTHLY: 54.2 TOTAL FOR MONTH: 0.24 1 = FOG OR MIST
DPTR FM NORMAL: 0.1 DPTR FM NORMAL: -2.66 2 = FOG REDUCING VISIBILITY
HIGHEST: 91 ON 10 GRTST 24HR 0.21 ON 22-23 TO 1/4 MILE OR LESS
LOWEST: 29 ON 5 3 = THUNDER
SNOW, ICE PELLETS, HAIL 4 = ICE PELLETS
TOTAL MONTH: M 5 = HAIL
GRTST 24HR M ON M 6 = FREEZING RAIN OR DRIZZLE
GRTST DEPTH: M ON M 7 = DUSTSTORM OR SANDSTORM:
VSBY 1/2 MILE OR LESS
8 = SMOKE OR HAZE
[NO. OF DAYS WITH] [WEATHER - DAYS WITH] 9 = BLOWING SNOW
X = TORNADO
MAX 32 OR BELOW: 0 0.01 INCH OR MORE: 3
MAX 90 OR ABOVE: 1 0.10 INCH OR MORE: 1
MIN 32 OR BELOW: 8 0.50 INCH OR MORE: 0
MIN 0 OR BELOW: 0 1.00 INCH OR MORE: 0
[HDD (BASE 65) ]
TOTAL THIS MO. 296 CLEAR (SCALE 0-3) 22
DPTR FM NORMAL -11 PTCLDY (SCALE 4-7) 3
TOTAL FM JUL 1 1282 CLOUDY (SCALE 8-10) 3
DPTR FM NORMAL -71
[CDD (BASE 65) ]
TOTAL THIS MO. 1
DPTR FM NORMAL 0 [PRESSURE DATA]
TOTAL FM JAN 1 1 HIGHEST SLP 30.36 ON 4
DPTR FM NORMAL 1 LOWEST SLP 29.78 ON 15
[REMARKS]
#FINAL-02-22#