000
CXUS55 KGGW 010910
CF6OLF
PRELIMINARY LOCAL CLIMATOLOGICAL DATA (WS FORM: F-6)
STATION: WOLF POINT MT
MONTH: DECEMBER
YEAR: 2023
LATITUDE: 48 5 N
LONGITUDE: 105 35 W
TEMPERATURE IN F: :PCPN: SNOW: WIND :SUNSHINE: SKY :PK WND
================================================================================
1 2 3 4 5 6A 6B 7 8 9 10 11 12 13 14 15 16 17 18
12Z AVG MX 2MIN
DY MAX MIN AVG DEP HDD CDD WTR SNW DPTH SPD SPD DIR MIN PSBL S-S WX SPD DR
================================================================================
1 38 20 29 7 36 0 0.00 M M 4.7 9 70 M M 6 12 170
2 44 10 27 5 38 0 0.00 M M 4.5 14 240 M M 1 20 250
3 42 19 31 10 34 0 T M M 7.3 22 260 M M 5 26 260
4 42 17 30 9 35 0 0.01 M M 10.4 33 320 M M 4 128 42 320
5 49 15 32 12 33 0 0.00 M M 3.9 9 70 M M 4 12 70
6 60 28 44 24 21 0 0.00 M M 4.6 10 230 M M 1 12 270
7 43 25 34 14 31 0 0.01 M M 10.2 24 290 M M 6 32 290
8 37 22 30 11 35 0 0.01 M M 13.9 23 320 M M 6 1 32 330
9 36 15 26 7 39 0 0.00 M M 7.2 18 280 M M 1 25 280
10 42 20 31 12 34 0 0.00 M M 6.0 18 280 M M 3 25 290
11 39 8 24 6 41 0 0.00 M M 9.2 29 310 M M 5 37 300
12 41 11 26 8 39 0 0.00 M M 5.4 16 270 M M 4 21 270
13 48 11 30 12 35 0 0.00 M M 4.1 15 220 M M 0 1 21 230
14 43 9 26 9 39 0 0.00 M M 3.7 12 250 M M 0 18 15 250
15 41 11 26 9 39 0 0.00 M M 3.9 14 80 M M 1 18 80
16 48 10 29 12 36 0 0.00 M M 5.8 21 270 M M 1 27 260
17 39 8 24 8 41 0 0.00 M M 8.1 21 300 M M 2 28 310
18 40 6 23 7 42 0 0.00 M M 3.3 12 60 M M 0 8 13 60
19 39 21 30 14 35 0 0.00 M M 7.1 16 70 M M 7 20 60
20 46 21 34 18 31 0 0.00 M M 6.0 13 80 M M 2 16 70
21 51 18 35 19 30 0 0.00 M M 4.6 13 260 M M 0 18 250
22 49 17 33 18 32 0 0.00 M M 2.0 8 60 M M 0 9 60
23 42 15 29 14 36 0 T M M 8.6 23 330 M M 3 1 30 320
24 31 4 18 3 47 0 0.00 M M 6.9 15 250 M M 0 19 250
25 31 1 16 1 49 0 0.00 M M 2.6 8 230 M M 0 11 250
26 35 4 20 6 45 0 0.00 M M 2.1 9 230 M M 0 1 10 230
27 39 4 22 8 43 0 0.00 M M 4.8 16 260 M M 0 19 260
28 41 6 24 10 41 0 0.00 M M 3.8 13 250 M M 0 14 260
29 38 16 27 13 38 0 0.00 M M 7.5 17 250 M M 0 22 250
30 33 7 20 6 45 0 0.00 M M 3.8 12 70 M M 0 128 14 80
31 37 6 22 8 43 0 0.00 M M 5.8 13 90 M M 0 16 90
================================================================================
SM 1284 405 1163 0 0.03 M 181.8 M 62
================================================================================
AV 41.4 13.1 5.9 FASTST M M 2 MAX(MPH)
MISC ----> 33 320 42 320
================================================================================
NOTES:
# LAST OF SEVERAL OCCURRENCES
COLUMN 17 PEAK WIND IN M.P.H.
PRELIMINARY LOCAL CLIMATOLOGICAL DATA (WS FORM: F-6) , PAGE 2
STATION: WOLF POINT MT
MONTH: DECEMBER
YEAR: 2023
LATITUDE: 48 5 N
LONGITUDE: 105 35 W
[TEMPERATURE DATA] [PRECIPITATION DATA] SYMBOLS USED IN COLUMN 16
AVERAGE MONTHLY: 27.2 TOTAL FOR MONTH: 0.03 1 = FOG OR MIST
DPTR FM NORMAL: 10.1 DPTR FM NORMAL: -0.12 2 = FOG REDUCING VISIBILITY
HIGHEST: 60 ON 6 GRTST 24HR 0.02 ON 7- 8 TO 1/4 MILE OR LESS
LOWEST: 1 ON 25 3 = THUNDER
SNOW, ICE PELLETS, HAIL 4 = ICE PELLETS
TOTAL MONTH: M 5 = HAIL
GRTST 24HR M ON M 6 = FREEZING RAIN OR DRIZZLE
GRTST DEPTH: M ON M 7 = DUSTSTORM OR SANDSTORM:
VSBY 1/2 MILE OR LESS
8 = SMOKE OR HAZE
[NO. OF DAYS WITH] [WEATHER - DAYS WITH] 9 = BLOWING SNOW
X = TORNADO
MAX 32 OR BELOW: 2 0.01 INCH OR MORE: 3
MAX 90 OR ABOVE: 0 0.10 INCH OR MORE: 0
MIN 32 OR BELOW: 31 0.50 INCH OR MORE: 0
MIN 0 OR BELOW: 0 1.00 INCH OR MORE: 0
[HDD (BASE 65) ]
TOTAL THIS MO. 1163 CLEAR (SCALE 0-3) 22
DPTR FM NORMAL -320 PTCLDY (SCALE 4-7) 9
TOTAL FM JUL 1 2959 CLOUDY (SCALE 8-10) 0
DPTR FM NORMAL -520
[CDD (BASE 65) ]
TOTAL THIS MO. 0
DPTR FM NORMAL 0 [PRESSURE DATA]
TOTAL FM JAN 1 601 HIGHEST SLP M ON M
DPTR FM NORMAL 93 LOWEST SLP 29.42 ON 7
[REMARKS]
#FINAL-12-23#