000
CXUS55 KSEW 010930
CF6OLM
PRELIMINARY LOCAL CLIMATOLOGICAL DATA (WS FORM: F-6)
STATION: OLYMPIA WA AIRPORT
MONTH: APRIL
YEAR: 2022
LATITUDE: 46 58 N
LONGITUDE: 122 54 W
TEMPERATURE IN F: :PCPN: SNOW: WIND :SUNSHINE: SKY :PK WND
================================================================================
1 2 3 4 5 6A 6B 7 8 9 10 11 12 13 14 15 16 17 18
12Z AVG MX 2MIN
DY MAX MIN AVG DEP HDD CDD WTR SNW DPTH SPD SPD DIR MIN PSBL S-S WX SPD DR
================================================================================
1 55 30 43 -3 22 0 0.01 M M 5.4 13 270 M M 5 1 22 220
2 56 37 47 1 18 0 T M M 5.9 16 230 M M 3 22 250
3 53 40 47 1 18 0 0.56 M M 14.2 28 200 M M 10 1 47 170
4 50 37 44 -2 21 0 0.85 M M 14.0 29 180 M M 8 1 46 250
5 54 30 42 -4 23 0 0.01 M M 9.8 18 230 M M 3 32 230
6 58 25 42 -5 23 0 0.00 M M 3.3 13 30 M M 0 1 22 30
7 76 33 55 8 10 0 T M M 3.2 20 250 M M 1 8 30 230
8 54 42 48 1 17 0 0.14 M M 11.2 25 240 M M 7 1 39 250
9 49 37 43 -4 22 0 0.18 M M 10.8 23 290 M M 5 1 35 280
10 47 35 41 -6 24 0 0.10 M M 10.1 21 230 M M 9 1 36 220
11 53 35 44 -3 21 0 0.25 M M 11.1 22 300 M M 8 1 30 10
12 45 29 37 -10 28 0 0.21 M M 8.7 22 250 M M 7 1 32 260
13 42 28 35 -13 30 0 0.37 M M 4.0 10 20 M M 9 128 14 20
14 50 31 41 -7 24 0 0.23 M M 4.6 17 130 M M 9 12 22 130
15 50 29 40 -8 25 0 0.03 M M 3.6 13 150 M M 7 12 19 160
16 47 28 38 -10 27 0 0.13 M M 4.5 16 220 M M 7 12 24 340
17 58 27 43 -5 22 0 0.00 M M 4.5 28 170 M M 3 1 38 170
18 51 39 45 -3 20 0 0.47 M M 7.2 20 240 M M 10 1 30 180
19 53 31 42 -7 23 0 0.17 M M 4.9 12 270 M M 6 1 17 190
20 51 32 42 -7 23 0 0.16 M M 4.1 14 190 M M 7 12 20 160
21 55 39 47 -2 18 0 0.42 M M 7.9 23 180 M M 8 12 31 170
22 59 36 48 -1 17 0 0.01 M M 2.1 14 280 M M 7 12 20 290
23 63 32 48 -1 17 0 0.00 M M 1.9 10 150 M M 3 12 14 160
24 69 33 51 1 14 0 0.08 M M 6.4 17 180 M M 3 1 24 180
25 59 38 49 -1 16 0 0.03 M M 6.4 17 280 M M 7 1 27 250
26 53 36 45 -5 20 0 0.33 M M 6.2 15 260 M M 6 18 25 220
27 54 33 44 -6 21 0 0.04 M M 4.1 13 180 M M 7 17 210
28 56 32 44 -7 21 0 T M M 3.8 16 210 M M 6 12 24 220
29 60 42 51 0 14 0 0.28 M M 6.9 16 190 M M 9 1 22 180
30 58 41 50 -1 15 0 0.29 M M 4.6 14 180 M M 7 1 19 180
================================================================================
SM 1638 1017 614 0 5.35 M 195.4 M 187
================================================================================
AV 54.6 33.9 6.5 FASTST M M 6 MAX(MPH)
MISC ----> 29 180 47 170
================================================================================
NOTES:
# LAST OF SEVERAL OCCURRENCES
COLUMN 17 PEAK WIND IN M.P.H.
PRELIMINARY LOCAL CLIMATOLOGICAL DATA (WS FORM: F-6) , PAGE 2
STATION: OLYMPIA WA AIRPORT
MONTH: APRIL
YEAR: 2022
LATITUDE: 46 58 N
LONGITUDE: 122 54 W
[TEMPERATURE DATA] [PRECIPITATION DATA] SYMBOLS USED IN COLUMN 16
AVERAGE MONTHLY: 44.3 TOTAL FOR MONTH: 5.35 1 = FOG OR MIST
DPTR FM NORMAL: -4.0 DPTR FM NORMAL: 1.68 2 = FOG REDUCING VISIBILITY
HIGHEST: 76 ON 7 GRTST 24HR 1.34 ON 3- 4 TO 1/4 MILE OR LESS
LOWEST: 25 ON 6 3 = THUNDER
SNOW, ICE PELLETS, HAIL 4 = ICE PELLETS
TOTAL MONTH: M 5 = HAIL
GRTST 24HR M ON M 6 = FREEZING RAIN OR DRIZZLE
GRTST DEPTH: M ON M 7 = DUSTSTORM OR SANDSTORM:
VSBY 1/2 MILE OR LESS
8 = SMOKE OR HAZE
[NO. OF DAYS WITH] [WEATHER - DAYS WITH] 9 = BLOWING SNOW
X = TORNADO
MAX 32 OR BELOW: 0 0.01 INCH OR MORE: 24
MAX 90 OR ABOVE: 0 0.10 INCH OR MORE: 17
MIN 32 OR BELOW: 13 0.50 INCH OR MORE: 2
MIN 0 OR BELOW: 0 1.00 INCH OR MORE: 0
[HDD (BASE 65) ]
TOTAL THIS MO. 614 CLEAR (SCALE 0-3) 6
DPTR FM NORMAL 110 PTCLDY (SCALE 4-7) 18
TOTAL FM JUL 1 4705 CLOUDY (SCALE 8-10) 6
DPTR FM NORMAL -156
[CDD (BASE 65) ]
TOTAL THIS MO. 0
DPTR FM NORMAL 0 [PRESSURE DATA]
TOTAL FM JAN 1 0 HIGHEST SLP M ON M
DPTR FM NORMAL 0 LOWEST SLP 29.45 ON 4
[REMARKS]
#FINAL-04-22#