000
CXUS56 KOTX 010910
CF6OMK
PRELIMINARY LOCAL CLIMATOLOGICAL DATA (WS FORM: F-6)
STATION: OMAK WA AIRPORT
MONTH: APRIL
YEAR: 2022
LATITUDE: 48 27 N
LONGITUDE: 119 31 W
TEMPERATURE IN F: :PCPN: SNOW: WIND :SUNSHINE: SKY :PK WND
================================================================================
1 2 3 4 5 6A 6B 7 8 9 10 11 12 13 14 15 16 17 18
12Z AVG MX 2MIN
DY MAX MIN AVG DEP HDD CDD WTR SNW DPTH SPD SPD DIR MIN PSBL S-S WX SPD DR
================================================================================
1 59 30 45 -1 20 0 0.00 M M 7.2 20 150 M M 3 24 160
2 61 37 49 3 16 0 0.00 M M 7.7 21 270 M M 2 29 280
3 63 36 50 3 15 0 0.00 M M 13.1 28 160 M M 5 37 160
4 57 38 48 1 17 0 T M M 18.1 35 230 M M 5 47 230
5 59 33 46 -1 19 0 0.00 M M 13.6 30 280 M M 0 41 290
6 58 28 43 -4 22 0 0.00 M M 5.7 16 190 M M 0 19 210
7 66 38 52 4 13 0 0.00 M M 5.4 13 200 M M 0 17 210
8 65 38 52 4 13 0 0.00 M M 10.2 29 300 M M 0 36 280
9 56 26 41 -7 24 0 0.00 M M 6.9 29 10 M M 1 36 280
10 52 24 38 -10 27 0 0.00 M M 6.2 16 10 M M 1 8 21 20
11 51 31 41 -7 24 0 0.00 M M 13.2 26 30 M M 7 39 30
12 44 30 37 -12 28 0 T M M 5.6 20 80 M M 9 8 23 70
13 51 30 41 -8 24 0 0.00 M M 4.2 15 70 M M 5 20 90
14 52 31 42 -7 23 0 0.00 M M 6.5 16 170 M M 7 25 340
15 49 29 39 -11 26 0 0.08 M M 6.0 18 170 M M 6 12 22 170
16 53 27 40 -10 25 0 0.00 M M 10.0 23 10 M M 1 27 20
17 58 27 43 -7 22 0 0.00 M M 6.7 22 160 M M 2 26 160
18 51 34 43 -7 22 0 0.24 M M 3.2 17 310 M M 9 1 21 320
19 58 31 45 -5 20 0 0.01 M M 9.8 32 10 M M 3 39 10
20 57 29 43 -8 22 0 0.18 M M 6.3 20 200 M M 4 1 26 210
21 58 37 48 -3 17 0 0.07 M M 6.0 24 290 M M 8 31 290
22 62 31 47 -4 18 0 T M M 5.9 18 290 M M 2 24 290
23 67 34 51 -1 14 0 0.00 M M 6.9 14 350 M M 0 18 350
24 69 34 52 0 13 0 0.00 M M 7.4 20 190 M M 1 26 190
25 70 42 56 4 9 0 0.00 M M 10.4 30 150 M M 5 41 160
26 53 34 44 -9 21 0 0.16 M M 8.9 20 360 M M 7 24 10
27 59 30 45 -8 20 0 0.00 M M 4.0 14 210 M M 3 18 200
28 61 31 46 -7 19 0 0.00 M M 4.6 10 310 M M 2 14 10
29 64 42 53 -1 12 0 T M M 9.7 21 140 M M 6 26 150
30 58 42 50 -4 15 0 0.18 M M 6.1 13 20 M M 8 17 20
================================================================================
SM 1741 984 580 0 0.92 M 235.5 M 112
================================================================================
AV 58.0 32.8 7.8 FASTST M M 4 MAX(MPH)
MISC ----> 35 230 47 230
================================================================================
NOTES:
# LAST OF SEVERAL OCCURRENCES
COLUMN 17 PEAK WIND IN M.P.H.
PRELIMINARY LOCAL CLIMATOLOGICAL DATA (WS FORM: F-6) , PAGE 2
STATION: OMAK WA AIRPORT
MONTH: APRIL
YEAR: 2022
LATITUDE: 48 27 N
LONGITUDE: 119 31 W
[TEMPERATURE DATA] [PRECIPITATION DATA] SYMBOLS USED IN COLUMN 16
AVERAGE MONTHLY: 45.4 TOTAL FOR MONTH: 0.92 1 = FOG OR MIST
DPTR FM NORMAL: -4.4 DPTR FM NORMAL: 0.09 2 = FOG REDUCING VISIBILITY
HIGHEST: 70 ON 25 GRTST 24HR 0.24 ON 18-18 TO 1/4 MILE OR LESS
LOWEST: 24 ON 10 3 = THUNDER
SNOW, ICE PELLETS, HAIL 4 = ICE PELLETS
TOTAL MONTH: M 5 = HAIL
GRTST 24HR M ON M 6 = FREEZING RAIN OR DRIZZLE
GRTST DEPTH: M ON M 7 = DUSTSTORM OR SANDSTORM:
VSBY 1/2 MILE OR LESS
8 = SMOKE OR HAZE
[NO. OF DAYS WITH] [WEATHER - DAYS WITH] 9 = BLOWING SNOW
X = TORNADO
MAX 32 OR BELOW: 0 0.01 INCH OR MORE: 7
MAX 90 OR ABOVE: 0 0.10 INCH OR MORE: 4
MIN 32 OR BELOW: 16 0.50 INCH OR MORE: 0
MIN 0 OR BELOW: 0 1.00 INCH OR MORE: 0
[HDD (BASE 65) ]
TOTAL THIS MO. 580 CLEAR (SCALE 0-3) 16
DPTR FM NORMAL 123 PTCLDY (SCALE 4-7) 12
TOTAL FM JUL 1 6015 CLOUDY (SCALE 8-10) 2
DPTR FM NORMAL 130
[CDD (BASE 65) ]
TOTAL THIS MO. 0
DPTR FM NORMAL -1 [PRESSURE DATA]
TOTAL FM JAN 1 0 HIGHEST SLP M ON M
DPTR FM NORMAL -1 LOWEST SLP 29.22 ON 4
[REMARKS]
#FINAL-04-22#