000
CXUS56 KOTX 010910
CF6OMK
PRELIMINARY LOCAL CLIMATOLOGICAL DATA (WS FORM: F-6)
STATION: OMAK WA AIRPORT
MONTH: MARCH
YEAR: 2021
LATITUDE: 48 27 N
LONGITUDE: 119 31 W
TEMPERATURE IN F: :PCPN: SNOW: WIND :SUNSHINE: SKY :PK WND
================================================================================
1 2 3 4 5 6A 6B 7 8 9 10 11 12 13 14 15 16 17 18
12Z AVG MX 2MIN
DY MAX MIN AVG DEP HDD CDD WTR SNW DPTH SPD SPD DIR MIN PSBL S-S WX SPD DR
================================================================================
1 52 32 42 6 23 0 0.00 M M 6.5 16 200 M M 5 20 210
2 56 27 42 6 23 0 0.00 M M 6.0 15 190 M M 1 20 190
3 55 27 41 5 24 0 0.00 M M 4.6 12 190 M M 1 15 230
4 57 29 43 6 22 0 0.00 M M 4.9 13 200 M M 0 17 210
5 57 34 46 9 19 0 0.03 M M 4.6 13 120 M M 6 17 210
6 59 36 48 10 17 0 0.00 M M 5.9 20 200 M M 3 24 210
7 52 30 41 3 24 0 0.02 M M 7.5 18 200 M M 2 1 23 200
8 50 24 37 -1 28 0 0.00 M M 6.9 13 350 M M 0 16 350
9 51 27 39 0 26 0 0.00 M M 4.5 14 190 M M 3 8 18 180
10 54 23 39 0 26 0 0.00 M M 6.0 17 10 M M 0 22 10
11 52 29 41 1 24 0 0.00 M M 9.2 18 350 M M 0 22 350
12 55 25 40 0 25 0 0.00 M M 4.7 14 200 M M 2 19 180
13 58 27 43 3 22 0 0.00 M M 4.2 14 190 M M 0 16 200
14 54 29 42 1 23 0 0.00 M M 4.3 14 200 M M 3 16 200
15 55 37 46 5 19 0 0.01 M M 13.5 25 10 M M 6 33 20
16 58 31 45 3 20 0 0.00 M M 8.9 17 10 M M 0 21 10
17 59 27 43 1 22 0 0.00 M M 4.3 12 300 M M 1 14 150
18 65 30 48 6 17 0 0.07 M M 5.2 26 230 M M 5 3 34 250
19 60 36 48 5 17 0 0.00 M M 9.7 22 190 M M 2 29 190
20 60 35 48 5 17 0 0.00 M M 8.8 18 210 M M 2 23 250
21 52 32 42 -2 23 0 0.00 M M 8.6 21 180 M M 6 26 180
22 57 33 45 1 20 0 T M M 8.0 26 10 M M 5 32 20
23 57 29 43 -1 22 0 0.00 M M 5.7 13 190 M M 1 15 160
24 59 37 48 3 17 0 T M M 10.7 22 170 M M 4 26 10
25 60 34 47 2 18 0 0.00 M M 9.4 23 10 M M 5 29 10
26 63 28 46 1 19 0 0.00 M M 5.7 17 160 M M 1 21 160
27 65 35 50 4 15 0 0.00 M M 8.1 18 160 M M 0 23 190
28 64 32 48 2 17 0 0.00 M M 15.7 35 190 M M 3 8 45 190
29 50 26 38 -8 27 0 0.00 M M 14.8 25 20 M M 4 36 20
30 55 20 38 -8 27 0 0.00 M M 4.5 13 300 M M 0 16 290
31 63 26 45 -2 20 0 0.00 M M 6.9 22 140 M M 0 25 140
================================================================================
SM 1764 927 663 0 0.13 M 228.3 M 71
================================================================================
AV 56.9 29.9 7.4 FASTST M M 2 MAX(MPH)
MISC ----> 35 190 45 190
================================================================================
NOTES:
# LAST OF SEVERAL OCCURRENCES
COLUMN 17 PEAK WIND IN M.P.H.
PRELIMINARY LOCAL CLIMATOLOGICAL DATA (WS FORM: F-6) , PAGE 2
STATION: OMAK WA AIRPORT
MONTH: MARCH
YEAR: 2021
LATITUDE: 48 27 N
LONGITUDE: 119 31 W
[TEMPERATURE DATA] [PRECIPITATION DATA] SYMBOLS USED IN COLUMN 16
AVERAGE MONTHLY: 43.4 TOTAL FOR MONTH: 0.13 1 = FOG OR MIST
DPTR FM NORMAL: 1.9 DPTR FM NORMAL: -1.06 2 = FOG REDUCING VISIBILITY
HIGHEST: 65 ON 27,18 GRTST 24HR 0.07 ON 18-18 TO 1/4 MILE OR LESS
LOWEST: 20 ON 30 3 = THUNDER
SNOW, ICE PELLETS, HAIL 4 = ICE PELLETS
TOTAL MONTH: M 5 = HAIL
GRTST 24HR M ON M 6 = FREEZING RAIN OR DRIZZLE
GRTST DEPTH: M ON M 7 = DUSTSTORM OR SANDSTORM:
VSBY 1/2 MILE OR LESS
8 = SMOKE OR HAZE
[NO. OF DAYS WITH] [WEATHER - DAYS WITH] 9 = BLOWING SNOW
X = TORNADO
MAX 32 OR BELOW: 0 0.01 INCH OR MORE: 4
MAX 90 OR ABOVE: 0 0.10 INCH OR MORE: 0
MIN 32 OR BELOW: 22 0.50 INCH OR MORE: 0
MIN 0 OR BELOW: 0 1.00 INCH OR MORE: 0
[HDD (BASE 65) ]
TOTAL THIS MO. 663 CLEAR (SCALE 0-3) 21
DPTR FM NORMAL -66 PTCLDY (SCALE 4-7) 10
TOTAL FM JUL 1 5034 CLOUDY (SCALE 8-10) 0
DPTR FM NORMAL -556
[CDD (BASE 65) ]
TOTAL THIS MO. 0
DPTR FM NORMAL 0 [PRESSURE DATA]
TOTAL FM JAN 1 0 HIGHEST SLP M ON M
DPTR FM NORMAL 0 LOWEST SLP 29.51 ON 28
[REMARKS]
#FINAL-03-21#