000
CXUS56 KSGX 011045
CF6ONT
PRELIMINARY LOCAL CLIMATOLOGICAL DATA (WS FORM: F-6)
STATION: ONTARIO INTL AIRPORT CA
MONTH: JULY
YEAR: 2022
LATITUDE: 34 2 N
LONGITUDE: 117 37 W
TEMPERATURE IN F: :PCPN: SNOW: WIND :SUNSHINE: SKY :PK WND
================================================================================
1 2 3 4 5 6A 6B 7 8 9 10 11 12 13 14 15 16 17 18
12Z AVG MX 2MIN
DY MAX MIN AVG DEP HDD CDD WTR SNW DPTH SPD SPD DIR MIN PSBL S-S WX SPD DR
================================================================================
1 92 65 79 2 0 14 0.00 M M 6.9 20 230 M M 1 8 23 270
2 90 63 77 -1 0 12 0.00 M M 7.0 17 250 M M 0 18 24 280
3 84 60 72 -6 0 7 0.00 M M 7.5 18 250 M M 1 24 240
4 85 59 72 -6 0 7 0.00 M M 6.3 18 260 M M 1 8 23 260
5 86 61 74 -4 0 9 0.00 M M 7.7 17 260 M M 0 18 25 210
6 87 62 75 -3 0 10 0.00 M M 7.1 17 270 M M 1 25 290
7 93 63 78 0 0 13 0.00 M M 6.9 18 240 M M 0 25 260
8 91 63 77 -2 0 12 0.00 M M 7.2 18 230 M M 2 24 240
9 95 62 79 0 0 14 0.00 M M 6.0 17 260 M M 1 24 260
10 96 64 80 1 0 15 0.00 M M 5.9 17 260 M M 0 22 230
11 93 64 79 0 0 14 0.00 M M 7.4 17 220 M M 1 24 230
12 89 60 75 -4 0 10 0.00 M M 8.4 16 260 M M 1 18 21 270
13 91 60 76 -3 0 11 0.00 M M 7.9 16 260 M M 2 18 22 240
14 89 63 76 -4 0 11 0.00 M M 8.0 18 270 M M 2 24 250
15 96 66 81 1 0 16 0.00 M M 7.7 18 270 M M 1 23 270
16 97 69 83 3 0 18 0.00 M M 6.5 18 270 M M 1 8 26 240
17 101 70 86 6 0 21 0.00 M M 7.0 20 240 M M 4 8 26 260
18 97 71 84 4 0 19 0.00 M M 9.0 17 220 M M 3 23 260
19 97 70 84 4 0 19 0.00 M M 7.8 18 240 M M 2 24 270
20 95 70 83 3 0 18 0.00 M M 7.6 17 220 M M 6 22 230
21 96 69 83 3 0 18 0.00 M M 7.0 16 270 M M 5 22 260
22 93 65 79 -1 0 14 0.00 M M 6.8 15 270 M M 5 8 19 260
23 94 64 79 -1 0 14 0.00 M M 6.9 18 270 M M 3 18 23 250
24 91 64 78 -2 0 13 0.00 M M 8.1 17 260 M M 3 18 23 270
25 93 63 78 -2 0 13 0.00 M M 8.4 16 250 M M 5 18 22 240
26 92 65 79 -1 0 14 0.00 M M 8.1 18 270 M M 3 8 23 280
27 94 64 79 -1 0 14 0.00 M M 7.4 17 270 M M 4 8 22 280
28 92 65 79 -1 0 14 0.00 M M 7.1 16 260 M M 6 8 20 270
29 96 66 81 1 0 16 0.00 M M 7.5 18 270 M M 3 24 270
30 94 68 81 1 0 16 0.00 M M 8.0 18 260 M M 6 24 270
31 95 70 83 3 0 18 0.03 M M 7.4 16 240 M M 7 22 260
================================================================================
SM 2874 2008 0 434 0.03 M 228.5 M 80
================================================================================
AV 92.7 64.8 7.4 FASTST M M 3 MAX(MPH)
MISC ----> # 20 230 # 26 240
================================================================================
NOTES:
# LAST OF SEVERAL OCCURRENCES
COLUMN 17 PEAK WIND IN M.P.H.
PRELIMINARY LOCAL CLIMATOLOGICAL DATA (WS FORM: F-6) , PAGE 2
STATION: ONTARIO INTL AIRPORT CA
MONTH: JULY
YEAR: 2022
LATITUDE: 34 2 N
LONGITUDE: 117 37 W
[TEMPERATURE DATA] [PRECIPITATION DATA] SYMBOLS USED IN COLUMN 16
AVERAGE MONTHLY: 78.7 TOTAL FOR MONTH: 0.03 1 = FOG OR MIST
DPTR FM NORMAL: -0.5 DPTR FM NORMAL: -0.02 2 = FOG REDUCING VISIBILITY
HIGHEST: 101 ON 17 GRTST 24HR 0.03 ON 31-31 TO 1/4 MILE OR LESS
LOWEST: 59 ON 4 3 = THUNDER
SNOW, ICE PELLETS, HAIL 4 = ICE PELLETS
TOTAL MONTH: M 5 = HAIL
GRTST 24HR M ON M 6 = FREEZING RAIN OR DRIZZLE
GRTST DEPTH: M ON M 7 = DUSTSTORM OR SANDSTORM:
VSBY 1/2 MILE OR LESS
8 = SMOKE OR HAZE
[NO. OF DAYS WITH] [WEATHER - DAYS WITH] 9 = BLOWING SNOW
X = TORNADO
MAX 32 OR BELOW: 0 0.01 INCH OR MORE: 1
MAX 90 OR ABOVE: 25 0.10 INCH OR MORE: 0
MIN 32 OR BELOW: 0 0.50 INCH OR MORE: 0
MIN 0 OR BELOW: 0 1.00 INCH OR MORE: 0
[HDD (BASE 65) ]
TOTAL THIS MO. 0 CLEAR (SCALE 0-3) 20
DPTR FM NORMAL 0 PTCLDY (SCALE 4-7) 11
TOTAL FM JUL 1 0 CLOUDY (SCALE 8-10) 0
DPTR FM NORMAL 0
[CDD (BASE 65) ]
TOTAL THIS MO. 434
DPTR FM NORMAL -8 [PRESSURE DATA]
TOTAL FM JAN 1 1068 HIGHEST SLP 30.06 ON 9
DPTR FM NORMAL 162 LOWEST SLP 29.73 ON 22
[REMARKS]
#FINAL-07-22#