000
CXUS56 KSGX 011045
CF6ONT
PRELIMINARY LOCAL CLIMATOLOGICAL DATA (WS FORM: F-6)
STATION: ONTARIO INTL AIRPORT CA
MONTH: SEPTEMBER
YEAR: 2023
LATITUDE: 34 2 N
LONGITUDE: 117 37 W
TEMPERATURE IN F: :PCPN: SNOW: WIND :SUNSHINE: SKY :PK WND
================================================================================
1 2 3 4 5 6A 6B 7 8 9 10 11 12 13 14 15 16 17 18
12Z AVG MX 2MIN
DY MAX MIN AVG DEP HDD CDD WTR SNW DPTH SPD SPD DIR MIN PSBL S-S WX SPD DR
================================================================================
1 90 66 78 -2 0 13 0.13 M M 6.8 20 270 M M 7 18 25 280
2 79 69 74 -6 0 9 0.05 M M 7.1 14 270 M M 9 1 17 270
3 81 64 73 -7 0 8 0.01 M M 8.8 17 240 M M 7 23 260
4 81 63 72 -8 0 7 0.00 M M 7.1 15 260 M M 4 19 270
5 79 63 71 -9 0 6 0.00 M M 7.0 16 260 M M 2 22 280
6 87 66 77 -3 0 12 0.00 M M 6.5 14 230 M M 5 18 18 250
7 92 63 78 -1 0 13 0.00 M M 4.8 15 260 M M 0 8 20 260
8 98 69 84 5 0 19 0.00 M M 4.7 17 220 M M 1 21 220
9 98 72 85 6 0 20 0.00 M M 4.6 15 240 M M 4 20 260
10 96 71 84 5 0 19 0.03 M M 5.8 15 260 M M 6 17 260
11 94 72 83 4 0 18 T M M 4.2 15 220 M M 6 18 240
12 89 65 77 -2 0 12 0.00 M M 6.9 17 240 M M 2 22 280
13 84 63 74 -4 0 9 0.00 M M 5.8 14 260 M M 4 18 18 280
14 83 62 73 -5 0 8 0.00 M M 6.6 14 230 M M 4 18 21 230
15 80 63 72 -6 0 7 0.00 M M 6.0 13 260 M M 5 18 17 260
16 74 65 70 -8 0 5 0.00 M M 5.0 12 220 M M 8 18 14 210
17 74 64 69 -9 0 4 T M M 6.0 12 270 M M 10 18 14 280
18 80 61 71 -6 0 6 0.00 M M 6.5 17 260 M M 5 21 260
19 81 59 70 -7 0 5 0.00 M M 4.9 15 260 M M 1 18 21 260
20 78 62 70 -7 0 5 0.02 M M 7.7 17 220 M M 8 1 22 240
21 76 60 68 -8 0 3 0.00 M M 7.1 14 240 M M 7 18 17 250
22 77 58 68 -8 0 3 T M M 4.6 13 240 M M 8 18 17 240
23 83 60 72 -4 0 7 0.00 M M 4.1 13 250 M M 2 18 16 270
24 87 58 73 -3 0 8 0.00 M M 4.7 14 260 M M 1 128 18 270
25 86 59 73 -2 0 8 0.00 M M 4.6 15 270 M M 1 18 20 250
26 88 60 74 -1 0 9 0.00 M M 3.7 13 240 M M 0 8 17 240
27 90 60 75 0 0 10 0.00 M M 5.1 16 270 M M 5 8 20 290
28 82 59 71 -3 0 6 0.00 M M 7.3 16 240 M M 1 18 25 230
29 75 62 69 -5 0 4 T M M 8.0 17 240 M M 7 18 26 220
30 69 59 64 -10 1 0 T M M 11.4 25 230 M M 9 3 31 240
================================================================================
SM 2511 1897 1 263 0.24 M 183.4 M 139
================================================================================
AV 83.7 63.2 6.1 FASTST M M 5 MAX(MPH)
MISC ----> 25 230 31 240
================================================================================
NOTES:
# LAST OF SEVERAL OCCURRENCES
COLUMN 17 PEAK WIND IN M.P.H.
PRELIMINARY LOCAL CLIMATOLOGICAL DATA (WS FORM: F-6) , PAGE 2
STATION: ONTARIO INTL AIRPORT CA
MONTH: SEPTEMBER
YEAR: 2023
LATITUDE: 34 2 N
LONGITUDE: 117 37 W
[TEMPERATURE DATA] [PRECIPITATION DATA] SYMBOLS USED IN COLUMN 16
AVERAGE MONTHLY: 73.5 TOTAL FOR MONTH: 0.24 1 = FOG OR MIST
DPTR FM NORMAL: -4.1 DPTR FM NORMAL: 0.14 2 = FOG REDUCING VISIBILITY
HIGHEST: 98 ON 9, 8 GRTST 24HR 0.18 ON 1- 2 TO 1/4 MILE OR LESS
LOWEST: 58 ON 24,22 3 = THUNDER
SNOW, ICE PELLETS, HAIL 4 = ICE PELLETS
TOTAL MONTH: M 5 = HAIL
GRTST 24HR M ON M 6 = FREEZING RAIN OR DRIZZLE
GRTST DEPTH: M ON M 7 = DUSTSTORM OR SANDSTORM:
VSBY 1/2 MILE OR LESS
8 = SMOKE OR HAZE
[NO. OF DAYS WITH] [WEATHER - DAYS WITH] 9 = BLOWING SNOW
X = TORNADO
MAX 32 OR BELOW: 0 0.01 INCH OR MORE: 5
MAX 90 OR ABOVE: 7 0.10 INCH OR MORE: 1
MIN 32 OR BELOW: 0 0.50 INCH OR MORE: 0
MIN 0 OR BELOW: 0 1.00 INCH OR MORE: 0
[HDD (BASE 65) ]
TOTAL THIS MO. 1 CLEAR (SCALE 0-3) 10
DPTR FM NORMAL 0 PTCLDY (SCALE 4-7) 17
TOTAL FM JUL 1 1 CLOUDY (SCALE 8-10) 3
DPTR FM NORMAL 1
[CDD (BASE 65) ]
TOTAL THIS MO. 263
DPTR FM NORMAL -115 [PRESSURE DATA]
TOTAL FM JAN 1 1451 HIGHEST SLP 30.06 ON 25
DPTR FM NORMAL -300 LOWEST SLP 29.77 ON 28
[REMARKS]
#FINAL-09-23#