000
CXUS52 KMLB 010635
CF6ORL
PRELIMINARY LOCAL CLIMATOLOGICAL DATA (WS FORM: F-6)
STATION: ORLANDO EXEC
MONTH: MARCH
YEAR: 2023
LATITUDE: 28 32 N
LONGITUDE: 81 20 W
TEMPERATURE IN F: :PCPN: SNOW: WIND :SUNSHINE: SKY :PK WND
================================================================================
1 2 3 4 5 6A 6B 7 8 9 10 11 12 13 14 15 16 17 18
12Z AVG MX 2MIN
DY MAX MIN AVG DEP HDD CDD WTR SNW DPTH SPD SPD DIR MIN PSBL S-S WX SPD DR
================================================================================
1 87 67 77 11 0 12 0.00 0.0 0 6.8 14 240 M M 2 1 17 290
2 87 62 75 9 0 10 0.00 0.0 0 6.3 18 250 M M 0 23 260
3 90 66 78 11 0 13 0.00 0.0 0 13.4 25 210 M M 1 33 180
4 91 72 82 15 0 17 0.00 0.0 0 11.3 22 230 M M 3 29 270
5 91 71 81 14 0 16 0.37 0.0 0 6.9 17 70 M M 6 1 19 60
6 89 71 80 13 0 15 T 0.0 0 4.1 16 70 M M 6 1 18 70
7 88 67 78 11 0 13 0.00 0.0 0 9.4 18 300 M M 0 24 270
8 84 65 75 8 0 10 0.00 0.0 0 11.1 20 70 M M 3 18 25 70
9 81 60 71 4 0 6 0.00 0.0 0 7.0 15 110 M M 1 19 100
10 85 62 74 6 0 9 T 0.0 0 9.7 20 230 M M 3 25 250
11 83 63 73 5 0 8 0.00 0.0 0 7.9 15 350 M M 2 21 350
12 87 57 72 4 0 7 0.00 0.0 0 7.8 23 250 M M 1 27 250
13 81 66 74 6 0 9 0.32 0.0 0 9.0 24 350 M M 6 138 32 360
14 75 57 66 -2 0 1 0.00 0.0 0 8.8 15 300 M M 0 19 20
15 71 52 62 -6 3 0 0.00 0.0 0 9.8 20 20 M M 1 24 20
16 77 51 64 -4 1 0 0.00 0.0 0 7.0 15 110 M M 0 20 100
17 83 55 69 1 0 4 0.00 0.0 0 8.2 21 180 M M 3 30 170
18 86 58 72 3 0 7 T 0.0 0 13.1 21 210 M M 5 26 220
19 67 51 59 -10 6 0 T 0.0 0 8.9 17 340 M M 9 23 360
20 69 50 60 -9 5 0 T 0.0 0 9.1 16 30 M M 2 21 20
21 81 50 66 -3 0 1 0.00 0.0 0 8.2 21 80 M M 1 26 60
22 82 57 70 1 0 5 0.00 0.0 0 6.6 18 120 M M 2 1 23 120
23 87 59 73 4 0 8 0.00 0.0 0 7.0 17 100 M M 0 20 80
24 88 61 75 6 0 10 0.00 0.0 0 6.1 16 190 M M 1 20 130
25 92 69 81 11 0 16 0.01 0.0 0 8.3 17 220 M M 6 1 22 250
26 92 72 82 12 0 17 0.00 0.0 0 7.9 17 200 M M 3 20 200
27 92 73 83 13 0 18 0.00 0.0 0 7.7 15 190 M M 3 23 240
28 91 71 81 11 0 16 0.00 0.0 0 6.8 21 290 M M 1 28 280
29 81 65 73 3 0 8 0.00 0.0 0 10.1 17 20 M M 3 22 30
30 83 63 73 3 0 8 0.00 0.0 0 7.9 18 80 M M 1 28 60
31 86 61 74 4 0 9 0.00 0.0 0 10.4 21 120 M M 1 27 130
================================================================================
SM 2607 1924 15 273 0.70 0.0 262.6 M 76
================================================================================
AV 84.1 62.1 8.5 FASTST M M 2 MAX(MPH)
MISC ----> 25 210 33 180
================================================================================
NOTES:
# LAST OF SEVERAL OCCURRENCES
COLUMN 17 PEAK WIND IN M.P.H.
PRELIMINARY LOCAL CLIMATOLOGICAL DATA (WS FORM: F-6) , PAGE 2
STATION: ORLANDO EXEC
MONTH: MARCH
YEAR: 2023
LATITUDE: 28 32 N
LONGITUDE: 81 20 W
[TEMPERATURE DATA] [PRECIPITATION DATA] SYMBOLS USED IN COLUMN 16
AVERAGE MONTHLY: 73.1 TOTAL FOR MONTH: 0.70 1 = FOG OR MIST
DPTR FM NORMAL: 4.8 DPTR FM NORMAL: -2.04 2 = FOG REDUCING VISIBILITY
HIGHEST: 92 ON 27,26 GRTST 24HR 0.37 ON 5- 5 TO 1/4 MILE OR LESS
LOWEST: 50 ON 21,20 3 = THUNDER
SNOW, ICE PELLETS, HAIL 4 = ICE PELLETS
TOTAL MONTH: 0.0 INCH 5 = HAIL
GRTST 24HR 0.0 6 = FREEZING RAIN OR DRIZZLE
GRTST DEPTH: 0 7 = DUSTSTORM OR SANDSTORM:
VSBY 1/2 MILE OR LESS
8 = SMOKE OR HAZE
[NO. OF DAYS WITH] [WEATHER - DAYS WITH] 9 = BLOWING SNOW
X = TORNADO
MAX 32 OR BELOW: 0 0.01 INCH OR MORE: 3
MAX 90 OR ABOVE: 7 0.10 INCH OR MORE: 2
MIN 32 OR BELOW: 0 0.50 INCH OR MORE: 0
MIN 0 OR BELOW: 0 1.00 INCH OR MORE: 0
[HDD (BASE 65) ]
TOTAL THIS MO. 15 CLEAR (SCALE 0-3) 25
DPTR FM NORMAL -27 PTCLDY (SCALE 4-7) 5
TOTAL FM JUL 1 272 CLOUDY (SCALE 8-10) 1
DPTR FM NORMAL -190
[CDD (BASE 65) ]
TOTAL THIS MO. 273
DPTR FM NORMAL 128 [PRESSURE DATA]
TOTAL FM JAN 1 543 HIGHEST SLP M ON M
DPTR FM NORMAL 267 LOWEST SLP 29.80 ON 3
[REMARKS]
#FINAL-03-23#