000
CXUS52 KMLB 012054 RRB
CF6ORL
PRELIMINARY LOCAL CLIMATOLOGICAL DATA (WS FORM: F-6)
STATION: ORLANDO EXEC
MONTH: JANUARY
YEAR: 2024
LATITUDE: 28 32 N
LONGITUDE: 81 20 W
TEMPERATURE IN F: :PCPN: SNOW: WIND :SUNSHINE: SKY :PK WND
================================================================================
1 2 3 4 5 6A 6B 7 8 9 10 11 12 13 14 15 16 17 18
12Z AVG MX 2MIN
DY MAX MIN AVG DEP HDD CDD WTR SNW DPTH SPD SPD DIR MIN PSBL S-S WX SPD DR
================================================================================
1 70 45 58 -4 7 0 0.00 0.0 0 4.1 16 250 M M 2 128 23 280
2 63 50 57 -5 8 0 0.00 0.0 0 6.9 12 20 M M 0 18 260
3 70 48 59 -3 6 0 T 0.0 0 4.4 15 200 M M 3 19 200
4 64 52 58 -4 7 0 0.02 0.0 0 8.1 16 350 M M 5 1 21 10
5 74 49 62 1 3 0 0.00 0.0 0 9.9 20 80 M M 3 26 100
6 79 65 72 11 0 7 0.37 0.0 0 12.8 22 170 M M 5 1 36 170
7 70 52 61 0 4 0 0.04 0.0 0 8.5 21 290 M M 3 1 29 270
8 68 50 59 -2 6 0 0.00 0.0 0 9.7 21 130 M M 1 30 150
9 77 58 68 7 0 3 0.44 0.0 0 14.4 32 280 M M 8 13 44 280
10 63 48 56 -5 9 0 0.00 0.0 0 7.9 18 260 M M 1 26 290
11 65 45 55 -6 10 0 0.01 0.0 0 4.5 12 50 M M 4 17 60
12 79 57 68 7 0 3 0.07 0.0 0 10.2 21 200 M M 8 1 28 200
13 75 53 64 3 1 0 0.02 0.0 0 11.6 22 210 M M 5 1 32 210
14 58 51 55 -6 10 0 0.01 0.0 0 5.9 14 350 M M 2 18 350
15 75 53 64 3 1 0 0.06 0.0 0 4.2 13 160 M M 9 12 17 120
16 76 62 69 8 0 4 0.08 0.0 0 11.1 21 210 M M 9 12 28 210
17 62 43 53 -8 12 0 0.00 0.0 0 8.8 15 330 M M 3 23 330
18 73 47 60 -1 5 0 0.15 0.0 0 6.9 18 290 M M 8 18 23 290
19 77 55 66 5 0 1 0.03 0.0 0 5.7 20 310 M M 5 1 26 310
20 59 44 52 -9 13 0 0.00 0.0 0 9.2 16 350 M M 0 22 340
21 60 37 49 -12 16 0 0.00 0.0 0 10.8 20 20 M M 0 28 20
22 70 45 58 -4 7 0 T 0.0 0 6.9 23 90 M M 6 30 90
23 76 60 68 6 0 3 T 0.0 0 10.9 20 100 M M 6 1 26 100
24 80 62 71 9 0 6 0.00 0.0 0 10.2 18 110 M M 4 27 150
25 83 62 73 11 0 8 0.00 0.0 0 7.4 18 160 M M 3 12 23 150
26 79 64 72 10 0 7 0.00 0.0 0 3.9 15 170 M M 3 1 22 150
27 83 62 73 11 0 8 0.00 0.0 0 8.0 18 180 M M 3 1 24 200
28 71 54 63 1 2 0 0.08 0.0 0 12.4 24 290 M M 4 1 32 290
29 61 48 55 -7 10 0 0.00 0.0 0 9.4 18 310 M M 1 27 320
30 69 45 57 -5 8 0 0.00 0.0 0 4.9 14 290 M M 0 18 230
31 72 49 61 -1 4 0 0.00 0.0 0 10.5 24 290 M M 0 34 280
================================================================================
SM 2201 1615 149 50 1.38 0.0 260.1 M 114
================================================================================
AV 71.0 52.1 8.4 FASTST M M 4 MAX(MPH)
MISC ----> 32 280 44 280
================================================================================
NOTES:
# LAST OF SEVERAL OCCURRENCES
COLUMN 17 PEAK WIND IN M.P.H.
PRELIMINARY LOCAL CLIMATOLOGICAL DATA (WS FORM: F-6) , PAGE 2
STATION: ORLANDO EXEC
MONTH: JANUARY
YEAR: 2024
LATITUDE: 28 32 N
LONGITUDE: 81 20 W
[TEMPERATURE DATA] [PRECIPITATION DATA] SYMBOLS USED IN COLUMN 16
AVERAGE MONTHLY: 61.5 TOTAL FOR MONTH: 1.38 1 = FOG OR MIST
DPTR FM NORMAL: 0.0 DPTR FM NORMAL: -1.23 2 = FOG REDUCING VISIBILITY
HIGHEST: 83 ON 27,25 GRTST 24HR 0.44 ON 9-9 TO 1/4 MILE OR LESS
LOWEST: 37 ON 21 3 = THUNDER
SNOW, ICE PELLETS, HAIL 4 = ICE PELLETS
TOTAL MONTH: 0.0 INCH 5 = HAIL
GRTST 24HR 0.0 6 = FREEZING RAIN OR DRIZZLE
GRTST DEPTH: 0 7 = DUSTSTORM OR SANDSTORM:
VSBY 1/2 MILE OR LESS
8 = SMOKE OR HAZE
[NO. OF DAYS WITH] [WEATHER - DAYS WITH] 9 = BLOWING SNOW
X = TORNADO
MAX 32 OR BELOW: 0 0.01 INCH OR MORE: 13
MAX 90 OR ABOVE: 0 0.10 INCH OR MORE: 3
MIN 32 OR BELOW: 0 0.50 INCH OR MORE: 0
MIN 0 OR BELOW: 0 1.00 INCH OR MORE: 0
[HDD (BASE 65) ]
TOTAL THIS MO. 149 CLEAR (SCALE 0-3) 17
DPTR FM NORMAL -15 PTCLDY (SCALE 4-7) 12
TOTAL FM JUL 1 265 CLOUDY (SCALE 8-10) 2
DPTR FM NORMAL -64
[CDD (BASE 65) ]
TOTAL THIS MO. 50
DPTR FM NORMAL -6 [PRESSURE DATA]
TOTAL FM JAN 1 50 HIGHEST SLP 30.51 ON 21
DPTR FM NORMAL -6 LOWEST SLP 29.68 ON 9
[REMARKS]
#FINAL-01-24#