000
CXUS56 KMFR 010951
CF6OTH
PRELIMINARY LOCAL CLIMATOLOGICAL DATA (WS FORM: F-6)
STATION: NORTH BEND OR
MONTH: SEPTEMBER
YEAR: 2022
LATITUDE: 43 25 N
LONGITUDE: 124 15 W
TEMPERATURE IN F: :PCPN: SNOW: WIND :SUNSHINE: SKY :PK WND
================================================================================
1 2 3 4 5 6A 6B 7 8 9 10 11 12 13 14 15 16 17 18
12Z AVG MX 2MIN
DY MAX MIN AVG DEP HDD CDD WTR SNW DPTH SPD SPD DIR MIN PSBL S-S WX SPD DR
================================================================================
1 66 54 60 0 5 0 0.00 M M 9.2 21 360 M M 6 1 25 350
2 63 58 61 1 4 0 T M M 6.0 13 10 M M 10 1 14 20
3 73 56 65 5 0 0 T M M 5.1 15 310 M M 4 1 20 310
4 75 52 64 4 1 0 T M M 7.4 17 330 M M 4 12 21 330
5 72 53 63 3 2 0 0.00 M M 13.2 29 360 M M 3 36 360
6 72 49 61 1 4 0 0.00 M M 10.0 25 350 M M 0 30 350
7 66 52 59 -1 6 0 T M M 14.9 31 10 M M 0 18 38 360
8 64 47 56 -4 9 0 0.00 M M 13.6 31 350 M M 0 18 37 360
9 95 46 71 11 0 6 0.00 M M 5.4 14 260 M M 2 18 16 60
10 72 53 63 3 2 0 0.00 M M 6.2 18 230 M M 0 23 210
11 67 57 62 2 3 0 T M M 3.9 12 260 M M 7 13 260
12 70 56 63 3 2 0 T M M 4.6 13 270 M M 6 14 280
13 67 54 61 2 4 0 T M M 4.6 12 280 M M 10 12 14 260
14 62 53 58 -1 7 0 0.01 M M 4.7 13 340 M M 9 12 15 330
15 67 56 62 3 3 0 0.00 M M 6.1 17 350 M M 5 12 22 350
16 66 51 59 0 6 0 0.00 M M 8.1 20 360 M M 4 1 25 360
17 59 48 54 -5 11 0 0.03 M M 4.5 14 260 M M 4 15 260
18 67 50 59 0 6 0 0.01 M M 4.4 12 10 M M 6 1 14 350
19 69 52 61 2 4 0 0.01 M M 4.3 10 280 M M 3 1 12 280
20 63 54 59 0 6 0 0.06 M M 3.3 10 240 M M 7 1 13 250
21 66 55 61 3 4 0 0.12 M M 5.0 10 250 M M 8 1 12 250
22 69 53 61 3 4 0 0.00 M M 6.3 13 270 M M 5 12 14 280
23 67 52 60 2 5 0 0.00 M M 8.4 24 360 M M 4 12 30 360
24 70 46 58 0 7 0 0.00 M M 9.3 25 360 M M 2 12 30 350
25 67 50 59 1 6 0 0.00 M M 5.0 17 360 M M 7 12 22 360
26 61 56 59 1 6 0 0.00 M M 6.1 14 350 M M 10 1 16 350
27 65 53 59 1 6 0 0.01 M M 5.9 13 240 M M 8 1 M M
28 72 53 63 5 2 0 0.12 M M 10.5 22 230 M M 8 1 32 200
29 67 56 62 5 3 0 0.11 M M 8.0 13 210 M M 9 128 M M
30 66 52 59 2 6 0 0.00 M M 11.7 24 350 M M 4 128 30 350
================================================================================
SM 2045 1577 134 6 0.48 M 215.7 M 155
================================================================================
AV 68.2 52.6 7.2 FASTST M M 5 MAX(MPH)
MISC ----> # 31 10 38 360
================================================================================
NOTES:
# LAST OF SEVERAL OCCURRENCES
COLUMN 17 PEAK WIND IN M.P.H.
PRELIMINARY LOCAL CLIMATOLOGICAL DATA (WS FORM: F-6) , PAGE 2
STATION: NORTH BEND OR
MONTH: SEPTEMBER
YEAR: 2022
LATITUDE: 43 25 N
LONGITUDE: 124 15 W
[TEMPERATURE DATA] [PRECIPITATION DATA] SYMBOLS USED IN COLUMN 16
AVERAGE MONTHLY: 60.4 TOTAL FOR MONTH: 0.48 1 = FOG OR MIST
DPTR FM NORMAL: 1.4 DPTR FM NORMAL: -1.07 2 = FOG REDUCING VISIBILITY
HIGHEST: 95 ON 9 GRTST 24HR 0.14 ON 28-29 TO 1/4 MILE OR LESS
LOWEST: 46 ON 24, 9 3 = THUNDER
SNOW, ICE PELLETS, HAIL 4 = ICE PELLETS
TOTAL MONTH: M 5 = HAIL
GRTST 24HR M ON M 6 = FREEZING RAIN OR DRIZZLE
GRTST DEPTH: M ON M 7 = DUSTSTORM OR SANDSTORM:
VSBY 1/2 MILE OR LESS
8 = SMOKE OR HAZE
[NO. OF DAYS WITH] [WEATHER - DAYS WITH] 9 = BLOWING SNOW
X = TORNADO
MAX 32 OR BELOW: 0 0.01 INCH OR MORE: 9
MAX 90 OR ABOVE: 1 0.10 INCH OR MORE: 3
MIN 32 OR BELOW: 0 0.50 INCH OR MORE: 0
MIN 0 OR BELOW: 0 1.00 INCH OR MORE: 0
[HDD (BASE 65) ]
TOTAL THIS MO. 134 CLEAR (SCALE 0-3) 8
DPTR FM NORMAL -49 PTCLDY (SCALE 4-7) 15
TOTAL FM JUL 1 349 CLOUDY (SCALE 8-10) 7
DPTR FM NORMAL -138
[CDD (BASE 65) ]
TOTAL THIS MO. 6
DPTR FM NORMAL 3 [PRESSURE DATA]
TOTAL FM JAN 1 9 HIGHEST SLP 30.24 ON 29
DPTR FM NORMAL 3 LOWEST SLP 30.11 ON 29
[REMARKS]
#FINAL-09-22#