012
CXUS53 KDMX 051654
CF6OTM
PRELIMINARY LOCAL CLIMATOLOGICAL DATA (WS FORM: F-6)
STATION: OTTUMWA IA
MONTH: FEBRUARY
YEAR: 2021
LATITUDE: 41 6 N
LONGITUDE: 92 27 W
TEMPERATURE IN F: :PCPN: SNOW: WIND :SUNSHINE: SKY :PK WND
================================================================================
1 2 3 4 5 6A 6B 7 8 9 10 11 12 13 14 15 16 17 18
12Z AVG MX 2MIN
DY MAX MIN AVG DEP HDD CDD WTR SNW DPTH SPD SPD DIR MIN PSBL S-S WX SPD DR
================================================================================
1 29 13 21 -2 44 0 0.00 0.0 5 12.4 22 320 M M 8 1 28 320
2 28 18 23 -1 42 0 0.00 0.0 4 4.5 12 120 M M 10 128 14 110
3 39 21 30 6 35 0 0.00 0.0 4 12.4 24 170 M M 6 18 34 170
4 39 14 27 3 38 0 0.29 2.7 3 18.2 33 310 M M 6 129 49 310
5 20 6 13 -11 52 0 0.00 0.0 4 12.3 23 290 M M 2 30 300
6 8 -8 0 -24 65 0 0.19 2.7 4 8.8 20 340 M M 5 129 24 340
7 0 -11 -5 -29 70 0 0.07 1.5 7 7.5 13 360 M M 7 1 16 350
8 4 -6 -1 -26 66 0 0.06 1.0 9 7.7 14 360 M M 10 18 18 360
9 4 -13 -4 -29 69 0 0.00 0.0 9 6.2 13 350 M M 3 13 30
10 11 3 7 -18 58 0 0.00 0.0 8 9.0 15 10 M M 9 20 360
11 6 -3 2 -24 63 0 T T 8 11.5 18 330 M M 6 18 23 330
12 1 -6 -2 -28 67 0 0.05 1.1 8 17.6 24 340 M M 7 18 28 350
13 1 -7 -3 -29 68 0 0.05 1.0 9 15.0 22 340 M M 7 89 27 330
14 -4 -7 -5 -31 70 0 T 0.1 9 16.2 21 340 M M 9 8 24 340
15 -3 -10 -6 -33 71 0 0.07 1.3 9 13.4 17 350 M M 7 1 21 360
16 5 -13 -4 -31 69 0 T T 10 6.8 15 330 M M 2 18 18 330
17 15 -10 3 -25 62 0 T 0.1 10 6.1 12 100 M M 6 18 15 100
18 21 -5 8 -20 57 0 0.00 0.0 10 3.6 9 330 M M 4 18 11 290
19 27 0 14 -14 51 0 0.00 0.0 10 7.2 15 250 M M 8 1 18 260
20 34 8 21 -8 44 0 0.00 0.0 9 8.2 16 160 M M 3 18 22 160
21 35 18 27 -2 38 0 0.08 0.2 9 12.8 24 290 M M 7 16 34 290
22 42 25 34 4 31 0 0.00 0.0 9 14.3 23 240 M M 4 1 33 230
23 47 31 39 9 26 0 0.00 0.0 7 10.4 18 290 M M 0 25 290
24 42 26 34 4 31 0 0.00 0.0 4 13.0 23 310 M M 2 30 300
25 44 21 33 2 32 0 0.00 0.0 3 5.1 9 280 M M 0 1 12 290
26 44 21 33 2 32 0 T 0.0 2 9.7 18 140 M M 5 25 160
27 53 32 43 11 22 0 0.00 0.0 1 9.5 15 100 M M 1 21 120
28 44 28 36 4 29 0 0.00 0.0 T 14.0 26 310 M M 4 1 36 310
================================================================================
SM 636 186 1402 0 0.86 11.7 293.4 M 148
================================================================================
AV 22.7 6.6 10.5 FASTST M M 5 MAX(MPH)
MISC ----> 33 310 49 310
================================================================================
NOTES:
# LAST OF SEVERAL OCCURRENCES
COLUMN 17 PEAK WIND IN M.P.H.
PRELIMINARY LOCAL CLIMATOLOGICAL DATA (WS FORM: F-6) , PAGE 2
STATION: OTTUMWA IA
MONTH: FEBRUARY
YEAR: 2021
LATITUDE: 41 6 N
LONGITUDE: 92 27 W
[TEMPERATURE DATA] [PRECIPITATION DATA] SYMBOLS USED IN COLUMN 16
AVERAGE MONTHLY: 14.7 TOTAL FOR MONTH: 0.86 1 = FOG OR MIST
DPTR FM NORMAL: -12.4 DPTR FM NORMAL: -0.42 2 = FOG REDUCING VISIBILITY
HIGHEST: 53 ON 27 GRTST 24HR 0.29 ON 4- 4 TO 1/4 MILE OR LESS
LOWEST: -13 ON 16, 9 3 = THUNDER
SNOW, ICE PELLETS, HAIL 4 = ICE PELLETS
TOTAL MONTH: 13.9 INCHES 5 = HAIL
GRTST 24HR 2.7 ON 4- 4 6 = FREEZING RAIN OR DRIZZLE
GRTST DEPTH: 10 ON 19,18 7 = DUSTSTORM OR SANDSTORM:
VSBY 1/2 MILE OR LESS
8 = SMOKE OR HAZE
[NO. OF DAYS WITH] [WEATHER - DAYS WITH] 9 = BLOWING SNOW
X = TORNADO
MAX 32 OR BELOW: 17 0.01 INCH OR MORE: 8
MAX 90 OR ABOVE: 0 0.10 INCH OR MORE: 2
MIN 32 OR BELOW: 28 0.50 INCH OR MORE: 0
MIN 0 OR BELOW: 13 1.00 INCH OR MORE: 0
[HDD (BASE 65) ]
TOTAL THIS MO. 1402 CLEAR (SCALE 0-3) 7
DPTR FM NORMAL 339 PTCLDY (SCALE 4-7) 16
TOTAL FM JUL 1 4965 CLOUDY (SCALE 8-10) 5
DPTR FM NORMAL 82
[CDD (BASE 65) ]
TOTAL THIS MO. 0
DPTR FM NORMAL 0 [PRESSURE DATA]
TOTAL FM JAN 1 0 HIGHEST SLP 30.73 ON 14
DPTR FM NORMAL 0 LOWEST SLP 29.50 ON 4
[REMARKS]
#FINAL-02-21#