000
CXAK56 PAFG 010950
CF6OTZ
PRELIMINARY LOCAL CLIMATOLOGICAL DATA (WS FORM: F-6)
STATION: KOTZEBUE AK
MONTH: OCTOBER
YEAR: 2022
LATITUDE: 66 52 N
LONGITUDE: 162 38 W
TEMPERATURE IN F: :PCPN: SNOW: WIND :SUNSHINE: SKY :PK WND
================================================================================
1 2 3 4 5 6A 6B 7 8 9 10 11 12 13 14 15 16 17 18
12Z AVG MX 2MIN
DY MAX MIN AVG DEP HDD CDD WTR SNW DPTH SPD SPD DIR MIN PSBL S-S WX SPD DR
================================================================================
1 37 26 32 -5 33 0 0.00 M M 6.5 9 60 M M 0 12 60
2 38 27 33 -3 32 0 0.00 M M 10.7 18 110 M M 0 22 100
3 39 31 35 -1 30 0 0.00 M M 18.9 28 100 M M 3 32 100
4 38 35 37 2 28 0 0.13 M M 14.4 22 110 M M 10 1 26 110
5 42 29 36 2 29 0 T M M 13.0 32 140 M M 3 37 140
6 42 39 41 7 24 0 0.15 M M 24.0 36 160 M M 6 1 45 160
7 40 32 36 3 29 0 0.17 M M 18.6 39 210 M M 7 1 49 210
8 36 27 32 -1 33 0 T M M 8.4 14 110 M M 4 12 17 250
9 34 27 31 -1 34 0 0.03 M M 9.2 22 290 M M 8 1 25 290
10 32 28 30 -2 35 0 0.13 M M 8.7 18 290 M M 10 18 21 250
11 31 27 29 -2 36 0 0.26 M M 15.9 28 270 M M 7 12 31 230
12 30 25 28 -2 37 0 0.04 M M 6.4 18 270 M M 10 1 21 270
13 30 23 27 -3 38 0 0.03 M M 6.3 22 280 M M 9 1 24 280
14 28 19 24 -5 41 0 T M M 11.3 18 110 M M 9 1 21 110
15 22 18 20 -9 45 0 0.00 M M 9.9 18 20 M M 0 22 20
16 31 17 24 -4 41 0 0.03 M M 13.5 21 80 M M 9 1 24 90
17 32 30 31 3 34 0 0.10 M M 10.6 16 80 M M 10 1 19 80
18 33 26 30 3 35 0 0.01 M M 5.9 10 270 M M 10 1 13 210
19 31 26 29 3 36 0 0.00 M M 17.3 30 100 M M 4 12 34 100
20 34 28 31 5 34 0 0.04 M M 17.5 30 100 M M 8 1 34 100
21 33 31 32 7 33 0 T M M 12.5 21 130 M M 10 1 23 140
22 31 28 30 5 35 0 0.05 M M 13.6 24 140 M M 9 12 31 140
23 34 28 31 7 34 0 0.09 M M 17.4 26 130 M M 9 1 31 150
24 31 28 30 7 35 0 0.13 M M 13.1 22 130 M M 10 1 26 140
25 28 18 23 0 42 0 T M M 16.1 24 80 M M 7 1 30 90
26 18 7 13 -9 52 0 0.00 M M 6.4 12 20 M M 0 13 70
27 18 7 13 -9 52 0 T M M 11.3 18 110 M M 7 1 21 110
28 16 12 14 -7 51 0 0.02 M M 22.7 30 110 M M 10 19 33 110
29 16 5 11 -9 54 0 0.00 M M 7.6 18 100 M M 6 22 100
30 13 5 9 -11 56 0 0.00 M M 7.8 15 100 M M 5 1 18 100
31 17 5 11 -8 54 0 0.01 M M 9.7 17 130 M M 10 1 20 110
================================================================================
SM 935 714 1182 0 1.42 M 385.2 M 210
================================================================================
AV 30.2 23.0 12.4 FASTST M M 7 MAX(MPH)
MISC ----> 39 210 49 210
================================================================================
NOTES:
# LAST OF SEVERAL OCCURRENCES
COLUMN 17 PEAK WIND IN M.P.H.
PRELIMINARY LOCAL CLIMATOLOGICAL DATA (WS FORM: F-6) , PAGE 2
STATION: KOTZEBUE AK
MONTH: OCTOBER
YEAR: 2022
LATITUDE: 66 52 N
LONGITUDE: 162 38 W
[TEMPERATURE DATA] [PRECIPITATION DATA] SYMBOLS USED IN COLUMN 16
AVERAGE MONTHLY: 26.6 TOTAL FOR MONTH: 1.42 1 = FOG OR MIST
DPTR FM NORMAL: -1.5 DPTR FM NORMAL: 0.35 2 = FOG REDUCING VISIBILITY
HIGHEST: 42 ON 6, 5 GRTST 24HR 0.34 ON 10-11 TO 1/4 MILE OR LESS
LOWEST: 5 ON 31,30 3 = THUNDER
SNOW, ICE PELLETS, HAIL 4 = ICE PELLETS
TOTAL MONTH: M 5 = HAIL
GRTST 24HR M ON M 6 = FREEZING RAIN OR DRIZZLE
GRTST DEPTH: M ON M 7 = DUSTSTORM OR SANDSTORM:
VSBY 1/2 MILE OR LESS
8 = SMOKE OR HAZE
[NO. OF DAYS WITH] [WEATHER - DAYS WITH] 9 = BLOWING SNOW
X = TORNADO
MAX 32 OR BELOW: 18 0.01 INCH OR MORE: 17
MAX 90 OR ABOVE: 0 0.10 INCH OR MORE: 7
MIN 32 OR BELOW: 29 0.50 INCH OR MORE: 0
MIN 0 OR BELOW: 0 1.00 INCH OR MORE: 0
[HDD (BASE 65) ]
TOTAL THIS MO. 1182 CLEAR (SCALE 0-3) 5
DPTR FM NORMAL 38 PTCLDY (SCALE 4-7) 12
TOTAL FM JUL 1 2659 CLOUDY (SCALE 8-10) 14
DPTR FM NORMAL 267
[CDD (BASE 65) ]
TOTAL THIS MO. 0
DPTR FM NORMAL 0 [PRESSURE DATA]
TOTAL FM JAN 1 0 HIGHEST SLP M ON M
DPTR FM NORMAL -9 LOWEST SLP 29.24 ON 26
[REMARKS]
#FINAL-10-22#